{"id":96634,"date":"2024-08-29T19:02:57","date_gmt":"2024-08-29T19:02:57","guid":{"rendered":"https:\/\/mateuszmrozowski.pl\/sklep\/?post_type=product&#038;p=96634"},"modified":"2026-03-23T13:27:11","modified_gmt":"2026-03-23T13:27:11","slug":"przywodca-od-powolania-do-pragnienia","status":"publish","type":"product","link":"https:\/\/mateuszmrozowski.pl\/sklep\/produkt\/przywodca-od-powolania-do-pragnienia\/","title":{"rendered":"Przyw\u00f3dca &#8211; Od powo\u0142ania do pragnienia."},"content":{"rendered":"\n\n<div class=\"kk-star-ratings kksr-auto kksr-align-left kksr-valign-top kksr-disabled\"\n    data-payload='{&quot;align&quot;:&quot;left&quot;,&quot;id&quot;:&quot;96634&quot;,&quot;readonly&quot;:&quot;1&quot;,&quot;slug&quot;:&quot;default&quot;,&quot;valign&quot;:&quot;top&quot;,&quot;ignore&quot;:&quot;&quot;,&quot;reference&quot;:&quot;auto&quot;,&quot;class&quot;:&quot;&quot;,&quot;count&quot;:&quot;58&quot;,&quot;legendonly&quot;:&quot;&quot;,&quot;score&quot;:&quot;4.5&quot;,&quot;starsonly&quot;:&quot;&quot;,&quot;best&quot;:&quot;5&quot;,&quot;gap&quot;:&quot;5&quot;,&quot;greet&quot;:&quot;Wystaw ocen\u0119&quot;,&quot;legend&quot;:&quot;4.5\\\/5 - (58 ocen)&quot;,&quot;size&quot;:&quot;16&quot;,&quot;title&quot;:&quot;Przyw\u00f3dca - Od powo\u0142ania do pragnienia.&quot;,&quot;width&quot;:&quot;92&quot;,&quot;_legend&quot;:&quot;{score}\\\/{best} - ({count} ocen)&quot;,&quot;font_factor&quot;:&quot;1.25&quot;}'>\n            \n<div class=\"kksr-stars\">\n    \n<div class=\"kksr-stars-inactive\">\n            <div class=\"kksr-star\" data-star=\"1\" style=\"padding-right: 5px\">\n            \n\n<div class=\"kksr-icon\" style=\"width: 16px; height: 16px;\"><\/div>\n        <\/div>\n            <div class=\"kksr-star\" data-star=\"2\" style=\"padding-right: 5px\">\n            \n\n<div class=\"kksr-icon\" style=\"width: 16px; height: 16px;\"><\/div>\n        <\/div>\n            <div class=\"kksr-star\" data-star=\"3\" style=\"padding-right: 5px\">\n            \n\n<div class=\"kksr-icon\" style=\"width: 16px; height: 16px;\"><\/div>\n        <\/div>\n            <div class=\"kksr-star\" data-star=\"4\" style=\"padding-right: 5px\">\n            \n\n<div class=\"kksr-icon\" style=\"width: 16px; height: 16px;\"><\/div>\n        <\/div>\n            <div class=\"kksr-star\" data-star=\"5\" style=\"padding-right: 5px\">\n            \n\n<div class=\"kksr-icon\" style=\"width: 16px; height: 16px;\"><\/div>\n        <\/div>\n    <\/div>\n    \n<div class=\"kksr-stars-active\" style=\"width: 92px;\">\n            <div class=\"kksr-star\" style=\"padding-right: 5px\">\n            \n\n<div class=\"kksr-icon\" style=\"width: 16px; height: 16px;\"><\/div>\n        <\/div>\n            <div class=\"kksr-star\" style=\"padding-right: 5px\">\n            \n\n<div class=\"kksr-icon\" style=\"width: 16px; height: 16px;\"><\/div>\n        <\/div>\n            <div class=\"kksr-star\" style=\"padding-right: 5px\">\n            \n\n<div class=\"kksr-icon\" style=\"width: 16px; height: 16px;\"><\/div>\n        <\/div>\n            <div class=\"kksr-star\" style=\"padding-right: 5px\">\n            \n\n<div class=\"kksr-icon\" style=\"width: 16px; height: 16px;\"><\/div>\n        <\/div>\n            <div class=\"kksr-star\" style=\"padding-right: 5px\">\n            \n\n<div class=\"kksr-icon\" style=\"width: 16px; height: 16px;\"><\/div>\n        <\/div>\n    <\/div>\n<\/div>\n                \n\n<div class=\"kksr-legend\" style=\"font-size: 12.8px;\">\n            4.5\/5 - (58 ocen)    <\/div>\n    <\/div>\n<h2><strong>Przyw\u00f3dca &#8211; Od powo\u0142ania do pragnienia.<\/strong><\/h2>\n<p data-start=\"105\" data-end=\"414\">Czy przyw\u00f3dztwo to wrodzony talent, czy umiej\u0119tno\u015b\u0107, kt\u00f3r\u0105 mo\u017cna rozwija\u0107? <strong data-start=\"180\" data-end=\"224\">&#8222;Przyw\u00f3dca \u2013 Od powo\u0142ania do pragnienia&#8221;<\/strong> to ksi\u0105\u017cka dla tych, kt\u00f3rzy chc\u0105 wznie\u015b\u0107 swoje kompetencje liderskie na nowy poziom. Dla tych, kt\u00f3rzy pragn\u0105 inspirowa\u0107, skutecznie zarz\u0105dza\u0107 i prowadzi\u0107 zespo\u0142y z autorytetem oraz pasj\u0105.\u00a0To nie tylko teoria \u2013 to praktyczny przewodnik oparty na sprawdzonych modelach zarz\u0105dzania. Dzi\u0119ki tej ksi\u0105\u017cce zrozumiesz, jak skutecznie przewodzi\u0107 w r\u00f3\u017cnych sytuacjach, jak budowa\u0107 silny autorytet i jak dostosowa\u0107 styl zarz\u0105dzania do wyzwa\u0144 nowoczesnego biznesu.<\/p>\n<h3><strong>Co znajdziesz w ksi\u0105\u017cce?<\/strong><\/h3>\n<ul>\n<li><strong>Przyw\u00f3dztwo Weberowskie\u00a0 &#8211; <\/strong>Ten modu\u0142 zag\u0142\u0119bia si\u0119 w koncepcje przyw\u00f3dztwa oparte na teoriach Maxa Webera, badaj\u0105c jak autorytet i etyka wp\u0142ywaj\u0105 na skuteczno\u015b\u0107 lidera. Czytelnicy naucz\u0105 si\u0119, jak budowa\u0107 i utrzymywa\u0107 autorytet, jednocze\u015bnie zachowuj\u0105c wysokie standardy etyczne. Om\u00f3wione zostan\u0105 strategie kszta\u0142towania odpowiedzialnego i zaanga\u017cowanego zespo\u0142u, kt\u00f3ry podziela warto\u015bci organizacyjne.<\/li>\n<li><strong>Technologia Organizacji Biznesowej &#8211; <\/strong>Odkryj, jak ocenia\u0107 i rozwija\u0107 potencja\u0142 zar\u00f3wno indywidualnych pracownik\u00f3w, jak i ca\u0142ych zespo\u0142\u00f3w. Ten modu\u0142 zawiera narz\u0119dzia i metody, kt\u00f3re pomagaj\u0105 liderom identyfikowa\u0107 kluczowe umiej\u0119tno\u015bci i luki kompetencyjne, jak r\u00f3wnie\u017c techniki motywowania i rozwijania pracownik\u00f3w. Modu\u0142 ten podkre\u015bla znaczenie dostosowywania strategii zarz\u0105dzania do r\u00f3\u017cnorodno\u015bci umiej\u0119tno\u015bci i potrzeb zespo\u0142u, a tak\u017ce uczy, jak wykorzysta\u0107 te informacje do tworzenia bardziej skutecznych i sp\u00f3jnych zespo\u0142\u00f3w.<\/li>\n<li><strong>Sytuacyjny Model Zarz\u0105dzania &#8211; <\/strong>Ten segment koncentruje si\u0119 na adaptacyjnych aspektach przyw\u00f3dztwa, podkre\u015blaj\u0105c, jak wa\u017cne jest, aby lider potrafi\u0142 elastycznie dostosowa\u0107 sw\u00f3j styl do zmieniaj\u0105cych si\u0119 warunk\u00f3w i potrzeb zespo\u0142u. Zawiera szczeg\u00f3\u0142owy przegl\u0105d Sytuacyjnego Modelu Zarz\u0105dzania, kt\u00f3ry pomaga liderom w zrozumieniu, kiedy i jak stosowa\u0107 r\u00f3\u017cne style przyw\u00f3dcze w celu maksymalizacji efektywno\u015bci i osi\u0105gni\u0119cia cel\u00f3w organizacyjnych oraz jak prowadzi\u0107 jednostki do samodzielno\u015bci.<\/li>\n<\/ul>\n<h3 data-start=\"1115\" data-end=\"1150\"><strong data-start=\"1119\" data-end=\"1148\">Dla kogo jest ta ksi\u0105\u017cka?<\/strong><\/h3>\n<ul data-start=\"1152\" data-end=\"1495\">\n<li data-start=\"1152\" data-end=\"1229\"><strong data-start=\"1154\" data-end=\"1182\">Dla lider\u00f3w i mened\u017cer\u00f3w<\/strong> \u2013 kt\u00f3rzy chc\u0105 skuteczniej zarz\u0105dza\u0107 zespo\u0142em<\/li>\n<li data-start=\"1230\" data-end=\"1360\"><strong data-start=\"1232\" data-end=\"1268\">Dla dyrektor\u00f3w i przedsi\u0119biorc\u00f3w<\/strong> \u2013 kt\u00f3rzy musz\u0105 podejmowa\u0107 kluczowe decyzje i zarz\u0105dza\u0107 w zmieniaj\u0105cym si\u0119 \u015bwiecie biznesu<\/li>\n<li data-start=\"1361\" data-end=\"1495\"><strong data-start=\"1363\" data-end=\"1407\">Dla ka\u017cdego, kto aspiruje do roli lidera<\/strong> \u2013 je\u015bli chcesz rozwija\u0107 swoje umiej\u0119tno\u015bci przyw\u00f3dcze i skuteczniej wp\u0142ywa\u0107 na innych<\/li>\n<\/ul>\n<h3><strong>Dlaczego warto zam\u00f3wi\u0107 ju\u017c teraz?<\/strong><\/h3>\n<p><strong data-start=\"1544\" data-end=\"1568\">\u2705 Praktyczne narz\u0119dzia<\/strong> \u2013 konkretne strategie i techniki, kt\u00f3re mo\u017cesz wdro\u017cy\u0107 od razu<br data-start=\"1631\" data-end=\"1634\" \/><strong data-start=\"1636\" data-end=\"1663\">\u2705 Adaptacyjne przyw\u00f3dztwo<\/strong> \u2013 nauczysz si\u0119 dostosowywa\u0107 styl zarz\u0105dzania do r\u00f3\u017cnych sytuacji<br data-start=\"1728\" data-end=\"1731\" \/><strong data-start=\"1733\" data-end=\"1769\">\u2705 Wiedza od do\u015bwiadczonych lider\u00f3w<\/strong> \u2013 bazuj\u0105ca na sprawdzonych modelach i teoriach zarz\u0105dzania<br data-start=\"1828\" data-end=\"1831\" \/><strong data-start=\"1833\" data-end=\"1860\">\u2705 Idealna na trudne czasy<\/strong> \u2013 wskaz\u00f3wki, jak skutecznie przewodzi\u0107 w momentach kryzysu<\/p>\n<p><strong>Zam\u00f3w ju\u017c dzi\u015b &#8222;Przyw\u00f3dca &#8211; Od powo\u0142ania do pragnienia&#8221; i daj sobie szans\u0119 na wzrost i rozw\u00f3j w roli lidera. Ta ksi\u0105\u017cka nie tylko wyposa\u017cy Ci\u0119 w teoretyczne podstawy, ale tak\u017ce w praktyczne narz\u0119dzia, kt\u00f3re mo\u017cesz od razu zastosowa\u0107 w swojej pracy zawodowej.<\/strong><\/p>\n<p>&nbsp;<\/p>\n<div id=\"s3gt_translate_tooltip_mini\" class=\"s3gt_translate_tooltip_mini_box\" style=\"background: initial !important; border: initial !important; border-radius: initial !important; border-spacing: initial !important; border-collapse: initial !important; direction: ltr !important; flex-direction: initial !important; font-weight: initial !important; height: initial !important; letter-spacing: initial !important; min-width: initial !important; max-width: initial !important; min-height: initial !important; max-height: initial !important; margin: auto !important; padding: initial !important; position: absolute; text-align: initial !important; width: initial !important; color: inherit !important; font-size: 13px !important; font-family: X-LocaleSpecific, sans-serif, Tahoma, Helvetica !important; line-height: 13px !important; vertical-align: top !important; left: 10px; top: 543px; opacity: 0.25;\">\n<div id=\"s3gt_translate_tooltip_mini_logo\" class=\"s3gt_translate_tooltip_mini\" title=\"T\u0142umacz zaznaczony tekst\"><\/div>\n<div id=\"s3gt_translate_tooltip_mini_sound\" class=\"s3gt_translate_tooltip_mini\" title=\"Odtw\u00f3rz\"><\/div>\n<div id=\"s3gt_translate_tooltip_mini_copy\" class=\"s3gt_translate_tooltip_mini\" title=\"Kopiuj tekst do schowka\"><\/div>\n<\/div>\n","protected":false},"excerpt":{"rendered":"<p><strong>Przyw\u00f3dca &#8211; Od powo\u0142ania do pragnienia<\/strong> to ksi\u0105\u017cka, kt\u00f3ra stanie si\u0119 Twoim kompanem w drodze na szczyt. Nie przegap tej okazji, zam\u00f3w ju\u017c teraz!<\/p>\n","protected":false},"featured_media":99841,"template":"","meta":{"_acf_changed":false,"content-type":""},"product_brand":[],"product_cat":[24,114],"product_tag":[120,107],"class_list":{"0":"post-96634","1":"product","2":"type-product","3":"status-publish","4":"has-post-thumbnail","6":"product_cat-ksiazki-biznesowe","7":"product_cat-wszystkie-produkty","8":"product_tag-feed","9":"product_tag-ksiazka-przywodca","11":"first","12":"instock","13":"featured","14":"taxable","15":"shipping-taxable","16":"purchasable","17":"product-type-simple"},"acf":[],"yoast_head":"<!-- This site is optimized with the Yoast SEO plugin v27.3 - https:\/\/yoast.com\/product\/yoast-seo-wordpress\/ -->\n<title>[Ksi\u0105\u017cka] Przyw\u00f3dca - Od Powo\u0142ania do Pragnienia<\/title>\n<meta name=\"description\" content=\"Ksi\u0105\u017cka &quot;Przyw\u00f3dca&quot; | M.Mrozowski M.Ksi\u0119\u017cniakiewicz\u2714\ufe0f Wiedza i Do\u015bwiadczenie \u2714\ufe0f Autorskie Metody \u2714\ufe0f Naukowo Potwierdzone! Kup Teraz \u00bb\" \/>\n<meta name=\"robots\" content=\"index, follow, max-snippet:-1, max-image-preview:large, max-video-preview:-1\" \/>\n<link rel=\"canonical\" href=\"https:\/\/mateuszmrozowski.pl\/sklep\/produkt\/przywodca-od-powolania-do-pragnienia\/\" \/>\n<meta property=\"og:locale\" content=\"pl_PL\" \/>\n<meta property=\"og:type\" content=\"article\" \/>\n<meta property=\"og:title\" content=\"[Ksi\u0105\u017cka] Przyw\u00f3dca - Od Powo\u0142ania do Pragnienia\" \/>\n<meta property=\"og:description\" content=\"Ksi\u0105\u017cka &quot;Przyw\u00f3dca&quot; | M.Mrozowski M.Ksi\u0119\u017cniakiewicz\u2714\ufe0f Wiedza i Do\u015bwiadczenie \u2714\ufe0f Autorskie Metody \u2714\ufe0f Naukowo Potwierdzone! Kup Teraz \u00bb\" \/>\n<meta property=\"og:url\" content=\"https:\/\/mateuszmrozowski.pl\/sklep\/produkt\/przywodca-od-powolania-do-pragnienia\/\" \/>\n<meta property=\"og:site_name\" content=\"Mateusz Mrozowski Trener Biznesu\" \/>\n<meta property=\"article:publisher\" content=\"https:\/\/www.facebook.com\/mateuszmrozowskisiewca\" \/>\n<meta property=\"article:modified_time\" content=\"2026-03-23T13:27:11+00:00\" \/>\n<meta property=\"og:image\" content=\"https:\/\/mateuszmrozowski.pl\/sklep\/wp-content\/uploads\/2024\/08\/Ksiazka-Przywodca-Mrozowski-Ksiezniakiewicz-2.png\" \/>\n\t<meta property=\"og:image:width\" content=\"1080\" \/>\n\t<meta property=\"og:image:height\" content=\"1080\" \/>\n\t<meta property=\"og:image:type\" content=\"image\/png\" \/>\n<meta name=\"twitter:card\" content=\"summary_large_image\" \/>\n<meta name=\"twitter:label1\" content=\"Szacowany czas czytania\" \/>\n\t<meta name=\"twitter:data1\" content=\"3 minuty\" \/>\n<script type=\"application\/ld+json\" class=\"yoast-schema-graph\">{\"@context\":\"https:\\\/\\\/schema.org\",\"@graph\":[{\"@type\":\"WebPage\",\"@id\":\"https:\\\/\\\/mateuszmrozowski.pl\\\/sklep\\\/produkt\\\/przywodca-od-powolania-do-pragnienia\\\/\",\"url\":\"https:\\\/\\\/mateuszmrozowski.pl\\\/sklep\\\/produkt\\\/przywodca-od-powolania-do-pragnienia\\\/\",\"name\":\"[Ksi\u0105\u017cka] Przyw\u00f3dca - Od Powo\u0142ania do Pragnienia\",\"isPartOf\":{\"@id\":\"https:\\\/\\\/mateuszmrozowski.pl\\\/sklep\\\/#website\"},\"primaryImageOfPage\":{\"@id\":\"https:\\\/\\\/mateuszmrozowski.pl\\\/sklep\\\/produkt\\\/przywodca-od-powolania-do-pragnienia\\\/#primaryimage\"},\"image\":{\"@id\":\"https:\\\/\\\/mateuszmrozowski.pl\\\/sklep\\\/produkt\\\/przywodca-od-powolania-do-pragnienia\\\/#primaryimage\"},\"thumbnailUrl\":\"https:\\\/\\\/mateuszmrozowski.pl\\\/sklep\\\/wp-content\\\/uploads\\\/2024\\\/08\\\/Ksiazka-Przywodca-Mrozowski-Ksiezniakiewicz-2.png\",\"datePublished\":\"2024-08-29T19:02:57+00:00\",\"dateModified\":\"2026-03-23T13:27:11+00:00\",\"description\":\"Ksi\u0105\u017cka \\\"Przyw\u00f3dca\\\" | M.Mrozowski M.Ksi\u0119\u017cniakiewicz\u2714\ufe0f Wiedza i Do\u015bwiadczenie \u2714\ufe0f Autorskie Metody \u2714\ufe0f Naukowo Potwierdzone! Kup Teraz \u00bb\",\"breadcrumb\":{\"@id\":\"https:\\\/\\\/mateuszmrozowski.pl\\\/sklep\\\/produkt\\\/przywodca-od-powolania-do-pragnienia\\\/#breadcrumb\"},\"inLanguage\":\"pl-PL\",\"potentialAction\":[{\"@type\":\"ReadAction\",\"target\":[\"https:\\\/\\\/mateuszmrozowski.pl\\\/sklep\\\/produkt\\\/przywodca-od-powolania-do-pragnienia\\\/\"]}]},{\"@type\":\"ImageObject\",\"inLanguage\":\"pl-PL\",\"@id\":\"https:\\\/\\\/mateuszmrozowski.pl\\\/sklep\\\/produkt\\\/przywodca-od-powolania-do-pragnienia\\\/#primaryimage\",\"url\":\"https:\\\/\\\/mateuszmrozowski.pl\\\/sklep\\\/wp-content\\\/uploads\\\/2024\\\/08\\\/Ksiazka-Przywodca-Mrozowski-Ksiezniakiewicz-2.png\",\"contentUrl\":\"https:\\\/\\\/mateuszmrozowski.pl\\\/sklep\\\/wp-content\\\/uploads\\\/2024\\\/08\\\/Ksiazka-Przywodca-Mrozowski-Ksiezniakiewicz-2.png\",\"width\":1080,\"height\":1080},{\"@type\":\"BreadcrumbList\",\"@id\":\"https:\\\/\\\/mateuszmrozowski.pl\\\/sklep\\\/produkt\\\/przywodca-od-powolania-do-pragnienia\\\/#breadcrumb\",\"itemListElement\":[{\"@type\":\"ListItem\",\"position\":1,\"name\":\"Strona g\u0142\u00f3wna\",\"item\":\"https:\\\/\\\/mateuszmrozowski.pl\\\/sklep\\\/\"},{\"@type\":\"ListItem\",\"position\":2,\"name\":\"Szkolenia biznesowe i kursy sprzeda\u017cowe\",\"item\":\"https:\\\/\\\/mateuszmrozowski.pl\\\/sklep\\\/\"},{\"@type\":\"ListItem\",\"position\":3,\"name\":\"Ksi\u0105\u017cki\",\"item\":\"https:\\\/\\\/mateuszmrozowski.pl\\\/sklep\\\/kategoria-produktu\\\/ksiazki-biznesowe\\\/\"},{\"@type\":\"ListItem\",\"position\":4,\"name\":\"Przyw\u00f3dca &#8211; Od powo\u0142ania do pragnienia.\"}]},{\"@type\":\"WebSite\",\"@id\":\"https:\\\/\\\/mateuszmrozowski.pl\\\/sklep\\\/#website\",\"url\":\"https:\\\/\\\/mateuszmrozowski.pl\\\/sklep\\\/\",\"name\":\"Mateusz Mrozowski Trener biznesu\",\"description\":\"Walcz\u0119 o wynik dla firm z kt\u00f3rymi wsp\u00f3\u0142pracuj\u0119.\",\"publisher\":{\"@id\":\"https:\\\/\\\/mateuszmrozowski.pl\\\/sklep\\\/#organization\"},\"alternateName\":\"Mateusz Mrozowski\",\"potentialAction\":[{\"@type\":\"SearchAction\",\"target\":{\"@type\":\"EntryPoint\",\"urlTemplate\":\"https:\\\/\\\/mateuszmrozowski.pl\\\/sklep\\\/?s={search_term_string}\"},\"query-input\":{\"@type\":\"PropertyValueSpecification\",\"valueRequired\":true,\"valueName\":\"search_term_string\"}}],\"inLanguage\":\"pl-PL\"},{\"@type\":\"Organization\",\"@id\":\"https:\\\/\\\/mateuszmrozowski.pl\\\/sklep\\\/#organization\",\"name\":\"Mateusz Mrozowski Trener biznesu\",\"alternateName\":\"Mateusz Mrozowski\",\"url\":\"https:\\\/\\\/mateuszmrozowski.pl\\\/sklep\\\/\",\"logo\":{\"@type\":\"ImageObject\",\"inLanguage\":\"pl-PL\",\"@id\":\"https:\\\/\\\/mateuszmrozowski.pl\\\/sklep\\\/#\\\/schema\\\/logo\\\/image\\\/\",\"url\":\"https:\\\/\\\/mateuszmrozowski.pl\\\/sklep\\\/wp-content\\\/uploads\\\/2025\\\/03\\\/cropped-mateusz_mrozowski_logo.png\",\"contentUrl\":\"https:\\\/\\\/mateuszmrozowski.pl\\\/sklep\\\/wp-content\\\/uploads\\\/2025\\\/03\\\/cropped-mateusz_mrozowski_logo.png\",\"width\":236,\"height\":59,\"caption\":\"Mateusz Mrozowski Trener biznesu\"},\"image\":{\"@id\":\"https:\\\/\\\/mateuszmrozowski.pl\\\/sklep\\\/#\\\/schema\\\/logo\\\/image\\\/\"},\"sameAs\":[\"https:\\\/\\\/www.facebook.com\\\/mateuszmrozowskisiewca\",\"https:\\\/\\\/www.youtube.com\\\/channel\\\/UCI6FhECZ4GdL1TYU5oh5JDg\",\"https:\\\/\\\/www.instagram.com\\\/mrozowski.siewca\\\/\",\"https:\\\/\\\/www.linkedin.com\\\/in\\\/mateuszmrozowski\\\/\",\"https:\\\/\\\/maps.app.goo.gl\\\/Ee8wtgr6gx2CjEM68\",\"https:\\\/\\\/www.tiktok.com\\\/@mateuszmrozowskisiewca\"]}]}<\/script>\n<!-- \/ Yoast SEO plugin. -->","yoast_head_json":{"title":"[Ksi\u0105\u017cka] Przyw\u00f3dca - Od Powo\u0142ania do Pragnienia","description":"Ksi\u0105\u017cka \"Przyw\u00f3dca\" | M.Mrozowski M.Ksi\u0119\u017cniakiewicz\u2714\ufe0f Wiedza i Do\u015bwiadczenie \u2714\ufe0f Autorskie Metody \u2714\ufe0f Naukowo Potwierdzone! Kup Teraz \u00bb","robots":{"index":"index","follow":"follow","max-snippet":"max-snippet:-1","max-image-preview":"max-image-preview:large","max-video-preview":"max-video-preview:-1"},"canonical":"https:\/\/mateuszmrozowski.pl\/sklep\/produkt\/przywodca-od-powolania-do-pragnienia\/","og_locale":"pl_PL","og_type":"article","og_title":"[Ksi\u0105\u017cka] Przyw\u00f3dca - Od Powo\u0142ania do Pragnienia","og_description":"Ksi\u0105\u017cka \"Przyw\u00f3dca\" | M.Mrozowski M.Ksi\u0119\u017cniakiewicz\u2714\ufe0f Wiedza i Do\u015bwiadczenie \u2714\ufe0f Autorskie Metody \u2714\ufe0f Naukowo Potwierdzone! Kup Teraz \u00bb","og_url":"https:\/\/mateuszmrozowski.pl\/sklep\/produkt\/przywodca-od-powolania-do-pragnienia\/","og_site_name":"Mateusz Mrozowski Trener Biznesu","article_publisher":"https:\/\/www.facebook.com\/mateuszmrozowskisiewca","article_modified_time":"2026-03-23T13:27:11+00:00","og_image":[{"width":1080,"height":1080,"url":"https:\/\/mateuszmrozowski.pl\/sklep\/wp-content\/uploads\/2024\/08\/Ksiazka-Przywodca-Mrozowski-Ksiezniakiewicz-2.png","type":"image\/png"}],"twitter_card":"summary_large_image","twitter_misc":{"Szacowany czas czytania":"3 minuty"},"schema":{"@context":"https:\/\/schema.org","@graph":[{"@type":"WebPage","@id":"https:\/\/mateuszmrozowski.pl\/sklep\/produkt\/przywodca-od-powolania-do-pragnienia\/","url":"https:\/\/mateuszmrozowski.pl\/sklep\/produkt\/przywodca-od-powolania-do-pragnienia\/","name":"[Ksi\u0105\u017cka] Przyw\u00f3dca - Od Powo\u0142ania do Pragnienia","isPartOf":{"@id":"https:\/\/mateuszmrozowski.pl\/sklep\/#website"},"primaryImageOfPage":{"@id":"https:\/\/mateuszmrozowski.pl\/sklep\/produkt\/przywodca-od-powolania-do-pragnienia\/#primaryimage"},"image":{"@id":"https:\/\/mateuszmrozowski.pl\/sklep\/produkt\/przywodca-od-powolania-do-pragnienia\/#primaryimage"},"thumbnailUrl":"https:\/\/mateuszmrozowski.pl\/sklep\/wp-content\/uploads\/2024\/08\/Ksiazka-Przywodca-Mrozowski-Ksiezniakiewicz-2.png","datePublished":"2024-08-29T19:02:57+00:00","dateModified":"2026-03-23T13:27:11+00:00","description":"Ksi\u0105\u017cka \"Przyw\u00f3dca\" | M.Mrozowski M.Ksi\u0119\u017cniakiewicz\u2714\ufe0f Wiedza i Do\u015bwiadczenie \u2714\ufe0f Autorskie Metody \u2714\ufe0f Naukowo Potwierdzone! Kup Teraz \u00bb","breadcrumb":{"@id":"https:\/\/mateuszmrozowski.pl\/sklep\/produkt\/przywodca-od-powolania-do-pragnienia\/#breadcrumb"},"inLanguage":"pl-PL","potentialAction":[{"@type":"ReadAction","target":["https:\/\/mateuszmrozowski.pl\/sklep\/produkt\/przywodca-od-powolania-do-pragnienia\/"]}]},{"@type":"ImageObject","inLanguage":"pl-PL","@id":"https:\/\/mateuszmrozowski.pl\/sklep\/produkt\/przywodca-od-powolania-do-pragnienia\/#primaryimage","url":"https:\/\/mateuszmrozowski.pl\/sklep\/wp-content\/uploads\/2024\/08\/Ksiazka-Przywodca-Mrozowski-Ksiezniakiewicz-2.png","contentUrl":"https:\/\/mateuszmrozowski.pl\/sklep\/wp-content\/uploads\/2024\/08\/Ksiazka-Przywodca-Mrozowski-Ksiezniakiewicz-2.png","width":1080,"height":1080},{"@type":"BreadcrumbList","@id":"https:\/\/mateuszmrozowski.pl\/sklep\/produkt\/przywodca-od-powolania-do-pragnienia\/#breadcrumb","itemListElement":[{"@type":"ListItem","position":1,"name":"Strona g\u0142\u00f3wna","item":"https:\/\/mateuszmrozowski.pl\/sklep\/"},{"@type":"ListItem","position":2,"name":"Szkolenia biznesowe i kursy sprzeda\u017cowe","item":"https:\/\/mateuszmrozowski.pl\/sklep\/"},{"@type":"ListItem","position":3,"name":"Ksi\u0105\u017cki","item":"https:\/\/mateuszmrozowski.pl\/sklep\/kategoria-produktu\/ksiazki-biznesowe\/"},{"@type":"ListItem","position":4,"name":"Przyw\u00f3dca &#8211; Od powo\u0142ania do pragnienia."}]},{"@type":"WebSite","@id":"https:\/\/mateuszmrozowski.pl\/sklep\/#website","url":"https:\/\/mateuszmrozowski.pl\/sklep\/","name":"Mateusz Mrozowski Trener biznesu","description":"Walcz\u0119 o wynik dla firm z kt\u00f3rymi wsp\u00f3\u0142pracuj\u0119.","publisher":{"@id":"https:\/\/mateuszmrozowski.pl\/sklep\/#organization"},"alternateName":"Mateusz Mrozowski","potentialAction":[{"@type":"SearchAction","target":{"@type":"EntryPoint","urlTemplate":"https:\/\/mateuszmrozowski.pl\/sklep\/?s={search_term_string}"},"query-input":{"@type":"PropertyValueSpecification","valueRequired":true,"valueName":"search_term_string"}}],"inLanguage":"pl-PL"},{"@type":"Organization","@id":"https:\/\/mateuszmrozowski.pl\/sklep\/#organization","name":"Mateusz Mrozowski Trener biznesu","alternateName":"Mateusz Mrozowski","url":"https:\/\/mateuszmrozowski.pl\/sklep\/","logo":{"@type":"ImageObject","inLanguage":"pl-PL","@id":"https:\/\/mateuszmrozowski.pl\/sklep\/#\/schema\/logo\/image\/","url":"https:\/\/mateuszmrozowski.pl\/sklep\/wp-content\/uploads\/2025\/03\/cropped-mateusz_mrozowski_logo.png","contentUrl":"https:\/\/mateuszmrozowski.pl\/sklep\/wp-content\/uploads\/2025\/03\/cropped-mateusz_mrozowski_logo.png","width":236,"height":59,"caption":"Mateusz Mrozowski Trener biznesu"},"image":{"@id":"https:\/\/mateuszmrozowski.pl\/sklep\/#\/schema\/logo\/image\/"},"sameAs":["https:\/\/www.facebook.com\/mateuszmrozowskisiewca","https:\/\/www.youtube.com\/channel\/UCI6FhECZ4GdL1TYU5oh5JDg","https:\/\/www.instagram.com\/mrozowski.siewca\/","https:\/\/www.linkedin.com\/in\/mateuszmrozowski\/","https:\/\/maps.app.goo.gl\/Ee8wtgr6gx2CjEM68","https:\/\/www.tiktok.com\/@mateuszmrozowskisiewca"]}]}},"_links":{"self":[{"href":"https:\/\/mateuszmrozowski.pl\/sklep\/wp-json\/wp\/v2\/product\/96634","targetHints":{"allow":["GET"]}}],"collection":[{"href":"https:\/\/mateuszmrozowski.pl\/sklep\/wp-json\/wp\/v2\/product"}],"about":[{"href":"https:\/\/mateuszmrozowski.pl\/sklep\/wp-json\/wp\/v2\/types\/product"}],"wp:featuredmedia":[{"embeddable":true,"href":"https:\/\/mateuszmrozowski.pl\/sklep\/wp-json\/wp\/v2\/media\/99841"}],"wp:attachment":[{"href":"https:\/\/mateuszmrozowski.pl\/sklep\/wp-json\/wp\/v2\/media?parent=96634"}],"wp:term":[{"taxonomy":"product_brand","embeddable":true,"href":"https:\/\/mateuszmrozowski.pl\/sklep\/wp-json\/wp\/v2\/product_brand?post=96634"},{"taxonomy":"product_cat","embeddable":true,"href":"https:\/\/mateuszmrozowski.pl\/sklep\/wp-json\/wp\/v2\/product_cat?post=96634"},{"taxonomy":"product_tag","embeddable":true,"href":"https:\/\/mateuszmrozowski.pl\/sklep\/wp-json\/wp\/v2\/product_tag?post=96634"}],"curies":[{"name":"wp","href":"https:\/\/api.w.org\/{rel}","templated":true}]}}