{"id":94072,"date":"2024-01-03T12:04:39","date_gmt":"2024-01-03T12:04:39","guid":{"rendered":"https:\/\/mateuszmrozowski.pl\/sklep\/?post_type=product&#038;p=94072"},"modified":"2025-03-01T17:33:17","modified_gmt":"2025-03-01T17:33:17","slug":"zajecia-na-zywo","status":"publish","type":"product","link":"https:\/\/mateuszmrozowski.pl\/sklep\/produkt\/zajecia-na-zywo\/","title":{"rendered":"Zaj\u0119cia na \u017cywo z Mateuszem Mrozowskim"},"content":{"rendered":"\n\n<div class=\"kk-star-ratings kksr-auto kksr-align-left kksr-valign-top kksr-disabled\"\n    data-payload='{&quot;align&quot;:&quot;left&quot;,&quot;id&quot;:&quot;94072&quot;,&quot;readonly&quot;:&quot;1&quot;,&quot;slug&quot;:&quot;default&quot;,&quot;valign&quot;:&quot;top&quot;,&quot;ignore&quot;:&quot;&quot;,&quot;reference&quot;:&quot;auto&quot;,&quot;class&quot;:&quot;&quot;,&quot;count&quot;:&quot;4&quot;,&quot;legendonly&quot;:&quot;&quot;,&quot;score&quot;:&quot;5&quot;,&quot;starsonly&quot;:&quot;&quot;,&quot;best&quot;:&quot;5&quot;,&quot;gap&quot;:&quot;5&quot;,&quot;greet&quot;:&quot;Wystaw ocen\u0119&quot;,&quot;legend&quot;:&quot;5\\\/5 - (4 ocen)&quot;,&quot;size&quot;:&quot;16&quot;,&quot;title&quot;:&quot;Zaj\u0119cia na \u017cywo z Mateuszem Mrozowskim&quot;,&quot;width&quot;:&quot;102.5&quot;,&quot;_legend&quot;:&quot;{score}\\\/{best} - ({count} ocen)&quot;,&quot;font_factor&quot;:&quot;1.25&quot;}'>\n            \n<div class=\"kksr-stars\">\n    \n<div class=\"kksr-stars-inactive\">\n            <div class=\"kksr-star\" data-star=\"1\" style=\"padding-right: 5px\">\n            \n\n<div class=\"kksr-icon\" style=\"width: 16px; height: 16px;\"><\/div>\n        <\/div>\n            <div class=\"kksr-star\" data-star=\"2\" style=\"padding-right: 5px\">\n            \n\n<div class=\"kksr-icon\" style=\"width: 16px; height: 16px;\"><\/div>\n        <\/div>\n            <div class=\"kksr-star\" data-star=\"3\" style=\"padding-right: 5px\">\n            \n\n<div class=\"kksr-icon\" style=\"width: 16px; height: 16px;\"><\/div>\n        <\/div>\n            <div class=\"kksr-star\" data-star=\"4\" style=\"padding-right: 5px\">\n            \n\n<div class=\"kksr-icon\" style=\"width: 16px; height: 16px;\"><\/div>\n        <\/div>\n            <div class=\"kksr-star\" data-star=\"5\" style=\"padding-right: 5px\">\n            \n\n<div class=\"kksr-icon\" style=\"width: 16px; height: 16px;\"><\/div>\n        <\/div>\n    <\/div>\n    \n<div class=\"kksr-stars-active\" style=\"width: 102.5px;\">\n            <div class=\"kksr-star\" style=\"padding-right: 5px\">\n            \n\n<div class=\"kksr-icon\" style=\"width: 16px; height: 16px;\"><\/div>\n        <\/div>\n            <div class=\"kksr-star\" style=\"padding-right: 5px\">\n            \n\n<div class=\"kksr-icon\" style=\"width: 16px; height: 16px;\"><\/div>\n        <\/div>\n            <div class=\"kksr-star\" style=\"padding-right: 5px\">\n            \n\n<div class=\"kksr-icon\" style=\"width: 16px; height: 16px;\"><\/div>\n        <\/div>\n            <div class=\"kksr-star\" style=\"padding-right: 5px\">\n            \n\n<div class=\"kksr-icon\" style=\"width: 16px; height: 16px;\"><\/div>\n        <\/div>\n            <div class=\"kksr-star\" style=\"padding-right: 5px\">\n            \n\n<div class=\"kksr-icon\" style=\"width: 16px; height: 16px;\"><\/div>\n        <\/div>\n    <\/div>\n<\/div>\n                \n\n<div class=\"kksr-legend\" style=\"font-size: 12.8px;\">\n            5\/5 - (4 ocen)    <\/div>\n    <\/div>\n<h2>Zaj\u0119cia 1:1 na \u017cywo z Mateuszem Mrozowskim<\/h2>\n<p>6 godzin intensywnych zaj\u0119\u0107 stacjonarnych na \u017cywo 1:1, pozwalaj\u0105cych na wypracowanie pe\u0142nowarto\u015bciowych temat\u00f3w sprzeda\u017cowych lub managerskich.<\/p>\n<h3>Dlaczego nwarto?<\/h3>\n<ol>\n<li><strong>Spersonalizowane Szkolenie Stacjonarne:<\/strong> Spotkanie jest dostosowane do Twoich unikalnych potrzeb i cel\u00f3w. Nie jeste\u015bmy tutaj tylko po to, aby udziela\u0107 porad \u2013 chcemy z Tob\u0105 wsp\u00f3\u0142pracowa\u0107 nad konkretnymi rezultatami.<\/li>\n<li><strong>Gotowe Metody i Materia\u0142y:<\/strong> Zamiast tylko omawia\u0107 teori\u0119, skupiamy si\u0119 na praktycznych rezultatach. W trakcie spotkania, razem opracujemy gotowe metody i materia\u0142y, kt\u00f3re b\u0119d\u0105 przydatne w Twojej dziedzinie.<\/li>\n<li><strong>Intensywno\u015b\u0107 i Skoncentrowane Tempo:<\/strong> Pracujemy przez 6 godzin zegarowych, co zapewnia skoncentrowan\u0105 i intensywn\u0105 prac\u0119 nad wybranym tematem.<\/li>\n<li><strong>Weryfikacja Przed Zakupem:<\/strong> Zanim zdecydujesz si\u0119 na zakup, zach\u0119camy do skontaktowania si\u0119 z nami w celu weryfikacji, czy mo\u017cemy efektywnie pracowa\u0107 nad danym tematem w ci\u0105gu 6godzin. Wsp\u00f3lna komunikacja przed rozpocz\u0119ciem procesu jest kluczowa dla sukcesu.<\/li>\n<\/ol>\n<h3>Jak to dzia\u0142a?<\/h3>\n<ol>\n<li><strong>Kliknij przycisk<\/strong> &#8222;Zapytaj o Produkt&#8221;.<\/li>\n<li><strong>Wype\u0142nij kr\u00f3tki formularz<\/strong> &#8211; nasz zesp\u00f3\u0142 skontaktuje si\u0119 z Tob\u0105, aby dowiedzie\u0107 si\u0119 wi\u0119cej o Twoich potrzebach rozwojowych.<\/li>\n<li><strong>Gotowe!<\/strong> Czekaj na spersonalizowane zaproszenie do intensywnych sesji z Mateuszem Mrozowskim.<\/li>\n<li><strong>Zaj\u0119cia:<\/strong> Spotykamy si\u0119 w um\u00f3wionym terminie i dzia\u0142amy.<\/li>\n<li><strong>Dostarczenie Gotowych Efekt\u00f3w:<\/strong> Na koniec otrzymasz gotowe metody i materia\u0142y, kt\u00f3re s\u0105 dopasowane do Twoich potrzeb.<\/li>\n<\/ol>\n<h3>Bonusy!<\/h3>\n<ul>\n<li><strong>Dost\u0119p do Materia\u0142\u00f3w Edukacyjnych:<\/strong> Otrzymasz ekskluzywny dost\u0119p do dodatkowych materia\u0142\u00f3w wspieraj\u0105cych Twoje dalsze kroki w rozwoju.<\/li>\n<li><strong>Audiobooki od Mateusza:<\/strong> Kontynuuj swoj\u0105 podr\u00f3\u017c poza sesjami, korzystaj\u0105c z ekskluzywnych tre\u015bci.<\/li>\n<\/ul>\n<h3><strong>Cena: 13.000,00 z\u0142 netto\u00a0<\/strong><\/h3>\n<h3><\/h3>\n<h3>Wi\u0119cej informacji:<\/h3>\n<p><strong>Martyna Ksi\u0119\u017cniakiewicz<\/strong><br \/>\n<em>Dyrektor Operacyjny i Opiekun Klienta Strategicznego<br \/>\n<\/em><strong>tel. <a href=\"tel:793771002\">793 771 002<\/a><\/strong><br \/>\n<strong>email: <a href=\"mailto:martyna@mateuszmrozowski.pl\">martyna@mateuszmrozowski.pl<\/a><\/strong><\/p>\n","protected":false},"excerpt":{"rendered":"<p>Indywidualna konsultacja z Mateuszem Mrozowskim! \ud83e\udd1d Pracujemy w systemie problem &#8211; rozwi\u0105zanie, dzi\u0119ki czemu otrzymujesz dok\u0142adnie to czego potrzebujesz. Zero pitolenia, same mi\u0119so, same konkrety, same tipy.<\/p>\n","protected":false},"featured_media":94071,"template":"","meta":{"_acf_changed":false,"content-type":""},"product_brand":[],"product_cat":[39,114],"product_tag":[],"class_list":{"0":"post-94072","1":"product","2":"type-product","3":"status-publish","4":"has-post-thumbnail","6":"product_cat-konsultacje","7":"product_cat-wszystkie-produkty","9":"first","10":"onbackorder","11":"virtual","12":"taxable","13":"purchasable","14":"product-type-simple"},"acf":[],"yoast_head":"<!-- This site is optimized with the Yoast SEO plugin v27.3 - https:\/\/yoast.com\/product\/yoast-seo-wordpress\/ -->\n<title>Zaj\u0119cia Stacjonarne 1:1 z Mateuszem Mrozowskim | M. Mrozowski<\/title>\n<meta name=\"description\" content=\"Konsultacje Biznesowe z Mateuszem Mrozowskim |\u2714\ufe0f Spotkanie Na\u017bywo \u2714\ufe0f Konsultacje 1:1 \u2714\ufe0fCertyfikowany Trener Biznesu! Kup Teraz \u00bb\" \/>\n<meta name=\"robots\" content=\"noindex, nofollow\" \/>\n<meta property=\"og:locale\" content=\"pl_PL\" \/>\n<meta property=\"og:type\" content=\"article\" \/>\n<meta property=\"og:title\" content=\"Zaj\u0119cia Stacjonarne 1:1 z Mateuszem Mrozowskim | M. Mrozowski\" \/>\n<meta property=\"og:description\" content=\"Konsultacje Biznesowe z Mateuszem Mrozowskim |\u2714\ufe0f Spotkanie Na\u017bywo \u2714\ufe0f Konsultacje 1:1 \u2714\ufe0fCertyfikowany Trener Biznesu! Kup Teraz \u00bb\" \/>\n<meta property=\"og:url\" content=\"https:\/\/mateuszmrozowski.pl\/sklep\/produkt\/zajecia-na-zywo\/\" \/>\n<meta property=\"og:site_name\" content=\"Mateusz Mrozowski Trener Biznesu\" \/>\n<meta property=\"article:publisher\" content=\"https:\/\/www.facebook.com\/mateuszmrozowskisiewca\" \/>\n<meta property=\"article:modified_time\" content=\"2025-03-01T17:33:17+00:00\" \/>\n<meta property=\"og:image\" content=\"https:\/\/mateuszmrozowski.pl\/sklep\/wp-content\/uploads\/2024\/01\/mrozowski-zajecia-live.jpg\" \/>\n\t<meta property=\"og:image:width\" content=\"1080\" \/>\n\t<meta property=\"og:image:height\" content=\"1080\" \/>\n\t<meta property=\"og:image:type\" content=\"image\/jpeg\" \/>\n<meta name=\"twitter:card\" content=\"summary_large_image\" \/>\n<meta name=\"twitter:label1\" content=\"Szacowany czas czytania\" \/>\n\t<meta name=\"twitter:data1\" content=\"2 minuty\" \/>\n<script type=\"application\/ld+json\" class=\"yoast-schema-graph\">{\"@context\":\"https:\\\/\\\/schema.org\",\"@graph\":[{\"@type\":\"WebPage\",\"@id\":\"https:\\\/\\\/mateuszmrozowski.pl\\\/sklep\\\/produkt\\\/zajecia-na-zywo\\\/\",\"url\":\"https:\\\/\\\/mateuszmrozowski.pl\\\/sklep\\\/produkt\\\/zajecia-na-zywo\\\/\",\"name\":\"Zaj\u0119cia Stacjonarne 1:1 z Mateuszem Mrozowskim | M. Mrozowski\",\"isPartOf\":{\"@id\":\"https:\\\/\\\/mateuszmrozowski.pl\\\/sklep\\\/#website\"},\"primaryImageOfPage\":{\"@id\":\"https:\\\/\\\/mateuszmrozowski.pl\\\/sklep\\\/produkt\\\/zajecia-na-zywo\\\/#primaryimage\"},\"image\":{\"@id\":\"https:\\\/\\\/mateuszmrozowski.pl\\\/sklep\\\/produkt\\\/zajecia-na-zywo\\\/#primaryimage\"},\"thumbnailUrl\":\"https:\\\/\\\/mateuszmrozowski.pl\\\/sklep\\\/wp-content\\\/uploads\\\/2024\\\/01\\\/mrozowski-zajecia-live.jpg\",\"datePublished\":\"2024-01-03T12:04:39+00:00\",\"dateModified\":\"2025-03-01T17:33:17+00:00\",\"description\":\"Konsultacje Biznesowe z Mateuszem Mrozowskim |\u2714\ufe0f Spotkanie Na\u017bywo \u2714\ufe0f Konsultacje 1:1 \u2714\ufe0fCertyfikowany Trener Biznesu! Kup Teraz \u00bb\",\"breadcrumb\":{\"@id\":\"https:\\\/\\\/mateuszmrozowski.pl\\\/sklep\\\/produkt\\\/zajecia-na-zywo\\\/#breadcrumb\"},\"inLanguage\":\"pl-PL\",\"potentialAction\":[{\"@type\":\"ReadAction\",\"target\":[\"https:\\\/\\\/mateuszmrozowski.pl\\\/sklep\\\/produkt\\\/zajecia-na-zywo\\\/\"]}]},{\"@type\":\"ImageObject\",\"inLanguage\":\"pl-PL\",\"@id\":\"https:\\\/\\\/mateuszmrozowski.pl\\\/sklep\\\/produkt\\\/zajecia-na-zywo\\\/#primaryimage\",\"url\":\"https:\\\/\\\/mateuszmrozowski.pl\\\/sklep\\\/wp-content\\\/uploads\\\/2024\\\/01\\\/mrozowski-zajecia-live.jpg\",\"contentUrl\":\"https:\\\/\\\/mateuszmrozowski.pl\\\/sklep\\\/wp-content\\\/uploads\\\/2024\\\/01\\\/mrozowski-zajecia-live.jpg\",\"width\":1080,\"height\":1080},{\"@type\":\"BreadcrumbList\",\"@id\":\"https:\\\/\\\/mateuszmrozowski.pl\\\/sklep\\\/produkt\\\/zajecia-na-zywo\\\/#breadcrumb\",\"itemListElement\":[{\"@type\":\"ListItem\",\"position\":1,\"name\":\"Strona g\u0142\u00f3wna\",\"item\":\"https:\\\/\\\/mateuszmrozowski.pl\\\/sklep\\\/\"},{\"@type\":\"ListItem\",\"position\":2,\"name\":\"Szkolenia biznesowe i kursy sprzeda\u017cowe\",\"item\":\"https:\\\/\\\/mateuszmrozowski.pl\\\/sklep\\\/\"},{\"@type\":\"ListItem\",\"position\":3,\"name\":\"Konsultacje\",\"item\":\"https:\\\/\\\/mateuszmrozowski.pl\\\/sklep\\\/kategoria-produktu\\\/konsultacje\\\/\"},{\"@type\":\"ListItem\",\"position\":4,\"name\":\"Zaj\u0119cia na \u017cywo z Mateuszem Mrozowskim\"}]},{\"@type\":\"WebSite\",\"@id\":\"https:\\\/\\\/mateuszmrozowski.pl\\\/sklep\\\/#website\",\"url\":\"https:\\\/\\\/mateuszmrozowski.pl\\\/sklep\\\/\",\"name\":\"Mateusz Mrozowski Trener biznesu\",\"description\":\"Walcz\u0119 o wynik dla firm z kt\u00f3rymi wsp\u00f3\u0142pracuj\u0119.\",\"publisher\":{\"@id\":\"https:\\\/\\\/mateuszmrozowski.pl\\\/sklep\\\/#organization\"},\"alternateName\":\"Mateusz Mrozowski\",\"potentialAction\":[{\"@type\":\"SearchAction\",\"target\":{\"@type\":\"EntryPoint\",\"urlTemplate\":\"https:\\\/\\\/mateuszmrozowski.pl\\\/sklep\\\/?s={search_term_string}\"},\"query-input\":{\"@type\":\"PropertyValueSpecification\",\"valueRequired\":true,\"valueName\":\"search_term_string\"}}],\"inLanguage\":\"pl-PL\"},{\"@type\":\"Organization\",\"@id\":\"https:\\\/\\\/mateuszmrozowski.pl\\\/sklep\\\/#organization\",\"name\":\"Mateusz Mrozowski Trener biznesu\",\"alternateName\":\"Mateusz Mrozowski\",\"url\":\"https:\\\/\\\/mateuszmrozowski.pl\\\/sklep\\\/\",\"logo\":{\"@type\":\"ImageObject\",\"inLanguage\":\"pl-PL\",\"@id\":\"https:\\\/\\\/mateuszmrozowski.pl\\\/sklep\\\/#\\\/schema\\\/logo\\\/image\\\/\",\"url\":\"https:\\\/\\\/mateuszmrozowski.pl\\\/sklep\\\/wp-content\\\/uploads\\\/2025\\\/03\\\/cropped-mateusz_mrozowski_logo.png\",\"contentUrl\":\"https:\\\/\\\/mateuszmrozowski.pl\\\/sklep\\\/wp-content\\\/uploads\\\/2025\\\/03\\\/cropped-mateusz_mrozowski_logo.png\",\"width\":236,\"height\":59,\"caption\":\"Mateusz Mrozowski Trener biznesu\"},\"image\":{\"@id\":\"https:\\\/\\\/mateuszmrozowski.pl\\\/sklep\\\/#\\\/schema\\\/logo\\\/image\\\/\"},\"sameAs\":[\"https:\\\/\\\/www.facebook.com\\\/mateuszmrozowskisiewca\",\"https:\\\/\\\/www.youtube.com\\\/channel\\\/UCI6FhECZ4GdL1TYU5oh5JDg\",\"https:\\\/\\\/www.instagram.com\\\/mrozowski.siewca\\\/\",\"https:\\\/\\\/www.linkedin.com\\\/in\\\/mateuszmrozowski\\\/\",\"https:\\\/\\\/maps.app.goo.gl\\\/Ee8wtgr6gx2CjEM68\",\"https:\\\/\\\/www.tiktok.com\\\/@mateuszmrozowskisiewca\"]}]}<\/script>\n<!-- \/ Yoast SEO plugin. -->","yoast_head_json":{"title":"Zaj\u0119cia Stacjonarne 1:1 z Mateuszem Mrozowskim | M. Mrozowski","description":"Konsultacje Biznesowe z Mateuszem Mrozowskim |\u2714\ufe0f Spotkanie Na\u017bywo \u2714\ufe0f Konsultacje 1:1 \u2714\ufe0fCertyfikowany Trener Biznesu! Kup Teraz \u00bb","robots":{"index":"noindex","follow":"nofollow"},"og_locale":"pl_PL","og_type":"article","og_title":"Zaj\u0119cia Stacjonarne 1:1 z Mateuszem Mrozowskim | M. Mrozowski","og_description":"Konsultacje Biznesowe z Mateuszem Mrozowskim |\u2714\ufe0f Spotkanie Na\u017bywo \u2714\ufe0f Konsultacje 1:1 \u2714\ufe0fCertyfikowany Trener Biznesu! Kup Teraz \u00bb","og_url":"https:\/\/mateuszmrozowski.pl\/sklep\/produkt\/zajecia-na-zywo\/","og_site_name":"Mateusz Mrozowski Trener Biznesu","article_publisher":"https:\/\/www.facebook.com\/mateuszmrozowskisiewca","article_modified_time":"2025-03-01T17:33:17+00:00","og_image":[{"width":1080,"height":1080,"url":"https:\/\/mateuszmrozowski.pl\/sklep\/wp-content\/uploads\/2024\/01\/mrozowski-zajecia-live.jpg","type":"image\/jpeg"}],"twitter_card":"summary_large_image","twitter_misc":{"Szacowany czas czytania":"2 minuty"},"schema":{"@context":"https:\/\/schema.org","@graph":[{"@type":"WebPage","@id":"https:\/\/mateuszmrozowski.pl\/sklep\/produkt\/zajecia-na-zywo\/","url":"https:\/\/mateuszmrozowski.pl\/sklep\/produkt\/zajecia-na-zywo\/","name":"Zaj\u0119cia Stacjonarne 1:1 z Mateuszem Mrozowskim | M. Mrozowski","isPartOf":{"@id":"https:\/\/mateuszmrozowski.pl\/sklep\/#website"},"primaryImageOfPage":{"@id":"https:\/\/mateuszmrozowski.pl\/sklep\/produkt\/zajecia-na-zywo\/#primaryimage"},"image":{"@id":"https:\/\/mateuszmrozowski.pl\/sklep\/produkt\/zajecia-na-zywo\/#primaryimage"},"thumbnailUrl":"https:\/\/mateuszmrozowski.pl\/sklep\/wp-content\/uploads\/2024\/01\/mrozowski-zajecia-live.jpg","datePublished":"2024-01-03T12:04:39+00:00","dateModified":"2025-03-01T17:33:17+00:00","description":"Konsultacje Biznesowe z Mateuszem Mrozowskim |\u2714\ufe0f Spotkanie Na\u017bywo \u2714\ufe0f Konsultacje 1:1 \u2714\ufe0fCertyfikowany Trener Biznesu! Kup Teraz \u00bb","breadcrumb":{"@id":"https:\/\/mateuszmrozowski.pl\/sklep\/produkt\/zajecia-na-zywo\/#breadcrumb"},"inLanguage":"pl-PL","potentialAction":[{"@type":"ReadAction","target":["https:\/\/mateuszmrozowski.pl\/sklep\/produkt\/zajecia-na-zywo\/"]}]},{"@type":"ImageObject","inLanguage":"pl-PL","@id":"https:\/\/mateuszmrozowski.pl\/sklep\/produkt\/zajecia-na-zywo\/#primaryimage","url":"https:\/\/mateuszmrozowski.pl\/sklep\/wp-content\/uploads\/2024\/01\/mrozowski-zajecia-live.jpg","contentUrl":"https:\/\/mateuszmrozowski.pl\/sklep\/wp-content\/uploads\/2024\/01\/mrozowski-zajecia-live.jpg","width":1080,"height":1080},{"@type":"BreadcrumbList","@id":"https:\/\/mateuszmrozowski.pl\/sklep\/produkt\/zajecia-na-zywo\/#breadcrumb","itemListElement":[{"@type":"ListItem","position":1,"name":"Strona g\u0142\u00f3wna","item":"https:\/\/mateuszmrozowski.pl\/sklep\/"},{"@type":"ListItem","position":2,"name":"Szkolenia biznesowe i kursy sprzeda\u017cowe","item":"https:\/\/mateuszmrozowski.pl\/sklep\/"},{"@type":"ListItem","position":3,"name":"Konsultacje","item":"https:\/\/mateuszmrozowski.pl\/sklep\/kategoria-produktu\/konsultacje\/"},{"@type":"ListItem","position":4,"name":"Zaj\u0119cia na \u017cywo z Mateuszem Mrozowskim"}]},{"@type":"WebSite","@id":"https:\/\/mateuszmrozowski.pl\/sklep\/#website","url":"https:\/\/mateuszmrozowski.pl\/sklep\/","name":"Mateusz Mrozowski Trener biznesu","description":"Walcz\u0119 o wynik dla firm z kt\u00f3rymi wsp\u00f3\u0142pracuj\u0119.","publisher":{"@id":"https:\/\/mateuszmrozowski.pl\/sklep\/#organization"},"alternateName":"Mateusz Mrozowski","potentialAction":[{"@type":"SearchAction","target":{"@type":"EntryPoint","urlTemplate":"https:\/\/mateuszmrozowski.pl\/sklep\/?s={search_term_string}"},"query-input":{"@type":"PropertyValueSpecification","valueRequired":true,"valueName":"search_term_string"}}],"inLanguage":"pl-PL"},{"@type":"Organization","@id":"https:\/\/mateuszmrozowski.pl\/sklep\/#organization","name":"Mateusz Mrozowski Trener biznesu","alternateName":"Mateusz Mrozowski","url":"https:\/\/mateuszmrozowski.pl\/sklep\/","logo":{"@type":"ImageObject","inLanguage":"pl-PL","@id":"https:\/\/mateuszmrozowski.pl\/sklep\/#\/schema\/logo\/image\/","url":"https:\/\/mateuszmrozowski.pl\/sklep\/wp-content\/uploads\/2025\/03\/cropped-mateusz_mrozowski_logo.png","contentUrl":"https:\/\/mateuszmrozowski.pl\/sklep\/wp-content\/uploads\/2025\/03\/cropped-mateusz_mrozowski_logo.png","width":236,"height":59,"caption":"Mateusz Mrozowski Trener biznesu"},"image":{"@id":"https:\/\/mateuszmrozowski.pl\/sklep\/#\/schema\/logo\/image\/"},"sameAs":["https:\/\/www.facebook.com\/mateuszmrozowskisiewca","https:\/\/www.youtube.com\/channel\/UCI6FhECZ4GdL1TYU5oh5JDg","https:\/\/www.instagram.com\/mrozowski.siewca\/","https:\/\/www.linkedin.com\/in\/mateuszmrozowski\/","https:\/\/maps.app.goo.gl\/Ee8wtgr6gx2CjEM68","https:\/\/www.tiktok.com\/@mateuszmrozowskisiewca"]}]}},"_links":{"self":[{"href":"https:\/\/mateuszmrozowski.pl\/sklep\/wp-json\/wp\/v2\/product\/94072","targetHints":{"allow":["GET"]}}],"collection":[{"href":"https:\/\/mateuszmrozowski.pl\/sklep\/wp-json\/wp\/v2\/product"}],"about":[{"href":"https:\/\/mateuszmrozowski.pl\/sklep\/wp-json\/wp\/v2\/types\/product"}],"wp:featuredmedia":[{"embeddable":true,"href":"https:\/\/mateuszmrozowski.pl\/sklep\/wp-json\/wp\/v2\/media\/94071"}],"wp:attachment":[{"href":"https:\/\/mateuszmrozowski.pl\/sklep\/wp-json\/wp\/v2\/media?parent=94072"}],"wp:term":[{"taxonomy":"product_brand","embeddable":true,"href":"https:\/\/mateuszmrozowski.pl\/sklep\/wp-json\/wp\/v2\/product_brand?post=94072"},{"taxonomy":"product_cat","embeddable":true,"href":"https:\/\/mateuszmrozowski.pl\/sklep\/wp-json\/wp\/v2\/product_cat?post=94072"},{"taxonomy":"product_tag","embeddable":true,"href":"https:\/\/mateuszmrozowski.pl\/sklep\/wp-json\/wp\/v2\/product_tag?post=94072"}],"curies":[{"name":"wp","href":"https:\/\/api.w.org\/{rel}","templated":true}]}}