{"id":5213,"date":"2021-11-24T11:35:05","date_gmt":"2021-11-24T11:35:05","guid":{"rendered":"https:\/\/mateuszmrozowski.pl\/sklep\/?post_type=product&#038;p=5213"},"modified":"2025-08-01T19:36:41","modified_gmt":"2025-08-01T19:36:41","slug":"pakiet-promocyjny-sprzedaz-telefoniczna-rewolucja-sprzedazy-prolog","status":"publish","type":"product","link":"https:\/\/mateuszmrozowski.pl\/sklep\/produkt\/pakiet-promocyjny-sprzedaz-telefoniczna-rewolucja-sprzedazy-prolog\/","title":{"rendered":"Pakiet promocyjny &#8211; Sprzeda\u017c Telefoniczna + Rewolucja sprzeda\u017cy Prolog"},"content":{"rendered":"\n\n<div class=\"kk-star-ratings kksr-auto kksr-align-left kksr-valign-top kksr-disabled\"\n    data-payload='{&quot;align&quot;:&quot;left&quot;,&quot;id&quot;:&quot;5213&quot;,&quot;readonly&quot;:&quot;1&quot;,&quot;slug&quot;:&quot;default&quot;,&quot;valign&quot;:&quot;top&quot;,&quot;ignore&quot;:&quot;&quot;,&quot;reference&quot;:&quot;auto&quot;,&quot;class&quot;:&quot;&quot;,&quot;count&quot;:&quot;1&quot;,&quot;legendonly&quot;:&quot;&quot;,&quot;score&quot;:&quot;5&quot;,&quot;starsonly&quot;:&quot;&quot;,&quot;best&quot;:&quot;5&quot;,&quot;gap&quot;:&quot;5&quot;,&quot;greet&quot;:&quot;Wystaw ocen\u0119&quot;,&quot;legend&quot;:&quot;5\\\/5 - (1 ocen)&quot;,&quot;size&quot;:&quot;16&quot;,&quot;title&quot;:&quot;Pakiet promocyjny - Sprzeda\u017c Telefoniczna + Rewolucja sprzeda\u017cy Prolog&quot;,&quot;width&quot;:&quot;102.5&quot;,&quot;_legend&quot;:&quot;{score}\\\/{best} - ({count} ocen)&quot;,&quot;font_factor&quot;:&quot;1.25&quot;}'>\n            \n<div class=\"kksr-stars\">\n    \n<div class=\"kksr-stars-inactive\">\n            <div class=\"kksr-star\" data-star=\"1\" style=\"padding-right: 5px\">\n            \n\n<div class=\"kksr-icon\" style=\"width: 16px; height: 16px;\"><\/div>\n        <\/div>\n            <div class=\"kksr-star\" data-star=\"2\" style=\"padding-right: 5px\">\n            \n\n<div class=\"kksr-icon\" style=\"width: 16px; height: 16px;\"><\/div>\n        <\/div>\n            <div class=\"kksr-star\" data-star=\"3\" style=\"padding-right: 5px\">\n            \n\n<div class=\"kksr-icon\" style=\"width: 16px; height: 16px;\"><\/div>\n        <\/div>\n            <div class=\"kksr-star\" data-star=\"4\" style=\"padding-right: 5px\">\n            \n\n<div class=\"kksr-icon\" style=\"width: 16px; height: 16px;\"><\/div>\n        <\/div>\n            <div class=\"kksr-star\" data-star=\"5\" style=\"padding-right: 5px\">\n            \n\n<div class=\"kksr-icon\" style=\"width: 16px; height: 16px;\"><\/div>\n        <\/div>\n    <\/div>\n    \n<div class=\"kksr-stars-active\" style=\"width: 102.5px;\">\n            <div class=\"kksr-star\" style=\"padding-right: 5px\">\n            \n\n<div class=\"kksr-icon\" style=\"width: 16px; height: 16px;\"><\/div>\n        <\/div>\n            <div class=\"kksr-star\" style=\"padding-right: 5px\">\n            \n\n<div class=\"kksr-icon\" style=\"width: 16px; height: 16px;\"><\/div>\n        <\/div>\n            <div class=\"kksr-star\" style=\"padding-right: 5px\">\n            \n\n<div class=\"kksr-icon\" style=\"width: 16px; height: 16px;\"><\/div>\n        <\/div>\n            <div class=\"kksr-star\" style=\"padding-right: 5px\">\n            \n\n<div class=\"kksr-icon\" style=\"width: 16px; height: 16px;\"><\/div>\n        <\/div>\n            <div class=\"kksr-star\" style=\"padding-right: 5px\">\n            \n\n<div class=\"kksr-icon\" style=\"width: 16px; height: 16px;\"><\/div>\n        <\/div>\n    <\/div>\n<\/div>\n                \n\n<div class=\"kksr-legend\" style=\"font-size: 12.8px;\">\n            5\/5 - (1 ocen)    <\/div>\n    <\/div>\n<h2><strong>Sprzeda\u017c Telefoniczna<\/strong><\/h2>\n<p>Badania pokazuj\u0105, \u017ce w sprzeda\u017cy telefonicznej mamy 3 razy wi\u0119cej czasu na zrobienie pozytywnego wra\u017cenia ni\u017c w przypadku sprzeda\u017cy face-2-face. Jak zatem zwi\u0119kszy\u0107 swoje szanse i zosta\u0107 wys\u0142uchanym? Umiej\u0119tno\u015b\u0107 s\u0142uchania oraz komunikacji sta\u0142y si\u0119 obecnie najbardziej po\u017c\u0105dane na rynku. S\u0142uchanie rozm\u00f3wcy jest najwa\u017cniejsz\u0105 czynno\u015bci\u0105 w trakcie komunikacji. Klient musi wiedzie\u0107, \u017ce jest s\u0142uchany. Znajomo\u015b\u0107 najlepszych technik sprzeda\u017cy nie wystarczy, je\u015bli nie potrafimy odczyta\u0107 komunikatu ze strony klienta. Badanie przeprowadzone przez Walker Service i PWC Global pokazuje, \u017ce jako\u015b\u0107 obs\u0142ugi klienta ma znacznie wi\u0119ksze znaczenie ni\u017c cena czy produkt. A\u017c 86% klient\u00f3w jest sk\u0142onna do zaakceptowania wy\u017cszej ceny w przypadku wysokiej jako\u015bci obs\u0142ugi.<\/p>\n<h2>Rewolucja Sprzeda\u017cy &#8211; Prolog<\/h2>\n<p>Wst\u0119p do szkolenia zaawansowanego. W kontek\u015bcie biznesowym i dbania o klienta, sprzeda\u017c bezpo\u015brednia face-2-face zawsze b\u0119dzie mia\u0142a istotne znaczenie. Metoda Sprzeda\u017cy prowokatywnej S.L., czyli system stworzony przez \u201ewilka z wallstreet\u201d, udoskonalony i przetworzony na warunki polskie z uwzgl\u0119dnieniem proces\u00f3w behawioralnych w podejmowaniu decyzji przez klient\u00f3w jest obecnie najbardziej po\u017c\u0105danym narz\u0119dziem w kontakcie z klientem biznesowym. Szkolenie Rewolucja Sprzeda\u017cy to istny fenomen w sprzeda\u017cy. Najwa\u017cniejsze i najnowsze techniki najlepszych sprzedawc\u00f3w \u015bwiata w jednym miejscu!<\/p>\n<p><strong>Kurs sk\u0142ada si\u0119 z 3 modu\u0142\u00f3w:<\/strong><\/p>\n<p>Modu\u0142 1: Zasady Sprzeda\u017cy Telefonicznej<\/p>\n<p>Modu\u0142 2: Prezentowanie<\/p>\n<p>Modu\u0142 3: Sprzeda\u017c Platformowa<\/p>\n","protected":false},"excerpt":{"rendered":"<p>Sprzeda\u017c Telefoniczna Badania pokazuj\u0105, \u017ce w sprzeda\u017cy telefonicznej mamy 3 razy wi\u0119cej czasu na zrobienie pozytywnego wra\u017cenia ni\u017c w przypadku sprzeda\u017cy face-2-face. Jak zatem zwi\u0119kszy\u0107 swoje szanse i zosta\u0107 wys\u0142uchanym? Umiej\u0119tno\u015b\u0107 s\u0142uchania oraz komunikacji sta\u0142y si\u0119 obecnie najbardziej po\u017c\u0105dane na rynku. S\u0142uchanie rozm\u00f3wcy jest najwa\u017cniejsz\u0105 czynno\u015bci\u0105 w trakcie komunikacji. Klient musi wiedzie\u0107, \u017ce jest s\u0142uchany. [&hellip;]<\/p>\n","protected":false},"featured_media":5214,"template":"","meta":{"_acf_changed":false,"content-type":""},"product_brand":[],"product_cat":[28,31,114],"product_tag":[101],"class_list":{"0":"post-5213","1":"product","2":"type-product","3":"status-publish","4":"has-post-thumbnail","6":"product_cat-kursy-online","7":"product_cat-promocje","8":"product_cat-wszystkie-produkty","9":"product_tag-marketing-sprzedaz-telefoniczna-rewolucja-sprzedazy-prolog","11":"first","12":"instock","13":"sale","14":"virtual","15":"sold-individually","16":"taxable","17":"purchasable","18":"product-type-simple"},"acf":[],"yoast_head":"<!-- This site is optimized with the Yoast SEO plugin v27.1.1 - https:\/\/yoast.com\/product\/yoast-seo-wordpress\/ -->\n<title>Pakiet promocyjny - Sprzeda\u017c Telefoniczna + Rewolucja sprzeda\u017cy Prolog - Mateusz Mrozowski Trener Biznesu<\/title>\n<meta name=\"robots\" content=\"noindex, nofollow\" \/>\n<meta property=\"og:locale\" content=\"pl_PL\" \/>\n<meta property=\"og:type\" content=\"article\" \/>\n<meta property=\"og:title\" content=\"Pakiet promocyjny - Sprzeda\u017c Telefoniczna + Rewolucja sprzeda\u017cy Prolog - Mateusz Mrozowski Trener Biznesu\" \/>\n<meta property=\"og:description\" content=\"Sprzeda\u017c Telefoniczna Badania pokazuj\u0105, \u017ce w sprzeda\u017cy telefonicznej mamy 3 razy wi\u0119cej czasu na zrobienie pozytywnego wra\u017cenia ni\u017c w przypadku sprzeda\u017cy face-2-face. Jak zatem zwi\u0119kszy\u0107 swoje szanse i zosta\u0107 wys\u0142uchanym? Umiej\u0119tno\u015b\u0107 s\u0142uchania oraz komunikacji sta\u0142y si\u0119 obecnie najbardziej po\u017c\u0105dane na rynku. S\u0142uchanie rozm\u00f3wcy jest najwa\u017cniejsz\u0105 czynno\u015bci\u0105 w trakcie komunikacji. Klient musi wiedzie\u0107, \u017ce jest s\u0142uchany. [&hellip;]\" \/>\n<meta property=\"og:url\" content=\"https:\/\/mateuszmrozowski.pl\/sklep\/produkt\/pakiet-promocyjny-sprzedaz-telefoniczna-rewolucja-sprzedazy-prolog\/\" \/>\n<meta property=\"og:site_name\" content=\"Mateusz Mrozowski Trener Biznesu\" \/>\n<meta property=\"article:publisher\" content=\"https:\/\/www.facebook.com\/mateuszmrozowskisiewca\" \/>\n<meta property=\"article:modified_time\" content=\"2025-08-01T19:36:41+00:00\" \/>\n<meta property=\"og:image\" content=\"https:\/\/mateuszmrozowski.pl\/sklep\/wp-content\/uploads\/2021\/11\/195.png\" \/>\n\t<meta property=\"og:image:width\" content=\"788\" \/>\n\t<meta property=\"og:image:height\" content=\"788\" \/>\n\t<meta property=\"og:image:type\" content=\"image\/png\" \/>\n<meta name=\"twitter:card\" content=\"summary_large_image\" \/>\n<meta name=\"twitter:label1\" content=\"Szacowany czas czytania\" \/>\n\t<meta name=\"twitter:data1\" content=\"2 minuty\" \/>\n<script type=\"application\/ld+json\" class=\"yoast-schema-graph\">{\"@context\":\"https:\/\/schema.org\",\"@graph\":[{\"@type\":\"WebPage\",\"@id\":\"https:\/\/mateuszmrozowski.pl\/sklep\/produkt\/pakiet-promocyjny-sprzedaz-telefoniczna-rewolucja-sprzedazy-prolog\/\",\"url\":\"https:\/\/mateuszmrozowski.pl\/sklep\/produkt\/pakiet-promocyjny-sprzedaz-telefoniczna-rewolucja-sprzedazy-prolog\/\",\"name\":\"Pakiet promocyjny - Sprzeda\u017c Telefoniczna + Rewolucja sprzeda\u017cy Prolog - Mateusz Mrozowski Trener Biznesu\",\"isPartOf\":{\"@id\":\"https:\/\/mateuszmrozowski.pl\/sklep\/#website\"},\"primaryImageOfPage\":{\"@id\":\"https:\/\/mateuszmrozowski.pl\/sklep\/produkt\/pakiet-promocyjny-sprzedaz-telefoniczna-rewolucja-sprzedazy-prolog\/#primaryimage\"},\"image\":{\"@id\":\"https:\/\/mateuszmrozowski.pl\/sklep\/produkt\/pakiet-promocyjny-sprzedaz-telefoniczna-rewolucja-sprzedazy-prolog\/#primaryimage\"},\"thumbnailUrl\":\"https:\/\/mateuszmrozowski.pl\/sklep\/wp-content\/uploads\/2021\/11\/195.png\",\"datePublished\":\"2021-11-24T11:35:05+00:00\",\"dateModified\":\"2025-08-01T19:36:41+00:00\",\"breadcrumb\":{\"@id\":\"https:\/\/mateuszmrozowski.pl\/sklep\/produkt\/pakiet-promocyjny-sprzedaz-telefoniczna-rewolucja-sprzedazy-prolog\/#breadcrumb\"},\"inLanguage\":\"pl-PL\",\"potentialAction\":[{\"@type\":\"ReadAction\",\"target\":[\"https:\/\/mateuszmrozowski.pl\/sklep\/produkt\/pakiet-promocyjny-sprzedaz-telefoniczna-rewolucja-sprzedazy-prolog\/\"]}]},{\"@type\":\"ImageObject\",\"inLanguage\":\"pl-PL\",\"@id\":\"https:\/\/mateuszmrozowski.pl\/sklep\/produkt\/pakiet-promocyjny-sprzedaz-telefoniczna-rewolucja-sprzedazy-prolog\/#primaryimage\",\"url\":\"https:\/\/mateuszmrozowski.pl\/sklep\/wp-content\/uploads\/2021\/11\/195.png\",\"contentUrl\":\"https:\/\/mateuszmrozowski.pl\/sklep\/wp-content\/uploads\/2021\/11\/195.png\",\"width\":788,\"height\":788},{\"@type\":\"BreadcrumbList\",\"@id\":\"https:\/\/mateuszmrozowski.pl\/sklep\/produkt\/pakiet-promocyjny-sprzedaz-telefoniczna-rewolucja-sprzedazy-prolog\/#breadcrumb\",\"itemListElement\":[{\"@type\":\"ListItem\",\"position\":1,\"name\":\"Strona g\u0142\u00f3wna\",\"item\":\"https:\/\/mateuszmrozowski.pl\/sklep\/\"},{\"@type\":\"ListItem\",\"position\":2,\"name\":\"Szkolenia biznesowe i kursy sprzeda\u017cowe\",\"item\":\"https:\/\/mateuszmrozowski.pl\/sklep\/\"},{\"@type\":\"ListItem\",\"position\":3,\"name\":\"Kursy online\",\"item\":\"https:\/\/mateuszmrozowski.pl\/sklep\/kategoria-produktu\/kursy-online\/\"},{\"@type\":\"ListItem\",\"position\":4,\"name\":\"Pakiet promocyjny &#8211; Sprzeda\u017c Telefoniczna + Rewolucja sprzeda\u017cy Prolog\"}]},{\"@type\":\"WebSite\",\"@id\":\"https:\/\/mateuszmrozowski.pl\/sklep\/#website\",\"url\":\"https:\/\/mateuszmrozowski.pl\/sklep\/\",\"name\":\"Mateusz Mrozowski Trener biznesu\",\"description\":\"Walcz\u0119 o wynik dla firm z kt\u00f3rymi wsp\u00f3\u0142pracuj\u0119.\",\"publisher\":{\"@id\":\"https:\/\/mateuszmrozowski.pl\/sklep\/#organization\"},\"alternateName\":\"Mateusz Mrozowski\",\"potentialAction\":[{\"@type\":\"SearchAction\",\"target\":{\"@type\":\"EntryPoint\",\"urlTemplate\":\"https:\/\/mateuszmrozowski.pl\/sklep\/?s={search_term_string}\"},\"query-input\":{\"@type\":\"PropertyValueSpecification\",\"valueRequired\":true,\"valueName\":\"search_term_string\"}}],\"inLanguage\":\"pl-PL\"},{\"@type\":\"Organization\",\"@id\":\"https:\/\/mateuszmrozowski.pl\/sklep\/#organization\",\"name\":\"Mateusz Mrozowski Trener biznesu\",\"alternateName\":\"Mateusz Mrozowski\",\"url\":\"https:\/\/mateuszmrozowski.pl\/sklep\/\",\"logo\":{\"@type\":\"ImageObject\",\"inLanguage\":\"pl-PL\",\"@id\":\"https:\/\/mateuszmrozowski.pl\/sklep\/#\/schema\/logo\/image\/\",\"url\":\"https:\/\/mateuszmrozowski.pl\/sklep\/wp-content\/uploads\/2025\/03\/cropped-mateusz_mrozowski_logo.png\",\"contentUrl\":\"https:\/\/mateuszmrozowski.pl\/sklep\/wp-content\/uploads\/2025\/03\/cropped-mateusz_mrozowski_logo.png\",\"width\":236,\"height\":59,\"caption\":\"Mateusz Mrozowski Trener biznesu\"},\"image\":{\"@id\":\"https:\/\/mateuszmrozowski.pl\/sklep\/#\/schema\/logo\/image\/\"},\"sameAs\":[\"https:\/\/www.facebook.com\/mateuszmrozowskisiewca\",\"https:\/\/www.youtube.com\/channel\/UCI6FhECZ4GdL1TYU5oh5JDg\",\"https:\/\/www.instagram.com\/mrozowski.siewca\/\",\"https:\/\/www.linkedin.com\/in\/mateuszmrozowski\/\",\"https:\/\/maps.app.goo.gl\/Ee8wtgr6gx2CjEM68\",\"https:\/\/www.tiktok.com\/@mateuszmrozowskisiewca\"]}]}<\/script>\n<!-- \/ Yoast SEO plugin. -->","yoast_head_json":{"title":"Pakiet promocyjny - Sprzeda\u017c Telefoniczna + Rewolucja sprzeda\u017cy Prolog - Mateusz Mrozowski Trener Biznesu","robots":{"index":"noindex","follow":"nofollow"},"og_locale":"pl_PL","og_type":"article","og_title":"Pakiet promocyjny - Sprzeda\u017c Telefoniczna + Rewolucja sprzeda\u017cy Prolog - Mateusz Mrozowski Trener Biznesu","og_description":"Sprzeda\u017c Telefoniczna Badania pokazuj\u0105, \u017ce w sprzeda\u017cy telefonicznej mamy 3 razy wi\u0119cej czasu na zrobienie pozytywnego wra\u017cenia ni\u017c w przypadku sprzeda\u017cy face-2-face. Jak zatem zwi\u0119kszy\u0107 swoje szanse i zosta\u0107 wys\u0142uchanym? Umiej\u0119tno\u015b\u0107 s\u0142uchania oraz komunikacji sta\u0142y si\u0119 obecnie najbardziej po\u017c\u0105dane na rynku. S\u0142uchanie rozm\u00f3wcy jest najwa\u017cniejsz\u0105 czynno\u015bci\u0105 w trakcie komunikacji. Klient musi wiedzie\u0107, \u017ce jest s\u0142uchany. [&hellip;]","og_url":"https:\/\/mateuszmrozowski.pl\/sklep\/produkt\/pakiet-promocyjny-sprzedaz-telefoniczna-rewolucja-sprzedazy-prolog\/","og_site_name":"Mateusz Mrozowski Trener Biznesu","article_publisher":"https:\/\/www.facebook.com\/mateuszmrozowskisiewca","article_modified_time":"2025-08-01T19:36:41+00:00","og_image":[{"width":788,"height":788,"url":"https:\/\/mateuszmrozowski.pl\/sklep\/wp-content\/uploads\/2021\/11\/195.png","type":"image\/png"}],"twitter_card":"summary_large_image","twitter_misc":{"Szacowany czas czytania":"2 minuty"},"schema":{"@context":"https:\/\/schema.org","@graph":[{"@type":"WebPage","@id":"https:\/\/mateuszmrozowski.pl\/sklep\/produkt\/pakiet-promocyjny-sprzedaz-telefoniczna-rewolucja-sprzedazy-prolog\/","url":"https:\/\/mateuszmrozowski.pl\/sklep\/produkt\/pakiet-promocyjny-sprzedaz-telefoniczna-rewolucja-sprzedazy-prolog\/","name":"Pakiet promocyjny - Sprzeda\u017c Telefoniczna + Rewolucja sprzeda\u017cy Prolog - Mateusz Mrozowski Trener Biznesu","isPartOf":{"@id":"https:\/\/mateuszmrozowski.pl\/sklep\/#website"},"primaryImageOfPage":{"@id":"https:\/\/mateuszmrozowski.pl\/sklep\/produkt\/pakiet-promocyjny-sprzedaz-telefoniczna-rewolucja-sprzedazy-prolog\/#primaryimage"},"image":{"@id":"https:\/\/mateuszmrozowski.pl\/sklep\/produkt\/pakiet-promocyjny-sprzedaz-telefoniczna-rewolucja-sprzedazy-prolog\/#primaryimage"},"thumbnailUrl":"https:\/\/mateuszmrozowski.pl\/sklep\/wp-content\/uploads\/2021\/11\/195.png","datePublished":"2021-11-24T11:35:05+00:00","dateModified":"2025-08-01T19:36:41+00:00","breadcrumb":{"@id":"https:\/\/mateuszmrozowski.pl\/sklep\/produkt\/pakiet-promocyjny-sprzedaz-telefoniczna-rewolucja-sprzedazy-prolog\/#breadcrumb"},"inLanguage":"pl-PL","potentialAction":[{"@type":"ReadAction","target":["https:\/\/mateuszmrozowski.pl\/sklep\/produkt\/pakiet-promocyjny-sprzedaz-telefoniczna-rewolucja-sprzedazy-prolog\/"]}]},{"@type":"ImageObject","inLanguage":"pl-PL","@id":"https:\/\/mateuszmrozowski.pl\/sklep\/produkt\/pakiet-promocyjny-sprzedaz-telefoniczna-rewolucja-sprzedazy-prolog\/#primaryimage","url":"https:\/\/mateuszmrozowski.pl\/sklep\/wp-content\/uploads\/2021\/11\/195.png","contentUrl":"https:\/\/mateuszmrozowski.pl\/sklep\/wp-content\/uploads\/2021\/11\/195.png","width":788,"height":788},{"@type":"BreadcrumbList","@id":"https:\/\/mateuszmrozowski.pl\/sklep\/produkt\/pakiet-promocyjny-sprzedaz-telefoniczna-rewolucja-sprzedazy-prolog\/#breadcrumb","itemListElement":[{"@type":"ListItem","position":1,"name":"Strona g\u0142\u00f3wna","item":"https:\/\/mateuszmrozowski.pl\/sklep\/"},{"@type":"ListItem","position":2,"name":"Szkolenia biznesowe i kursy sprzeda\u017cowe","item":"https:\/\/mateuszmrozowski.pl\/sklep\/"},{"@type":"ListItem","position":3,"name":"Kursy online","item":"https:\/\/mateuszmrozowski.pl\/sklep\/kategoria-produktu\/kursy-online\/"},{"@type":"ListItem","position":4,"name":"Pakiet promocyjny &#8211; Sprzeda\u017c Telefoniczna + Rewolucja sprzeda\u017cy Prolog"}]},{"@type":"WebSite","@id":"https:\/\/mateuszmrozowski.pl\/sklep\/#website","url":"https:\/\/mateuszmrozowski.pl\/sklep\/","name":"Mateusz Mrozowski Trener biznesu","description":"Walcz\u0119 o wynik dla firm z kt\u00f3rymi wsp\u00f3\u0142pracuj\u0119.","publisher":{"@id":"https:\/\/mateuszmrozowski.pl\/sklep\/#organization"},"alternateName":"Mateusz Mrozowski","potentialAction":[{"@type":"SearchAction","target":{"@type":"EntryPoint","urlTemplate":"https:\/\/mateuszmrozowski.pl\/sklep\/?s={search_term_string}"},"query-input":{"@type":"PropertyValueSpecification","valueRequired":true,"valueName":"search_term_string"}}],"inLanguage":"pl-PL"},{"@type":"Organization","@id":"https:\/\/mateuszmrozowski.pl\/sklep\/#organization","name":"Mateusz Mrozowski Trener biznesu","alternateName":"Mateusz Mrozowski","url":"https:\/\/mateuszmrozowski.pl\/sklep\/","logo":{"@type":"ImageObject","inLanguage":"pl-PL","@id":"https:\/\/mateuszmrozowski.pl\/sklep\/#\/schema\/logo\/image\/","url":"https:\/\/mateuszmrozowski.pl\/sklep\/wp-content\/uploads\/2025\/03\/cropped-mateusz_mrozowski_logo.png","contentUrl":"https:\/\/mateuszmrozowski.pl\/sklep\/wp-content\/uploads\/2025\/03\/cropped-mateusz_mrozowski_logo.png","width":236,"height":59,"caption":"Mateusz Mrozowski Trener biznesu"},"image":{"@id":"https:\/\/mateuszmrozowski.pl\/sklep\/#\/schema\/logo\/image\/"},"sameAs":["https:\/\/www.facebook.com\/mateuszmrozowskisiewca","https:\/\/www.youtube.com\/channel\/UCI6FhECZ4GdL1TYU5oh5JDg","https:\/\/www.instagram.com\/mrozowski.siewca\/","https:\/\/www.linkedin.com\/in\/mateuszmrozowski\/","https:\/\/maps.app.goo.gl\/Ee8wtgr6gx2CjEM68","https:\/\/www.tiktok.com\/@mateuszmrozowskisiewca"]}]}},"_links":{"self":[{"href":"https:\/\/mateuszmrozowski.pl\/sklep\/wp-json\/wp\/v2\/product\/5213","targetHints":{"allow":["GET"]}}],"collection":[{"href":"https:\/\/mateuszmrozowski.pl\/sklep\/wp-json\/wp\/v2\/product"}],"about":[{"href":"https:\/\/mateuszmrozowski.pl\/sklep\/wp-json\/wp\/v2\/types\/product"}],"wp:featuredmedia":[{"embeddable":true,"href":"https:\/\/mateuszmrozowski.pl\/sklep\/wp-json\/wp\/v2\/media\/5214"}],"wp:attachment":[{"href":"https:\/\/mateuszmrozowski.pl\/sklep\/wp-json\/wp\/v2\/media?parent=5213"}],"wp:term":[{"taxonomy":"product_brand","embeddable":true,"href":"https:\/\/mateuszmrozowski.pl\/sklep\/wp-json\/wp\/v2\/product_brand?post=5213"},{"taxonomy":"product_cat","embeddable":true,"href":"https:\/\/mateuszmrozowski.pl\/sklep\/wp-json\/wp\/v2\/product_cat?post=5213"},{"taxonomy":"product_tag","embeddable":true,"href":"https:\/\/mateuszmrozowski.pl\/sklep\/wp-json\/wp\/v2\/product_tag?post=5213"}],"curies":[{"name":"wp","href":"https:\/\/api.w.org\/{rel}","templated":true}]}}