{"id":4678,"date":"2021-10-13T08:37:05","date_gmt":"2021-10-13T08:37:05","guid":{"rendered":"https:\/\/mateuszmrozowski.pl\/sklep\/?post_type=product&#038;p=4678"},"modified":"2025-03-01T17:33:30","modified_gmt":"2025-03-01T17:33:30","slug":"doktor-house-sprzedazy","status":"publish","type":"product","link":"https:\/\/mateuszmrozowski.pl\/sklep\/produkt\/doktor-house-sprzedazy\/","title":{"rendered":"Szkolenie Sprzeda\u017cowe &#8211; Doktor House Sprzeda\u017cy"},"content":{"rendered":"\n\n<div class=\"kk-star-ratings kksr-auto kksr-align-left kksr-valign-top kksr-disabled\"\n    data-payload='{&quot;align&quot;:&quot;left&quot;,&quot;id&quot;:&quot;4678&quot;,&quot;readonly&quot;:&quot;1&quot;,&quot;slug&quot;:&quot;default&quot;,&quot;valign&quot;:&quot;top&quot;,&quot;ignore&quot;:&quot;&quot;,&quot;reference&quot;:&quot;auto&quot;,&quot;class&quot;:&quot;&quot;,&quot;count&quot;:&quot;1&quot;,&quot;legendonly&quot;:&quot;&quot;,&quot;score&quot;:&quot;5&quot;,&quot;starsonly&quot;:&quot;&quot;,&quot;best&quot;:&quot;5&quot;,&quot;gap&quot;:&quot;5&quot;,&quot;greet&quot;:&quot;Wystaw ocen\u0119&quot;,&quot;legend&quot;:&quot;5\\\/5 - (1 ocen)&quot;,&quot;size&quot;:&quot;16&quot;,&quot;title&quot;:&quot;Szkolenie Sprzeda\u017cowe - Doktor House Sprzeda\u017cy&quot;,&quot;width&quot;:&quot;102.5&quot;,&quot;_legend&quot;:&quot;{score}\\\/{best} - ({count} ocen)&quot;,&quot;font_factor&quot;:&quot;1.25&quot;}'>\n            \n<div class=\"kksr-stars\">\n    \n<div class=\"kksr-stars-inactive\">\n            <div class=\"kksr-star\" data-star=\"1\" style=\"padding-right: 5px\">\n            \n\n<div class=\"kksr-icon\" style=\"width: 16px; height: 16px;\"><\/div>\n        <\/div>\n            <div class=\"kksr-star\" data-star=\"2\" style=\"padding-right: 5px\">\n            \n\n<div class=\"kksr-icon\" style=\"width: 16px; height: 16px;\"><\/div>\n        <\/div>\n            <div class=\"kksr-star\" data-star=\"3\" style=\"padding-right: 5px\">\n            \n\n<div class=\"kksr-icon\" style=\"width: 16px; height: 16px;\"><\/div>\n        <\/div>\n            <div class=\"kksr-star\" data-star=\"4\" style=\"padding-right: 5px\">\n            \n\n<div class=\"kksr-icon\" style=\"width: 16px; height: 16px;\"><\/div>\n        <\/div>\n            <div class=\"kksr-star\" data-star=\"5\" style=\"padding-right: 5px\">\n            \n\n<div class=\"kksr-icon\" style=\"width: 16px; height: 16px;\"><\/div>\n        <\/div>\n    <\/div>\n    \n<div class=\"kksr-stars-active\" style=\"width: 102.5px;\">\n            <div class=\"kksr-star\" style=\"padding-right: 5px\">\n            \n\n<div class=\"kksr-icon\" style=\"width: 16px; height: 16px;\"><\/div>\n        <\/div>\n            <div class=\"kksr-star\" style=\"padding-right: 5px\">\n            \n\n<div class=\"kksr-icon\" style=\"width: 16px; height: 16px;\"><\/div>\n        <\/div>\n            <div class=\"kksr-star\" style=\"padding-right: 5px\">\n            \n\n<div class=\"kksr-icon\" style=\"width: 16px; height: 16px;\"><\/div>\n        <\/div>\n            <div class=\"kksr-star\" style=\"padding-right: 5px\">\n            \n\n<div class=\"kksr-icon\" style=\"width: 16px; height: 16px;\"><\/div>\n        <\/div>\n            <div class=\"kksr-star\" style=\"padding-right: 5px\">\n            \n\n<div class=\"kksr-icon\" style=\"width: 16px; height: 16px;\"><\/div>\n        <\/div>\n    <\/div>\n<\/div>\n                \n\n<div class=\"kksr-legend\" style=\"font-size: 12.8px;\">\n            5\/5 - (1 ocen)    <\/div>\n    <\/div>\n<p>Szkolenie sprzeda\u017cowe Mateusza Mrozowskiego pt. &#8222;Doktor House Sprzeda\u017cy&#8221; to nagranie video, dost\u0119pne online, stworzone na potrzeby rynku.<strong> Jest to kurs, kt\u00f3ry zosta\u0142 nagrany na \u017cywo podczas jednego z naszych warsztat\u00f3w dla subskrybent\u00f3w.\u00a0<\/strong>Kurs sprzeda\u017cowy stworzony zosta\u0142 dla wszystkich, kt\u00f3rzy spotykaj\u0105 si\u0119 ze sprzeda\u017c\u0105 w \u017cyciu codziennym i chcieliby pozna\u0107 oraz zrozumie\u0107 za\u0142o\u017cenia sprzeda\u017cy prowokatywnej, a tak\u017ce za\u0142o\u017cenia &#8222;The Challenger Sale&#8221;.<\/p>\n<h2>Dlaczego Doktor House Sprzeda\u017cy jako szkolenie sprzeda\u017cowe?<\/h2>\n<p>Sprzeda\u017c prowokatywna opiera swoje za\u0142o\u017cenia o model funkcjonowania psychologii behawioralnej i neurosprzeda\u017cy. G\u0142\u00f3wnym czynnikiem pracy w tym modelu sprzeda\u017cowym jest etap poznania i zaznajomienia si\u0119 z procesem funkcjonowania neuron\u00f3w lustrzanych, kt\u00f3rych odkrycie w ostatnich latach przynios\u0142o tw\u00f3rcom nagrod\u0119 Nobla. Sprzeda\u017c prowokatywna zawiera elementy \u201eThe Challenger Sale\u201d, a zatem metodologii nazwanej i okre\u015blanej 4 rewolucj\u0105 w sprzeda\u017cy, stanowi\u0105c jej udoskonalenie w aspekcie psychologicznym. Kurs ten opiera si\u0119 na psychologii behawioralnej, a zatem p\u0142aszczyznom wp\u0142ywu spo\u0142ecznego i neuropsychologii, gdzie nacisk k\u0142adziony jest na struktur\u0119 wypowiedzi, przekaz podprogowy i kotwiczenie przestrzenne.<\/p>\n<p>Wed\u0142ug tej metody, najlepsi sprzedawcy s\u0105 tzw. &#8222;wyzwaniowcami&#8221; (ang. &#8222;Challengers&#8221;), czyli osobami, kt\u00f3re maj\u0105 wiedz\u0119 eksperck\u0105 na temat oferowanych produkt\u00f3w i us\u0142ug, oraz potrafi\u0105 w spos\u00f3b przekonuj\u0105cy wyja\u015bni\u0107 klientom, dlaczego warto rozwa\u017cy\u0107 alternatywne rozwi\u0105zania. Metoda ta polega na tym, \u017ce sprzedawcy prowokuj\u0105 klient\u00f3w do my\u015blenia inaczej, prezentuj\u0105c nowe spojrzenie na problem, a nast\u0119pnie oferuj\u0105c rozwi\u0105zania, kt\u00f3re mog\u0105 przynie\u015b\u0107 realn\u0105 warto\u015b\u0107 dla klienta.<\/p>\n<p>Wprowadzenie rewolucji sprzeda\u017cy The Challenger wywiera znacz\u0105cy wp\u0142yw na organizacje sprzeda\u017cowe, poniewa\u017c wymaga zmiany mentalno\u015bci sprzedawc\u00f3w, a tak\u017ce inwestycji w szkolenia i rozw\u00f3j ich umiej\u0119tno\u015bci. Jednak zdaniem zwolennik\u00f3w tej metody, rewolucja ta pozwala na budowanie d\u0142ugotrwa\u0142ych relacji z klientami i zwi\u0119kszenie skuteczno\u015bci sprzeda\u017cy.<\/p>\n<h3>Co znajdziesz w tym kursie?<\/h3>\n<ul>\n<li>4 rewolucje sprzeda\u017cy<\/li>\n<li>Metoda Sprzeda\u017cy Prowokatywnej S.L.<\/li>\n<li>Za\u0142o\u017cenia 3xT &#8211; Teaching, Tailoring, Taking Control<\/li>\n<li>Zasady sprzeda\u017cy telefonicznej<\/li>\n<li>Sprzeda\u017c platformowa jako nowy trend XXI wieku<\/li>\n<\/ul>\n<p>Kurs &#8222;Doktor House Sprzeda\u017cy&#8221; to must-have w zrozumieniu poj\u0119cia sprzeda\u017cy prowokatywnej oraz rewolucji sprzeda\u017cy, o kt\u00f3rym m\u00f3wi The Challenger.\u00a0<strong><span class=\"S1PPyQ\">Opieraj\u0105c si\u0119 na rewolucji sprzeda\u017cy &#8222;The Challenger Sale&#8221;, zadaniem procesu jest wytworzenie challenger\u00f3w, czyli przemiana ze &#8222;zwyk\u0142ego&#8221; sprzedawcy na eksperta w swojej dziedzinie, <\/span><span class=\"S1PPyQ\">co jest kluczowe w nadchodz\u0105cym trudnym roku 2023.<\/span> <\/strong><\/p>\n<p>Wi\u0119cej na ten temat przeczytasz r\u00f3wnie\u017c w artykule Mateusza Mrozowskiego <span class=\"S1PPyQ\">\u00a0<\/span><a class=\"S1PPyQ\" draggable=\"false\" href=\"https:\/\/przedsiebiorcy.eu\/sprzedaz-jest-exy-albo-nie-ma-jej-wcale-czas-na-challengera\/\" target=\"_blank\" rel=\"noopener\">https:\/\/przedsiebiorcy.eu\/sprzedaz-jest-exy-albo-nie-ma-jej-wcale-czas-na-challengera\/<\/a><\/p>\n","protected":false},"excerpt":{"rendered":"<p>Szkolenie sprzeda\u017cowe Mateusza Mrozowskiego pt. &#8222;Doktor House Sprzeda\u017cy&#8221; to nagranie video, dost\u0119pne online, stworzone na potrzeby rynku. Jest to kurs, kt\u00f3ry zosta\u0142 nagrany na \u017cywo podczas jednego z naszych warsztat\u00f3w dla subskrybent\u00f3w.\u00a0Kurs sprzeda\u017cowy stworzony zosta\u0142 dla wszystkich, kt\u00f3rzy spotykaj\u0105 si\u0119 ze sprzeda\u017c\u0105 w \u017cyciu codziennym i chcieliby pozna\u0107 oraz zrozumie\u0107 za\u0142o\u017cenia sprzeda\u017cy prowokatywnej, a tak\u017ce [&hellip;]<\/p>\n","protected":false},"featured_media":5557,"template":"","meta":{"_acf_changed":false,"content-type":""},"product_brand":[],"product_cat":[28,114],"product_tag":[],"class_list":{"0":"post-4678","1":"product","2":"type-product","3":"status-publish","4":"has-post-thumbnail","6":"product_cat-kursy-online","7":"product_cat-wszystkie-produkty","9":"first","10":"instock","11":"virtual","12":"taxable","13":"purchasable","14":"product-type-simple"},"acf":[],"yoast_head":"<!-- This site is optimized with the Yoast SEO plugin v27.1.1 - https:\/\/yoast.com\/product\/yoast-seo-wordpress\/ -->\n<title>Szkolenie Sprzeda\u017cowe Doktor House Sprzeda\u017cy | M. Mrozowski<\/title>\n<meta name=\"description\" content=\"Szkolenie Sprzeda\u017cowe Doktor House Sprzeda\u017cy \u2714\ufe0f Wiedza i Do\u015bwiadczenie \u2714\ufe0f Autorskie Metody \u2714\ufe0f Naukowo Potwierdzone \u2714\ufe0f Dzia\u0142aj Skutecznie! Kup Teraz \u00bb\" \/>\n<meta name=\"robots\" content=\"noindex, nofollow\" \/>\n<meta property=\"og:locale\" content=\"pl_PL\" \/>\n<meta property=\"og:type\" content=\"article\" \/>\n<meta property=\"og:title\" content=\"Szkolenie Sprzeda\u017cowe Doktor House Sprzeda\u017cy | M. Mrozowski\" \/>\n<meta property=\"og:description\" content=\"Szkolenie Sprzeda\u017cowe Doktor House Sprzeda\u017cy \u2714\ufe0f Wiedza i Do\u015bwiadczenie \u2714\ufe0f Autorskie Metody \u2714\ufe0f Naukowo Potwierdzone \u2714\ufe0f Dzia\u0142aj Skutecznie! Kup Teraz \u00bb\" \/>\n<meta property=\"og:url\" content=\"https:\/\/mateuszmrozowski.pl\/sklep\/produkt\/doktor-house-sprzedazy\/\" \/>\n<meta property=\"og:site_name\" content=\"Mateusz Mrozowski Trener Biznesu\" \/>\n<meta property=\"article:publisher\" content=\"https:\/\/www.facebook.com\/mateuszmrozowskisiewca\" \/>\n<meta property=\"article:modified_time\" content=\"2025-03-01T17:33:30+00:00\" \/>\n<meta property=\"og:image\" content=\"https:\/\/mateuszmrozowski.pl\/sklep\/wp-content\/uploads\/2021\/10\/DVSWV.jpg\" \/>\n\t<meta property=\"og:image:width\" content=\"664\" \/>\n\t<meta property=\"og:image:height\" content=\"667\" \/>\n\t<meta property=\"og:image:type\" content=\"image\/jpeg\" \/>\n<meta name=\"twitter:card\" content=\"summary_large_image\" \/>\n<meta name=\"twitter:label1\" content=\"Szacowany czas czytania\" \/>\n\t<meta name=\"twitter:data1\" content=\"3 minuty\" \/>\n<script type=\"application\/ld+json\" class=\"yoast-schema-graph\">{\"@context\":\"https:\/\/schema.org\",\"@graph\":[{\"@type\":\"WebPage\",\"@id\":\"https:\/\/mateuszmrozowski.pl\/sklep\/produkt\/doktor-house-sprzedazy\/\",\"url\":\"https:\/\/mateuszmrozowski.pl\/sklep\/produkt\/doktor-house-sprzedazy\/\",\"name\":\"Szkolenie Sprzeda\u017cowe Doktor House Sprzeda\u017cy | M. Mrozowski\",\"isPartOf\":{\"@id\":\"https:\/\/mateuszmrozowski.pl\/sklep\/#website\"},\"primaryImageOfPage\":{\"@id\":\"https:\/\/mateuszmrozowski.pl\/sklep\/produkt\/doktor-house-sprzedazy\/#primaryimage\"},\"image\":{\"@id\":\"https:\/\/mateuszmrozowski.pl\/sklep\/produkt\/doktor-house-sprzedazy\/#primaryimage\"},\"thumbnailUrl\":\"https:\/\/mateuszmrozowski.pl\/sklep\/wp-content\/uploads\/2021\/10\/DVSWV.jpg\",\"datePublished\":\"2021-10-13T08:37:05+00:00\",\"dateModified\":\"2025-03-01T17:33:30+00:00\",\"description\":\"Szkolenie Sprzeda\u017cowe Doktor House Sprzeda\u017cy \u2714\ufe0f Wiedza i Do\u015bwiadczenie \u2714\ufe0f Autorskie Metody \u2714\ufe0f Naukowo Potwierdzone \u2714\ufe0f Dzia\u0142aj Skutecznie! Kup Teraz \u00bb\",\"breadcrumb\":{\"@id\":\"https:\/\/mateuszmrozowski.pl\/sklep\/produkt\/doktor-house-sprzedazy\/#breadcrumb\"},\"inLanguage\":\"pl-PL\",\"potentialAction\":[{\"@type\":\"ReadAction\",\"target\":[\"https:\/\/mateuszmrozowski.pl\/sklep\/produkt\/doktor-house-sprzedazy\/\"]}]},{\"@type\":\"ImageObject\",\"inLanguage\":\"pl-PL\",\"@id\":\"https:\/\/mateuszmrozowski.pl\/sklep\/produkt\/doktor-house-sprzedazy\/#primaryimage\",\"url\":\"https:\/\/mateuszmrozowski.pl\/sklep\/wp-content\/uploads\/2021\/10\/DVSWV.jpg\",\"contentUrl\":\"https:\/\/mateuszmrozowski.pl\/sklep\/wp-content\/uploads\/2021\/10\/DVSWV.jpg\",\"width\":664,\"height\":667},{\"@type\":\"BreadcrumbList\",\"@id\":\"https:\/\/mateuszmrozowski.pl\/sklep\/produkt\/doktor-house-sprzedazy\/#breadcrumb\",\"itemListElement\":[{\"@type\":\"ListItem\",\"position\":1,\"name\":\"Strona g\u0142\u00f3wna\",\"item\":\"https:\/\/mateuszmrozowski.pl\/sklep\/\"},{\"@type\":\"ListItem\",\"position\":2,\"name\":\"Szkolenia biznesowe i kursy sprzeda\u017cowe\",\"item\":\"https:\/\/mateuszmrozowski.pl\/sklep\/\"},{\"@type\":\"ListItem\",\"position\":3,\"name\":\"Kursy online\",\"item\":\"https:\/\/mateuszmrozowski.pl\/sklep\/kategoria-produktu\/kursy-online\/\"},{\"@type\":\"ListItem\",\"position\":4,\"name\":\"Szkolenie Sprzeda\u017cowe &#8211; Doktor House Sprzeda\u017cy\"}]},{\"@type\":\"WebSite\",\"@id\":\"https:\/\/mateuszmrozowski.pl\/sklep\/#website\",\"url\":\"https:\/\/mateuszmrozowski.pl\/sklep\/\",\"name\":\"Mateusz Mrozowski Trener biznesu\",\"description\":\"Walcz\u0119 o wynik dla firm z kt\u00f3rymi wsp\u00f3\u0142pracuj\u0119.\",\"publisher\":{\"@id\":\"https:\/\/mateuszmrozowski.pl\/sklep\/#organization\"},\"alternateName\":\"Mateusz Mrozowski\",\"potentialAction\":[{\"@type\":\"SearchAction\",\"target\":{\"@type\":\"EntryPoint\",\"urlTemplate\":\"https:\/\/mateuszmrozowski.pl\/sklep\/?s={search_term_string}\"},\"query-input\":{\"@type\":\"PropertyValueSpecification\",\"valueRequired\":true,\"valueName\":\"search_term_string\"}}],\"inLanguage\":\"pl-PL\"},{\"@type\":\"Organization\",\"@id\":\"https:\/\/mateuszmrozowski.pl\/sklep\/#organization\",\"name\":\"Mateusz Mrozowski Trener biznesu\",\"alternateName\":\"Mateusz Mrozowski\",\"url\":\"https:\/\/mateuszmrozowski.pl\/sklep\/\",\"logo\":{\"@type\":\"ImageObject\",\"inLanguage\":\"pl-PL\",\"@id\":\"https:\/\/mateuszmrozowski.pl\/sklep\/#\/schema\/logo\/image\/\",\"url\":\"https:\/\/mateuszmrozowski.pl\/sklep\/wp-content\/uploads\/2025\/03\/cropped-mateusz_mrozowski_logo.png\",\"contentUrl\":\"https:\/\/mateuszmrozowski.pl\/sklep\/wp-content\/uploads\/2025\/03\/cropped-mateusz_mrozowski_logo.png\",\"width\":236,\"height\":59,\"caption\":\"Mateusz Mrozowski Trener biznesu\"},\"image\":{\"@id\":\"https:\/\/mateuszmrozowski.pl\/sklep\/#\/schema\/logo\/image\/\"},\"sameAs\":[\"https:\/\/www.facebook.com\/mateuszmrozowskisiewca\",\"https:\/\/www.youtube.com\/channel\/UCI6FhECZ4GdL1TYU5oh5JDg\",\"https:\/\/www.instagram.com\/mrozowski.siewca\/\",\"https:\/\/www.linkedin.com\/in\/mateuszmrozowski\/\",\"https:\/\/maps.app.goo.gl\/Ee8wtgr6gx2CjEM68\",\"https:\/\/www.tiktok.com\/@mateuszmrozowskisiewca\"]}]}<\/script>\n<!-- \/ Yoast SEO plugin. -->","yoast_head_json":{"title":"Szkolenie Sprzeda\u017cowe Doktor House Sprzeda\u017cy | M. Mrozowski","description":"Szkolenie Sprzeda\u017cowe Doktor House Sprzeda\u017cy \u2714\ufe0f Wiedza i Do\u015bwiadczenie \u2714\ufe0f Autorskie Metody \u2714\ufe0f Naukowo Potwierdzone \u2714\ufe0f Dzia\u0142aj Skutecznie! Kup Teraz \u00bb","robots":{"index":"noindex","follow":"nofollow"},"og_locale":"pl_PL","og_type":"article","og_title":"Szkolenie Sprzeda\u017cowe Doktor House Sprzeda\u017cy | M. Mrozowski","og_description":"Szkolenie Sprzeda\u017cowe Doktor House Sprzeda\u017cy \u2714\ufe0f Wiedza i Do\u015bwiadczenie \u2714\ufe0f Autorskie Metody \u2714\ufe0f Naukowo Potwierdzone \u2714\ufe0f Dzia\u0142aj Skutecznie! Kup Teraz \u00bb","og_url":"https:\/\/mateuszmrozowski.pl\/sklep\/produkt\/doktor-house-sprzedazy\/","og_site_name":"Mateusz Mrozowski Trener Biznesu","article_publisher":"https:\/\/www.facebook.com\/mateuszmrozowskisiewca","article_modified_time":"2025-03-01T17:33:30+00:00","og_image":[{"width":664,"height":667,"url":"https:\/\/mateuszmrozowski.pl\/sklep\/wp-content\/uploads\/2021\/10\/DVSWV.jpg","type":"image\/jpeg"}],"twitter_card":"summary_large_image","twitter_misc":{"Szacowany czas czytania":"3 minuty"},"schema":{"@context":"https:\/\/schema.org","@graph":[{"@type":"WebPage","@id":"https:\/\/mateuszmrozowski.pl\/sklep\/produkt\/doktor-house-sprzedazy\/","url":"https:\/\/mateuszmrozowski.pl\/sklep\/produkt\/doktor-house-sprzedazy\/","name":"Szkolenie Sprzeda\u017cowe Doktor House Sprzeda\u017cy | M. Mrozowski","isPartOf":{"@id":"https:\/\/mateuszmrozowski.pl\/sklep\/#website"},"primaryImageOfPage":{"@id":"https:\/\/mateuszmrozowski.pl\/sklep\/produkt\/doktor-house-sprzedazy\/#primaryimage"},"image":{"@id":"https:\/\/mateuszmrozowski.pl\/sklep\/produkt\/doktor-house-sprzedazy\/#primaryimage"},"thumbnailUrl":"https:\/\/mateuszmrozowski.pl\/sklep\/wp-content\/uploads\/2021\/10\/DVSWV.jpg","datePublished":"2021-10-13T08:37:05+00:00","dateModified":"2025-03-01T17:33:30+00:00","description":"Szkolenie Sprzeda\u017cowe Doktor House Sprzeda\u017cy \u2714\ufe0f Wiedza i Do\u015bwiadczenie \u2714\ufe0f Autorskie Metody \u2714\ufe0f Naukowo Potwierdzone \u2714\ufe0f Dzia\u0142aj Skutecznie! Kup Teraz \u00bb","breadcrumb":{"@id":"https:\/\/mateuszmrozowski.pl\/sklep\/produkt\/doktor-house-sprzedazy\/#breadcrumb"},"inLanguage":"pl-PL","potentialAction":[{"@type":"ReadAction","target":["https:\/\/mateuszmrozowski.pl\/sklep\/produkt\/doktor-house-sprzedazy\/"]}]},{"@type":"ImageObject","inLanguage":"pl-PL","@id":"https:\/\/mateuszmrozowski.pl\/sklep\/produkt\/doktor-house-sprzedazy\/#primaryimage","url":"https:\/\/mateuszmrozowski.pl\/sklep\/wp-content\/uploads\/2021\/10\/DVSWV.jpg","contentUrl":"https:\/\/mateuszmrozowski.pl\/sklep\/wp-content\/uploads\/2021\/10\/DVSWV.jpg","width":664,"height":667},{"@type":"BreadcrumbList","@id":"https:\/\/mateuszmrozowski.pl\/sklep\/produkt\/doktor-house-sprzedazy\/#breadcrumb","itemListElement":[{"@type":"ListItem","position":1,"name":"Strona g\u0142\u00f3wna","item":"https:\/\/mateuszmrozowski.pl\/sklep\/"},{"@type":"ListItem","position":2,"name":"Szkolenia biznesowe i kursy sprzeda\u017cowe","item":"https:\/\/mateuszmrozowski.pl\/sklep\/"},{"@type":"ListItem","position":3,"name":"Kursy online","item":"https:\/\/mateuszmrozowski.pl\/sklep\/kategoria-produktu\/kursy-online\/"},{"@type":"ListItem","position":4,"name":"Szkolenie Sprzeda\u017cowe &#8211; Doktor House Sprzeda\u017cy"}]},{"@type":"WebSite","@id":"https:\/\/mateuszmrozowski.pl\/sklep\/#website","url":"https:\/\/mateuszmrozowski.pl\/sklep\/","name":"Mateusz Mrozowski Trener biznesu","description":"Walcz\u0119 o wynik dla firm z kt\u00f3rymi wsp\u00f3\u0142pracuj\u0119.","publisher":{"@id":"https:\/\/mateuszmrozowski.pl\/sklep\/#organization"},"alternateName":"Mateusz Mrozowski","potentialAction":[{"@type":"SearchAction","target":{"@type":"EntryPoint","urlTemplate":"https:\/\/mateuszmrozowski.pl\/sklep\/?s={search_term_string}"},"query-input":{"@type":"PropertyValueSpecification","valueRequired":true,"valueName":"search_term_string"}}],"inLanguage":"pl-PL"},{"@type":"Organization","@id":"https:\/\/mateuszmrozowski.pl\/sklep\/#organization","name":"Mateusz Mrozowski Trener biznesu","alternateName":"Mateusz Mrozowski","url":"https:\/\/mateuszmrozowski.pl\/sklep\/","logo":{"@type":"ImageObject","inLanguage":"pl-PL","@id":"https:\/\/mateuszmrozowski.pl\/sklep\/#\/schema\/logo\/image\/","url":"https:\/\/mateuszmrozowski.pl\/sklep\/wp-content\/uploads\/2025\/03\/cropped-mateusz_mrozowski_logo.png","contentUrl":"https:\/\/mateuszmrozowski.pl\/sklep\/wp-content\/uploads\/2025\/03\/cropped-mateusz_mrozowski_logo.png","width":236,"height":59,"caption":"Mateusz Mrozowski Trener biznesu"},"image":{"@id":"https:\/\/mateuszmrozowski.pl\/sklep\/#\/schema\/logo\/image\/"},"sameAs":["https:\/\/www.facebook.com\/mateuszmrozowskisiewca","https:\/\/www.youtube.com\/channel\/UCI6FhECZ4GdL1TYU5oh5JDg","https:\/\/www.instagram.com\/mrozowski.siewca\/","https:\/\/www.linkedin.com\/in\/mateuszmrozowski\/","https:\/\/maps.app.goo.gl\/Ee8wtgr6gx2CjEM68","https:\/\/www.tiktok.com\/@mateuszmrozowskisiewca"]}]}},"_links":{"self":[{"href":"https:\/\/mateuszmrozowski.pl\/sklep\/wp-json\/wp\/v2\/product\/4678","targetHints":{"allow":["GET"]}}],"collection":[{"href":"https:\/\/mateuszmrozowski.pl\/sklep\/wp-json\/wp\/v2\/product"}],"about":[{"href":"https:\/\/mateuszmrozowski.pl\/sklep\/wp-json\/wp\/v2\/types\/product"}],"wp:featuredmedia":[{"embeddable":true,"href":"https:\/\/mateuszmrozowski.pl\/sklep\/wp-json\/wp\/v2\/media\/5557"}],"wp:attachment":[{"href":"https:\/\/mateuszmrozowski.pl\/sklep\/wp-json\/wp\/v2\/media?parent=4678"}],"wp:term":[{"taxonomy":"product_brand","embeddable":true,"href":"https:\/\/mateuszmrozowski.pl\/sklep\/wp-json\/wp\/v2\/product_brand?post=4678"},{"taxonomy":"product_cat","embeddable":true,"href":"https:\/\/mateuszmrozowski.pl\/sklep\/wp-json\/wp\/v2\/product_cat?post=4678"},{"taxonomy":"product_tag","embeddable":true,"href":"https:\/\/mateuszmrozowski.pl\/sklep\/wp-json\/wp\/v2\/product_tag?post=4678"}],"curies":[{"name":"wp","href":"https:\/\/api.w.org\/{rel}","templated":true}]}}