{"id":324,"date":"2020-05-08T12:26:06","date_gmt":"2020-05-08T12:26:06","guid":{"rendered":"https:\/\/mateuszmrozowski.pl\/sklep\/?post_type=product&#038;p=324"},"modified":"2025-05-26T09:02:45","modified_gmt":"2025-05-26T09:02:45","slug":"samotnosc-lidera-historia-sprzedawcy","status":"publish","type":"product","link":"https:\/\/mateuszmrozowski.pl\/sklep\/produkt\/samotnosc-lidera-historia-sprzedawcy\/","title":{"rendered":"Samotno\u015b\u0107 Lidera \u2013 Historia Sprzedawcy"},"content":{"rendered":"\n\n<div class=\"kk-star-ratings kksr-auto kksr-align-left kksr-valign-top kksr-disabled\"\n    data-payload='{&quot;align&quot;:&quot;left&quot;,&quot;id&quot;:&quot;324&quot;,&quot;readonly&quot;:&quot;1&quot;,&quot;slug&quot;:&quot;default&quot;,&quot;valign&quot;:&quot;top&quot;,&quot;ignore&quot;:&quot;&quot;,&quot;reference&quot;:&quot;auto&quot;,&quot;class&quot;:&quot;&quot;,&quot;count&quot;:&quot;6&quot;,&quot;legendonly&quot;:&quot;&quot;,&quot;score&quot;:&quot;4.5&quot;,&quot;starsonly&quot;:&quot;&quot;,&quot;best&quot;:&quot;5&quot;,&quot;gap&quot;:&quot;5&quot;,&quot;greet&quot;:&quot;Wystaw ocen\u0119&quot;,&quot;legend&quot;:&quot;4.5\\\/5 - (6 ocen)&quot;,&quot;size&quot;:&quot;16&quot;,&quot;title&quot;:&quot;Samotno\u015b\u0107 Lidera \u2013 Historia Sprzedawcy&quot;,&quot;width&quot;:&quot;92&quot;,&quot;_legend&quot;:&quot;{score}\\\/{best} - ({count} ocen)&quot;,&quot;font_factor&quot;:&quot;1.25&quot;}'>\n            \n<div class=\"kksr-stars\">\n    \n<div class=\"kksr-stars-inactive\">\n            <div class=\"kksr-star\" data-star=\"1\" style=\"padding-right: 5px\">\n            \n\n<div class=\"kksr-icon\" style=\"width: 16px; height: 16px;\"><\/div>\n        <\/div>\n            <div class=\"kksr-star\" data-star=\"2\" style=\"padding-right: 5px\">\n            \n\n<div class=\"kksr-icon\" style=\"width: 16px; height: 16px;\"><\/div>\n        <\/div>\n            <div class=\"kksr-star\" data-star=\"3\" style=\"padding-right: 5px\">\n            \n\n<div class=\"kksr-icon\" style=\"width: 16px; height: 16px;\"><\/div>\n        <\/div>\n            <div class=\"kksr-star\" data-star=\"4\" style=\"padding-right: 5px\">\n            \n\n<div class=\"kksr-icon\" style=\"width: 16px; height: 16px;\"><\/div>\n        <\/div>\n            <div class=\"kksr-star\" data-star=\"5\" style=\"padding-right: 5px\">\n            \n\n<div class=\"kksr-icon\" style=\"width: 16px; height: 16px;\"><\/div>\n        <\/div>\n    <\/div>\n    \n<div class=\"kksr-stars-active\" style=\"width: 92px;\">\n            <div class=\"kksr-star\" style=\"padding-right: 5px\">\n            \n\n<div class=\"kksr-icon\" style=\"width: 16px; height: 16px;\"><\/div>\n        <\/div>\n            <div class=\"kksr-star\" style=\"padding-right: 5px\">\n            \n\n<div class=\"kksr-icon\" style=\"width: 16px; height: 16px;\"><\/div>\n        <\/div>\n            <div class=\"kksr-star\" style=\"padding-right: 5px\">\n            \n\n<div class=\"kksr-icon\" style=\"width: 16px; height: 16px;\"><\/div>\n        <\/div>\n            <div class=\"kksr-star\" style=\"padding-right: 5px\">\n            \n\n<div class=\"kksr-icon\" style=\"width: 16px; height: 16px;\"><\/div>\n        <\/div>\n            <div class=\"kksr-star\" style=\"padding-right: 5px\">\n            \n\n<div class=\"kksr-icon\" style=\"width: 16px; height: 16px;\"><\/div>\n        <\/div>\n    <\/div>\n<\/div>\n                \n\n<div class=\"kksr-legend\" style=\"font-size: 12.8px;\">\n            4.5\/5 - (6 ocen)    <\/div>\n    <\/div>\n<h2>Samotno\u015b\u0107 lidera &#8211; Historia Sprzedawcy<\/h2>\n<h2 data-start=\"141\" data-end=\"223\"><strong data-start=\"144\" data-end=\"221\">Prawdziwa, brutalnie szczera opowie\u015b\u0107 o marzeniach, upadkach i odkupieniu<\/strong><\/h2>\n<p data-start=\"225\" data-end=\"584\">Nie jest to kolejna ksi\u0105\u017cka o sukcesie. To historia pe\u0142na b\u00f3lu, pychy, samotno\u015bci i upadk\u00f3w. <strong data-start=\"318\" data-end=\"340\">&#8222;Samotno\u015b\u0107 Lidera&#8221;<\/strong> to najbardziej osobista z moich tw\u00f3rczo\u015bci \u2013 autobiografia, w kt\u00f3rej bez lukru i upi\u0119ksze\u0144 opowiadam o drodze, jak\u0105 przeszed\u0142em. To tak\u017ce w pewien spos\u00f3b moja spowied\u017a i przeprosiny \u2013 dla tych, kt\u00f3rych zawiod\u0142em, ale tak\u017ce dla samego siebie.<\/p>\n<h3 data-start=\"586\" data-end=\"631\"><strong data-start=\"590\" data-end=\"629\">Droga do sukcesu czy droga donik\u0105d?<\/strong><\/h3>\n<p data-start=\"633\" data-end=\"922\">Ka\u017cdy z nas ma marzenia. Chcemy osi\u0105gn\u0105\u0107 wi\u0119cej, zdoby\u0107 uznanie, pieni\u0105dze, wp\u0142ywy. <strong data-start=\"717\" data-end=\"778\">Ale czy sukces zawsze jest tym, czego naprawd\u0119 pragniemy?<\/strong><br data-start=\"778\" data-end=\"781\" \/>Ta ksi\u0105\u017cka pokazuje, jak d\u0105\u017cenie do wielko\u015bci mo\u017ce sta\u0107 si\u0119 obsesj\u0105 i pu\u0142apk\u0105, prowadz\u0105c\u0105 do samotno\u015bci, destrukcji i utraty samego siebie.<\/p>\n<h3 data-start=\"924\" data-end=\"940\">Znajdziesz tu:<\/h3>\n<ul>\n<li data-start=\"942\" data-end=\"1398\"><strong data-start=\"945\" data-end=\"964\">Wzloty i upadki<\/strong> \u2013 prawdziwe, cz\u0119sto gorzkie lekcje, kt\u00f3re kszta\u0142tuj\u0105 lider\u00f3w.<\/li>\n<li data-start=\"942\" data-end=\"1398\"><strong data-start=\"1032\" data-end=\"1048\">Cena sukcesu<\/strong> \u2013 jak pogo\u0144 za bogactwem i s\u0142aw\u0105 mo\u017ce prowadzi\u0107 do autodestrukcji.<\/li>\n<li data-start=\"942\" data-end=\"1398\"><strong data-start=\"1121\" data-end=\"1139\">\u017bycie w iluzji<\/strong> \u2013 opowie\u015b\u0107 o \u015bwiecie pe\u0142nym z\u0142udze\u0144, fa\u0142szywych przyja\u017ani i egoizmu.<\/li>\n<li data-start=\"942\" data-end=\"1398\"><strong data-start=\"1214\" data-end=\"1242\">Uzale\u017cnienia i samotno\u015b\u0107<\/strong> \u2013 codzienno\u015b\u0107 cz\u0142owieka, kt\u00f3ry straci\u0142 kontrol\u0119 nad w\u0142asnym \u017cyciem.<\/li>\n<li data-start=\"942\" data-end=\"1398\"><strong data-start=\"1316\" data-end=\"1341\">Nadzieja i odkupienie<\/strong> \u2013 bo nawet w najwi\u0119kszym mroku mo\u017cna odnale\u017a\u0107 \u015bwiat\u0142o.<\/li>\n<\/ul>\n<h3 data-start=\"1400\" data-end=\"1435\"><strong data-start=\"1404\" data-end=\"1433\">Dla kogo jest ta ksi\u0105\u017cka?<\/strong><\/h3>\n<ul>\n<li data-start=\"1437\" data-end=\"1761\"><strong data-start=\"1440\" data-end=\"1473\">Dla lider\u00f3w i przedsi\u0119biorc\u00f3w<\/strong> \u2013 je\u015bli d\u0105\u017cysz do sukcesu, ale nie chcesz straci\u0107 siebie.<\/li>\n<li data-start=\"1437\" data-end=\"1761\"><strong data-start=\"1537\" data-end=\"1577\">Dla tych, kt\u00f3rzy czuj\u0105 si\u0119 zagubieni<\/strong> \u2013 je\u015bli w Twoim \u017cyciu brakuje sensu i motywacji.<\/li>\n<li data-start=\"1437\" data-end=\"1761\"><strong data-start=\"1632\" data-end=\"1665\">Dla ka\u017cdego, kto szuka prawdy<\/strong> \u2013 je\u015bli chcesz pozna\u0107 surow\u0105, autentyczn\u0105 histori\u0119 o \u017cyciu, kt\u00f3re mog\u0142o potoczy\u0107 si\u0119 inaczej.<\/li>\n<\/ul>\n<h3 data-start=\"1763\" data-end=\"1796\"><strong data-start=\"1767\" data-end=\"1794\">Dlaczego warto zam\u00f3wi\u0107?<\/strong><\/h3>\n<p data-start=\"1798\" data-end=\"2150\">\u2705 <strong data-start=\"1800\" data-end=\"1828\">Szczera, surowa narracja<\/strong> \u2013 bez filtr\u00f3w, poprawno\u015bci i upi\u0119ksze\u0144.<br data-start=\"1868\" data-end=\"1871\" \/>\u2705 <strong data-start=\"1873\" data-end=\"1896\">Wci\u0105gaj\u0105ca historia<\/strong> \u2013 kt\u00f3ra zmusza do refleksji i pozwala odnale\u017a\u0107 cz\u0105stk\u0119 siebie.<br data-start=\"1959\" data-end=\"1962\" \/>\u2705 <strong data-start=\"1964\" data-end=\"1988\">Ksi\u0105\u017cka pe\u0142na emocji<\/strong> \u2013 od b\u00f3lu i \u017calu po nadziej\u0119 i odkupienie.<br data-start=\"2031\" data-end=\"2034\" \/>\u2705 <strong data-start=\"2036\" data-end=\"2062\">Autentyczne \u015bwiadectwo<\/strong> \u2013 nie historia sukcesu, ale historia cz\u0142owieka, kt\u00f3ry musia\u0142 odnale\u017a\u0107 siebie na nowo.<\/p>\n<p data-start=\"2152\" data-end=\"2229\"><strong data-start=\"2155\" data-end=\"2227\">Czy jeste\u015b got\u00f3w spojrze\u0107 w lustro i zmierzy\u0107 si\u0119 z w\u0142asn\u0105 histori\u0105? <\/strong><strong data-start=\"2234\" data-end=\"2313\">Zam\u00f3w sw\u00f3j egzemplarz i wejd\u017a do \u015bwiata, o kt\u00f3rym niewielu ma odwag\u0119 m\u00f3wi\u0107!<\/strong><\/p>\n<p>&nbsp;<\/p>\n<p>&nbsp;<\/p>\n","protected":false},"excerpt":{"rendered":"<p><span style=\"font-weight: 400;\">Pozycja \u201cSamotno\u015b\u0107 lidera\u201d ukazuje wszystko co pi\u0119kne w marzeniach m\u0142odego cz\u0142owieka jak i jego upadki. To moja biografia, w pewien spos\u00f3b osobista spowied\u017a i przeprosiny. Najbardziej osobista z moich tw\u00f3rczo\u015bci, kt\u00f3r\u0105 nie spos\u00f3b czyta\u0107 i nie znale\u017a\u0107 odniesienia do w\u0142asnego \u017cycia. <\/span><\/p>\n","protected":false},"featured_media":99845,"template":"","meta":{"_acf_changed":false,"content-type":""},"product_brand":[],"product_cat":[24,114],"product_tag":[120,105],"class_list":{"0":"post-324","1":"product","2":"type-product","3":"status-publish","4":"has-post-thumbnail","6":"product_cat-ksiazki-biznesowe","7":"product_cat-wszystkie-produkty","8":"product_tag-feed","9":"product_tag-ksiazka-samotnosc-lidera","11":"first","12":"instock","13":"taxable","14":"shipping-taxable","15":"purchasable","16":"product-type-simple"},"acf":[],"yoast_head":"<!-- This site is optimized with the Yoast SEO plugin v27.1.1 - https:\/\/yoast.com\/product\/yoast-seo-wordpress\/ -->\n<title>Ksi\u0105\u017cka Samotno\u015b\u0107 Lidera - Historia Sprzedawcy | M. Mrozowski<\/title>\n<meta name=\"description\" content=\"Ksi\u0105\u017cka Samotno\u015b\u0107 Lidera - Historia Sprzedawcy | M. Mrozowski \u2714\ufe0f Wiedza i Do\u015bwiadczenie \u2714\ufe0f Autorskie Metody \u2714\ufe0f Naukowo Potwierdzone! Kup Teraz \u00bb\" \/>\n<meta name=\"robots\" content=\"index, follow, max-snippet:-1, max-image-preview:large, max-video-preview:-1\" \/>\n<link rel=\"canonical\" href=\"https:\/\/mateuszmrozowski.pl\/sklep\/produkt\/samotnosc-lidera-historia-sprzedawcy\/\" \/>\n<meta property=\"og:locale\" content=\"pl_PL\" \/>\n<meta property=\"og:type\" content=\"article\" \/>\n<meta property=\"og:title\" content=\"Ksi\u0105\u017cka Samotno\u015b\u0107 Lidera - Historia Sprzedawcy | M. Mrozowski\" \/>\n<meta property=\"og:description\" content=\"Ksi\u0105\u017cka Samotno\u015b\u0107 Lidera - Historia Sprzedawcy | M. Mrozowski \u2714\ufe0f Wiedza i Do\u015bwiadczenie \u2714\ufe0f Autorskie Metody \u2714\ufe0f Naukowo Potwierdzone! Kup Teraz \u00bb\" \/>\n<meta property=\"og:url\" content=\"https:\/\/mateuszmrozowski.pl\/sklep\/produkt\/samotnosc-lidera-historia-sprzedawcy\/\" \/>\n<meta property=\"og:site_name\" content=\"Mateusz Mrozowski Trener Biznesu\" \/>\n<meta property=\"article:publisher\" content=\"https:\/\/www.facebook.com\/mateuszmrozowskisiewca\" \/>\n<meta property=\"article:modified_time\" content=\"2025-05-26T09:02:45+00:00\" \/>\n<meta property=\"og:image\" content=\"https:\/\/mateuszmrozowski.pl\/sklep\/wp-content\/uploads\/2020\/05\/Mrozowski-Ksiazka-Samotnosc-Lidera-2.png\" \/>\n\t<meta property=\"og:image:width\" content=\"1080\" \/>\n\t<meta property=\"og:image:height\" content=\"1080\" \/>\n\t<meta property=\"og:image:type\" content=\"image\/png\" \/>\n<meta name=\"twitter:card\" content=\"summary_large_image\" \/>\n<meta name=\"twitter:label1\" content=\"Szacowany czas czytania\" \/>\n\t<meta name=\"twitter:data1\" content=\"3 minuty\" \/>\n<script type=\"application\/ld+json\" class=\"yoast-schema-graph\">{\"@context\":\"https:\/\/schema.org\",\"@graph\":[{\"@type\":\"WebPage\",\"@id\":\"https:\/\/mateuszmrozowski.pl\/sklep\/produkt\/samotnosc-lidera-historia-sprzedawcy\/\",\"url\":\"https:\/\/mateuszmrozowski.pl\/sklep\/produkt\/samotnosc-lidera-historia-sprzedawcy\/\",\"name\":\"Ksi\u0105\u017cka Samotno\u015b\u0107 Lidera - Historia Sprzedawcy | M. Mrozowski\",\"isPartOf\":{\"@id\":\"https:\/\/mateuszmrozowski.pl\/sklep\/#website\"},\"primaryImageOfPage\":{\"@id\":\"https:\/\/mateuszmrozowski.pl\/sklep\/produkt\/samotnosc-lidera-historia-sprzedawcy\/#primaryimage\"},\"image\":{\"@id\":\"https:\/\/mateuszmrozowski.pl\/sklep\/produkt\/samotnosc-lidera-historia-sprzedawcy\/#primaryimage\"},\"thumbnailUrl\":\"https:\/\/mateuszmrozowski.pl\/sklep\/wp-content\/uploads\/2020\/05\/Mrozowski-Ksiazka-Samotnosc-Lidera-2.png\",\"datePublished\":\"2020-05-08T12:26:06+00:00\",\"dateModified\":\"2025-05-26T09:02:45+00:00\",\"description\":\"Ksi\u0105\u017cka Samotno\u015b\u0107 Lidera - Historia Sprzedawcy | M. Mrozowski \u2714\ufe0f Wiedza i Do\u015bwiadczenie \u2714\ufe0f Autorskie Metody \u2714\ufe0f Naukowo Potwierdzone! Kup Teraz \u00bb\",\"breadcrumb\":{\"@id\":\"https:\/\/mateuszmrozowski.pl\/sklep\/produkt\/samotnosc-lidera-historia-sprzedawcy\/#breadcrumb\"},\"inLanguage\":\"pl-PL\",\"potentialAction\":[{\"@type\":\"ReadAction\",\"target\":[\"https:\/\/mateuszmrozowski.pl\/sklep\/produkt\/samotnosc-lidera-historia-sprzedawcy\/\"]}]},{\"@type\":\"ImageObject\",\"inLanguage\":\"pl-PL\",\"@id\":\"https:\/\/mateuszmrozowski.pl\/sklep\/produkt\/samotnosc-lidera-historia-sprzedawcy\/#primaryimage\",\"url\":\"https:\/\/mateuszmrozowski.pl\/sklep\/wp-content\/uploads\/2020\/05\/Mrozowski-Ksiazka-Samotnosc-Lidera-2.png\",\"contentUrl\":\"https:\/\/mateuszmrozowski.pl\/sklep\/wp-content\/uploads\/2020\/05\/Mrozowski-Ksiazka-Samotnosc-Lidera-2.png\",\"width\":1080,\"height\":1080},{\"@type\":\"BreadcrumbList\",\"@id\":\"https:\/\/mateuszmrozowski.pl\/sklep\/produkt\/samotnosc-lidera-historia-sprzedawcy\/#breadcrumb\",\"itemListElement\":[{\"@type\":\"ListItem\",\"position\":1,\"name\":\"Strona g\u0142\u00f3wna\",\"item\":\"https:\/\/mateuszmrozowski.pl\/sklep\/\"},{\"@type\":\"ListItem\",\"position\":2,\"name\":\"Szkolenia biznesowe i kursy sprzeda\u017cowe\",\"item\":\"https:\/\/mateuszmrozowski.pl\/sklep\/\"},{\"@type\":\"ListItem\",\"position\":3,\"name\":\"Ksi\u0105\u017cki\",\"item\":\"https:\/\/mateuszmrozowski.pl\/sklep\/kategoria-produktu\/ksiazki-biznesowe\/\"},{\"@type\":\"ListItem\",\"position\":4,\"name\":\"Samotno\u015b\u0107 Lidera \u2013 Historia Sprzedawcy\"}]},{\"@type\":\"WebSite\",\"@id\":\"https:\/\/mateuszmrozowski.pl\/sklep\/#website\",\"url\":\"https:\/\/mateuszmrozowski.pl\/sklep\/\",\"name\":\"Mateusz Mrozowski Trener biznesu\",\"description\":\"Walcz\u0119 o wynik dla firm z kt\u00f3rymi wsp\u00f3\u0142pracuj\u0119.\",\"publisher\":{\"@id\":\"https:\/\/mateuszmrozowski.pl\/sklep\/#organization\"},\"alternateName\":\"Mateusz Mrozowski\",\"potentialAction\":[{\"@type\":\"SearchAction\",\"target\":{\"@type\":\"EntryPoint\",\"urlTemplate\":\"https:\/\/mateuszmrozowski.pl\/sklep\/?s={search_term_string}\"},\"query-input\":{\"@type\":\"PropertyValueSpecification\",\"valueRequired\":true,\"valueName\":\"search_term_string\"}}],\"inLanguage\":\"pl-PL\"},{\"@type\":\"Organization\",\"@id\":\"https:\/\/mateuszmrozowski.pl\/sklep\/#organization\",\"name\":\"Mateusz Mrozowski Trener biznesu\",\"alternateName\":\"Mateusz Mrozowski\",\"url\":\"https:\/\/mateuszmrozowski.pl\/sklep\/\",\"logo\":{\"@type\":\"ImageObject\",\"inLanguage\":\"pl-PL\",\"@id\":\"https:\/\/mateuszmrozowski.pl\/sklep\/#\/schema\/logo\/image\/\",\"url\":\"https:\/\/mateuszmrozowski.pl\/sklep\/wp-content\/uploads\/2025\/03\/cropped-mateusz_mrozowski_logo.png\",\"contentUrl\":\"https:\/\/mateuszmrozowski.pl\/sklep\/wp-content\/uploads\/2025\/03\/cropped-mateusz_mrozowski_logo.png\",\"width\":236,\"height\":59,\"caption\":\"Mateusz Mrozowski Trener biznesu\"},\"image\":{\"@id\":\"https:\/\/mateuszmrozowski.pl\/sklep\/#\/schema\/logo\/image\/\"},\"sameAs\":[\"https:\/\/www.facebook.com\/mateuszmrozowskisiewca\",\"https:\/\/www.youtube.com\/channel\/UCI6FhECZ4GdL1TYU5oh5JDg\",\"https:\/\/www.instagram.com\/mrozowski.siewca\/\",\"https:\/\/www.linkedin.com\/in\/mateuszmrozowski\/\",\"https:\/\/maps.app.goo.gl\/Ee8wtgr6gx2CjEM68\",\"https:\/\/www.tiktok.com\/@mateuszmrozowskisiewca\"]}]}<\/script>\n<!-- \/ Yoast SEO plugin. -->","yoast_head_json":{"title":"Ksi\u0105\u017cka Samotno\u015b\u0107 Lidera - Historia Sprzedawcy | M. Mrozowski","description":"Ksi\u0105\u017cka Samotno\u015b\u0107 Lidera - Historia Sprzedawcy | M. Mrozowski \u2714\ufe0f Wiedza i Do\u015bwiadczenie \u2714\ufe0f Autorskie Metody \u2714\ufe0f Naukowo Potwierdzone! Kup Teraz \u00bb","robots":{"index":"index","follow":"follow","max-snippet":"max-snippet:-1","max-image-preview":"max-image-preview:large","max-video-preview":"max-video-preview:-1"},"canonical":"https:\/\/mateuszmrozowski.pl\/sklep\/produkt\/samotnosc-lidera-historia-sprzedawcy\/","og_locale":"pl_PL","og_type":"article","og_title":"Ksi\u0105\u017cka Samotno\u015b\u0107 Lidera - Historia Sprzedawcy | M. Mrozowski","og_description":"Ksi\u0105\u017cka Samotno\u015b\u0107 Lidera - Historia Sprzedawcy | M. Mrozowski \u2714\ufe0f Wiedza i Do\u015bwiadczenie \u2714\ufe0f Autorskie Metody \u2714\ufe0f Naukowo Potwierdzone! Kup Teraz \u00bb","og_url":"https:\/\/mateuszmrozowski.pl\/sklep\/produkt\/samotnosc-lidera-historia-sprzedawcy\/","og_site_name":"Mateusz Mrozowski Trener Biznesu","article_publisher":"https:\/\/www.facebook.com\/mateuszmrozowskisiewca","article_modified_time":"2025-05-26T09:02:45+00:00","og_image":[{"width":1080,"height":1080,"url":"https:\/\/mateuszmrozowski.pl\/sklep\/wp-content\/uploads\/2020\/05\/Mrozowski-Ksiazka-Samotnosc-Lidera-2.png","type":"image\/png"}],"twitter_card":"summary_large_image","twitter_misc":{"Szacowany czas czytania":"3 minuty"},"schema":{"@context":"https:\/\/schema.org","@graph":[{"@type":"WebPage","@id":"https:\/\/mateuszmrozowski.pl\/sklep\/produkt\/samotnosc-lidera-historia-sprzedawcy\/","url":"https:\/\/mateuszmrozowski.pl\/sklep\/produkt\/samotnosc-lidera-historia-sprzedawcy\/","name":"Ksi\u0105\u017cka Samotno\u015b\u0107 Lidera - Historia Sprzedawcy | M. Mrozowski","isPartOf":{"@id":"https:\/\/mateuszmrozowski.pl\/sklep\/#website"},"primaryImageOfPage":{"@id":"https:\/\/mateuszmrozowski.pl\/sklep\/produkt\/samotnosc-lidera-historia-sprzedawcy\/#primaryimage"},"image":{"@id":"https:\/\/mateuszmrozowski.pl\/sklep\/produkt\/samotnosc-lidera-historia-sprzedawcy\/#primaryimage"},"thumbnailUrl":"https:\/\/mateuszmrozowski.pl\/sklep\/wp-content\/uploads\/2020\/05\/Mrozowski-Ksiazka-Samotnosc-Lidera-2.png","datePublished":"2020-05-08T12:26:06+00:00","dateModified":"2025-05-26T09:02:45+00:00","description":"Ksi\u0105\u017cka Samotno\u015b\u0107 Lidera - Historia Sprzedawcy | M. Mrozowski \u2714\ufe0f Wiedza i Do\u015bwiadczenie \u2714\ufe0f Autorskie Metody \u2714\ufe0f Naukowo Potwierdzone! Kup Teraz \u00bb","breadcrumb":{"@id":"https:\/\/mateuszmrozowski.pl\/sklep\/produkt\/samotnosc-lidera-historia-sprzedawcy\/#breadcrumb"},"inLanguage":"pl-PL","potentialAction":[{"@type":"ReadAction","target":["https:\/\/mateuszmrozowski.pl\/sklep\/produkt\/samotnosc-lidera-historia-sprzedawcy\/"]}]},{"@type":"ImageObject","inLanguage":"pl-PL","@id":"https:\/\/mateuszmrozowski.pl\/sklep\/produkt\/samotnosc-lidera-historia-sprzedawcy\/#primaryimage","url":"https:\/\/mateuszmrozowski.pl\/sklep\/wp-content\/uploads\/2020\/05\/Mrozowski-Ksiazka-Samotnosc-Lidera-2.png","contentUrl":"https:\/\/mateuszmrozowski.pl\/sklep\/wp-content\/uploads\/2020\/05\/Mrozowski-Ksiazka-Samotnosc-Lidera-2.png","width":1080,"height":1080},{"@type":"BreadcrumbList","@id":"https:\/\/mateuszmrozowski.pl\/sklep\/produkt\/samotnosc-lidera-historia-sprzedawcy\/#breadcrumb","itemListElement":[{"@type":"ListItem","position":1,"name":"Strona g\u0142\u00f3wna","item":"https:\/\/mateuszmrozowski.pl\/sklep\/"},{"@type":"ListItem","position":2,"name":"Szkolenia biznesowe i kursy sprzeda\u017cowe","item":"https:\/\/mateuszmrozowski.pl\/sklep\/"},{"@type":"ListItem","position":3,"name":"Ksi\u0105\u017cki","item":"https:\/\/mateuszmrozowski.pl\/sklep\/kategoria-produktu\/ksiazki-biznesowe\/"},{"@type":"ListItem","position":4,"name":"Samotno\u015b\u0107 Lidera \u2013 Historia Sprzedawcy"}]},{"@type":"WebSite","@id":"https:\/\/mateuszmrozowski.pl\/sklep\/#website","url":"https:\/\/mateuszmrozowski.pl\/sklep\/","name":"Mateusz Mrozowski Trener biznesu","description":"Walcz\u0119 o wynik dla firm z kt\u00f3rymi wsp\u00f3\u0142pracuj\u0119.","publisher":{"@id":"https:\/\/mateuszmrozowski.pl\/sklep\/#organization"},"alternateName":"Mateusz Mrozowski","potentialAction":[{"@type":"SearchAction","target":{"@type":"EntryPoint","urlTemplate":"https:\/\/mateuszmrozowski.pl\/sklep\/?s={search_term_string}"},"query-input":{"@type":"PropertyValueSpecification","valueRequired":true,"valueName":"search_term_string"}}],"inLanguage":"pl-PL"},{"@type":"Organization","@id":"https:\/\/mateuszmrozowski.pl\/sklep\/#organization","name":"Mateusz Mrozowski Trener biznesu","alternateName":"Mateusz Mrozowski","url":"https:\/\/mateuszmrozowski.pl\/sklep\/","logo":{"@type":"ImageObject","inLanguage":"pl-PL","@id":"https:\/\/mateuszmrozowski.pl\/sklep\/#\/schema\/logo\/image\/","url":"https:\/\/mateuszmrozowski.pl\/sklep\/wp-content\/uploads\/2025\/03\/cropped-mateusz_mrozowski_logo.png","contentUrl":"https:\/\/mateuszmrozowski.pl\/sklep\/wp-content\/uploads\/2025\/03\/cropped-mateusz_mrozowski_logo.png","width":236,"height":59,"caption":"Mateusz Mrozowski Trener biznesu"},"image":{"@id":"https:\/\/mateuszmrozowski.pl\/sklep\/#\/schema\/logo\/image\/"},"sameAs":["https:\/\/www.facebook.com\/mateuszmrozowskisiewca","https:\/\/www.youtube.com\/channel\/UCI6FhECZ4GdL1TYU5oh5JDg","https:\/\/www.instagram.com\/mrozowski.siewca\/","https:\/\/www.linkedin.com\/in\/mateuszmrozowski\/","https:\/\/maps.app.goo.gl\/Ee8wtgr6gx2CjEM68","https:\/\/www.tiktok.com\/@mateuszmrozowskisiewca"]}]}},"_links":{"self":[{"href":"https:\/\/mateuszmrozowski.pl\/sklep\/wp-json\/wp\/v2\/product\/324","targetHints":{"allow":["GET"]}}],"collection":[{"href":"https:\/\/mateuszmrozowski.pl\/sklep\/wp-json\/wp\/v2\/product"}],"about":[{"href":"https:\/\/mateuszmrozowski.pl\/sklep\/wp-json\/wp\/v2\/types\/product"}],"wp:featuredmedia":[{"embeddable":true,"href":"https:\/\/mateuszmrozowski.pl\/sklep\/wp-json\/wp\/v2\/media\/99845"}],"wp:attachment":[{"href":"https:\/\/mateuszmrozowski.pl\/sklep\/wp-json\/wp\/v2\/media?parent=324"}],"wp:term":[{"taxonomy":"product_brand","embeddable":true,"href":"https:\/\/mateuszmrozowski.pl\/sklep\/wp-json\/wp\/v2\/product_brand?post=324"},{"taxonomy":"product_cat","embeddable":true,"href":"https:\/\/mateuszmrozowski.pl\/sklep\/wp-json\/wp\/v2\/product_cat?post=324"},{"taxonomy":"product_tag","embeddable":true,"href":"https:\/\/mateuszmrozowski.pl\/sklep\/wp-json\/wp\/v2\/product_tag?post=324"}],"curies":[{"name":"wp","href":"https:\/\/api.w.org\/{rel}","templated":true}]}}