{"id":322,"date":"2020-05-08T12:21:09","date_gmt":"2020-05-08T12:21:09","guid":{"rendered":"https:\/\/mateuszmrozowski.pl\/sklep\/?post_type=product&#038;p=322"},"modified":"2026-03-23T13:29:00","modified_gmt":"2026-03-23T13:29:00","slug":"sprzedaz-jest-sexy-albo-nie-ma-jej-wcale-zielona-rewolucja","status":"publish","type":"product","link":"https:\/\/mateuszmrozowski.pl\/sklep\/produkt\/sprzedaz-jest-sexy-albo-nie-ma-jej-wcale-zielona-rewolucja\/","title":{"rendered":"Sprzeda\u017c jest $exy albo nie ma jej wcale"},"content":{"rendered":"\n\n<div class=\"kk-star-ratings kksr-auto kksr-align-left kksr-valign-top kksr-disabled\"\n    data-payload='{&quot;align&quot;:&quot;left&quot;,&quot;id&quot;:&quot;322&quot;,&quot;readonly&quot;:&quot;1&quot;,&quot;slug&quot;:&quot;default&quot;,&quot;valign&quot;:&quot;top&quot;,&quot;ignore&quot;:&quot;&quot;,&quot;reference&quot;:&quot;auto&quot;,&quot;class&quot;:&quot;&quot;,&quot;count&quot;:&quot;23&quot;,&quot;legendonly&quot;:&quot;&quot;,&quot;score&quot;:&quot;4.4&quot;,&quot;starsonly&quot;:&quot;&quot;,&quot;best&quot;:&quot;5&quot;,&quot;gap&quot;:&quot;5&quot;,&quot;greet&quot;:&quot;Wystaw ocen\u0119&quot;,&quot;legend&quot;:&quot;4.4\\\/5 - (23 ocen)&quot;,&quot;size&quot;:&quot;16&quot;,&quot;title&quot;:&quot;Sprzeda\u017c jest $exy albo nie ma jej wcale&quot;,&quot;width&quot;:&quot;89.9&quot;,&quot;_legend&quot;:&quot;{score}\\\/{best} - ({count} ocen)&quot;,&quot;font_factor&quot;:&quot;1.25&quot;}'>\n            \n<div class=\"kksr-stars\">\n    \n<div class=\"kksr-stars-inactive\">\n            <div class=\"kksr-star\" data-star=\"1\" style=\"padding-right: 5px\">\n            \n\n<div class=\"kksr-icon\" style=\"width: 16px; height: 16px;\"><\/div>\n        <\/div>\n            <div class=\"kksr-star\" data-star=\"2\" style=\"padding-right: 5px\">\n            \n\n<div class=\"kksr-icon\" style=\"width: 16px; height: 16px;\"><\/div>\n        <\/div>\n            <div class=\"kksr-star\" data-star=\"3\" style=\"padding-right: 5px\">\n            \n\n<div class=\"kksr-icon\" style=\"width: 16px; height: 16px;\"><\/div>\n        <\/div>\n            <div class=\"kksr-star\" data-star=\"4\" style=\"padding-right: 5px\">\n            \n\n<div class=\"kksr-icon\" style=\"width: 16px; height: 16px;\"><\/div>\n        <\/div>\n            <div class=\"kksr-star\" data-star=\"5\" style=\"padding-right: 5px\">\n            \n\n<div class=\"kksr-icon\" style=\"width: 16px; height: 16px;\"><\/div>\n        <\/div>\n    <\/div>\n    \n<div class=\"kksr-stars-active\" style=\"width: 89.9px;\">\n            <div class=\"kksr-star\" style=\"padding-right: 5px\">\n            \n\n<div class=\"kksr-icon\" style=\"width: 16px; height: 16px;\"><\/div>\n        <\/div>\n            <div class=\"kksr-star\" style=\"padding-right: 5px\">\n            \n\n<div class=\"kksr-icon\" style=\"width: 16px; height: 16px;\"><\/div>\n        <\/div>\n            <div class=\"kksr-star\" style=\"padding-right: 5px\">\n            \n\n<div class=\"kksr-icon\" style=\"width: 16px; height: 16px;\"><\/div>\n        <\/div>\n            <div class=\"kksr-star\" style=\"padding-right: 5px\">\n            \n\n<div class=\"kksr-icon\" style=\"width: 16px; height: 16px;\"><\/div>\n        <\/div>\n            <div class=\"kksr-star\" style=\"padding-right: 5px\">\n            \n\n<div class=\"kksr-icon\" style=\"width: 16px; height: 16px;\"><\/div>\n        <\/div>\n    <\/div>\n<\/div>\n                \n\n<div class=\"kksr-legend\" style=\"font-size: 12.8px;\">\n            4.4\/5 - (23 ocen)    <\/div>\n    <\/div>\n<h2 data-start=\"169\" data-end=\"233\"><strong data-start=\"172\" data-end=\"231\">Sprzeda\u017c to pasja, charyzma i sztuka uwodzenia klienta!<\/strong><\/h2>\n<p data-start=\"235\" data-end=\"528\">Sprzeda\u017c mo\u017ce by\u0107 zwyk\u0142\u0105 transakcj\u0105\u2026 albo mo\u017ce by\u0107 sztuk\u0105, pasj\u0105 i sposobem na \u017cycie. <strong data-start=\"321\" data-end=\"368\">&#8222;Sprzeda\u017c jest $exy, albo nie ma jej wcale&#8221;<\/strong> to ksi\u0105\u017cka dla tych, kt\u00f3rzy nie chc\u0105 by\u0107 przeci\u0119tni. Dla tych, kt\u00f3rzy pragn\u0105 wi\u0119cej \u2013 wielkich transakcji, wyj\u0105tkowych klient\u00f3w i \u017cycia na w\u0142asnych zasadach.<\/p>\n<p data-start=\"530\" data-end=\"662\">Bo sprzeda\u017c to co\u015b wi\u0119cej ni\u017c techniki i skrypty. To spos\u00f3b my\u015blenia, styl \u017cycia i odwaga, by si\u0119ga\u0107 po to, co naprawd\u0119 si\u0119 liczy.<\/p>\n<h3 data-start=\"664\" data-end=\"698\"><strong data-start=\"668\" data-end=\"696\">Co znajdziesz w ksi\u0105\u017cce?<\/strong><\/h3>\n<ul>\n<li data-start=\"700\" data-end=\"1146\"><strong data-start=\"703\" data-end=\"727\">Mentalno\u015b\u0107 zwyci\u0119zcy<\/strong> \u2013 jak my\u015ble\u0107 jak najlepszy sprzedawca na \u015bwiecie.<\/li>\n<li data-start=\"700\" data-end=\"1146\"><strong data-start=\"783\" data-end=\"817\">Sprzeda\u017c jako sztuka uwodzenia<\/strong> \u2013 jak przyci\u0105ga\u0107 klient\u00f3w i sprawia\u0107, \u017ce sami chc\u0105 kupowa\u0107.<\/li>\n<li data-start=\"700\" data-end=\"1146\"><strong data-start=\"883\" data-end=\"912\">Charyzma i indywidualno\u015b\u0107<\/strong> \u2013 dlaczego w sprzeda\u017cy liczy si\u0119 osobowo\u015b\u0107 i autentyczno\u015b\u0107.<\/li>\n<li data-start=\"700\" data-end=\"1146\"><strong data-start=\"978\" data-end=\"1014\">Wielkie transakcje, wielkie idee<\/strong> \u2013 sprzeda\u017c, kt\u00f3ra ma sens i zmienia \u017cycie.<\/li>\n<li data-start=\"700\" data-end=\"1146\"><strong data-start=\"1063\" data-end=\"1090\">Inspiracja do dzia\u0142ania<\/strong> \u2013 ksi\u0105\u017cka, kt\u00f3ra rozbudzi w Tobie pasj\u0119 do sprzeda\u017cy.<\/li>\n<\/ul>\n<h3 data-start=\"1148\" data-end=\"1183\"><strong data-start=\"1152\" data-end=\"1181\">Dla kogo jest ta ksi\u0105\u017cka?<\/strong><\/h3>\n<ul>\n<li data-start=\"1185\" data-end=\"1574\"><strong data-start=\"1188\" data-end=\"1217\">Dla ambitnych sprzedawc\u00f3w<\/strong> \u2013 je\u015bli chcesz osi\u0105ga\u0107 wybitne wyniki i zarabia\u0107 wi\u0119cej.<\/li>\n<li data-start=\"1185\" data-end=\"1574\"><strong data-start=\"1280\" data-end=\"1303\">Dla przedsi\u0119biorc\u00f3w<\/strong> \u2013 je\u015bli chcesz tworzy\u0107 biznesy, kt\u00f3re przyci\u0105gaj\u0105 klient\u00f3w.<\/li>\n<li data-start=\"1185\" data-end=\"1574\"><strong data-start=\"1369\" data-end=\"1397\">Dla mened\u017cer\u00f3w sprzeda\u017cy<\/strong> \u2013 je\u015bli zarz\u0105dzasz zespo\u0142em i chcesz, by dzia\u0142a\u0142 na najwy\u017cszym poziomie.<\/li>\n<li data-start=\"1185\" data-end=\"1574\"><strong data-start=\"1476\" data-end=\"1512\">Dla ka\u017cdego, kto pragnie sukcesu<\/strong> \u2013 je\u015bli chcesz wyr\u00f3\u017cni\u0107 si\u0119 i zdobywa\u0107 to, czego pragniesz.<\/li>\n<\/ul>\n<h3 data-start=\"1576\" data-end=\"1609\"><strong data-start=\"1580\" data-end=\"1607\">Dlaczego warto zam\u00f3wi\u0107?<\/strong><\/h3>\n<p data-start=\"1611\" data-end=\"1958\">\u2705 <strong data-start=\"1613\" data-end=\"1654\">Niepowtarzalne spojrzenie na sprzeda\u017c<\/strong> \u2013 ksi\u0105\u017cka, kt\u00f3ra inspiruje do zmiany my\u015blenia.<br data-start=\"1701\" data-end=\"1704\" \/>\u2705 <strong data-start=\"1706\" data-end=\"1727\">Bez nudnej teorii<\/strong> \u2013 konkretne podej\u015bcie, pe\u0142ne pasji i prawdziwych do\u015bwiadcze\u0144.<br data-start=\"1789\" data-end=\"1792\" \/>\u2705 <strong data-start=\"1794\" data-end=\"1820\">Sprzeda\u017c, kt\u00f3ra dzia\u0142a<\/strong> \u2013 je\u015bli chcesz sprzedawa\u0107 lepiej, dro\u017cej i skuteczniej.<br data-start=\"1876\" data-end=\"1879\" \/>\u2705 <strong data-start=\"1881\" data-end=\"1910\">Dawka motywacji i energii<\/strong> \u2013 kt\u00f3ra sprawi, \u017ce zakochasz si\u0119 w sprzeda\u017cy!<\/p>\n<p data-start=\"1960\" data-end=\"2027\"><strong data-start=\"1963\" data-end=\"2025\">Sprzeda\u017c mo\u017ce by\u0107 zwyczajna, ale czy na pewno tego chcesz?<\/strong>\u00a0<strong data-start=\"2032\" data-end=\"2096\">Zam\u00f3w sw\u00f3j egzemplarz i odkryj, dlaczego sprzeda\u017c jest $exy!<\/strong><\/p>\n","protected":false},"excerpt":{"rendered":"<p>Sprzeda\u017c to pasja, charyzma i sztuka uwodzenia klienta! Sprzeda\u017c mo\u017ce by\u0107 zwyk\u0142\u0105 transakcj\u0105\u2026 albo mo\u017ce by\u0107 sztuk\u0105, pasj\u0105 i sposobem na \u017cycie. &#8222;Sprzeda\u017c jest $exy, albo nie ma jej wcale&#8221; to ksi\u0105\u017cka dla tych, kt\u00f3rzy nie chc\u0105 by\u0107 przeci\u0119tni. Dla tych, kt\u00f3rzy pragn\u0105 wi\u0119cej \u2013 wielkich transakcji, wyj\u0105tkowych klient\u00f3w i \u017cycia na w\u0142asnych zasadach. Bo [&hellip;]<\/p>\n","protected":false},"featured_media":99844,"template":"","meta":{"_acf_changed":false,"content-type":""},"product_brand":[],"product_cat":[24,114],"product_tag":[120,106],"class_list":{"0":"post-322","1":"product","2":"type-product","3":"status-publish","4":"has-post-thumbnail","6":"product_cat-ksiazki-biznesowe","7":"product_cat-wszystkie-produkty","8":"product_tag-feed","9":"product_tag-ksiazka-sprzedaz-jest-exy-albo-nie-ma-jej-wcale","11":"first","12":"instock","13":"taxable","14":"shipping-taxable","15":"purchasable","16":"product-type-simple"},"acf":[],"yoast_head":"<!-- This site is optimized with the Yoast SEO plugin v27.3 - https:\/\/yoast.com\/product\/yoast-seo-wordpress\/ -->\n<title>Ksi\u0105\u017cka Sprzeda\u017c Jest Sexy Albo Nie Ma Jej Wcale | M. Mrozowski<\/title>\n<meta name=\"description\" content=\"Ksi\u0105\u017cka Sprzeda\u017c Jest Sexy Albo Nie Ma Jej Wcale | M. Mrozowski \u2714\ufe0f Wiedza i Do\u015bwiadczenie \u2714\ufe0f Autorskie Metody \u2714\ufe0f Naukowo Potwierdzone! Kup Teraz \u00bb\" \/>\n<meta name=\"robots\" content=\"index, follow, max-snippet:-1, max-image-preview:large, max-video-preview:-1\" \/>\n<link rel=\"canonical\" href=\"https:\/\/mateuszmrozowski.pl\/sklep\/produkt\/sprzedaz-jest-sexy-albo-nie-ma-jej-wcale-zielona-rewolucja\/\" \/>\n<meta property=\"og:locale\" content=\"pl_PL\" \/>\n<meta property=\"og:type\" content=\"article\" \/>\n<meta property=\"og:title\" content=\"Ksi\u0105\u017cka Sprzeda\u017c Jest Sexy Albo Nie Ma Jej Wcale | M. Mrozowski\" \/>\n<meta property=\"og:description\" content=\"Ksi\u0105\u017cka Sprzeda\u017c Jest Sexy Albo Nie Ma Jej Wcale | M. Mrozowski \u2714\ufe0f Wiedza i Do\u015bwiadczenie \u2714\ufe0f Autorskie Metody \u2714\ufe0f Naukowo Potwierdzone! Kup Teraz \u00bb\" \/>\n<meta property=\"og:url\" content=\"https:\/\/mateuszmrozowski.pl\/sklep\/produkt\/sprzedaz-jest-sexy-albo-nie-ma-jej-wcale-zielona-rewolucja\/\" \/>\n<meta property=\"og:site_name\" content=\"Mateusz Mrozowski Trener Biznesu\" \/>\n<meta property=\"article:publisher\" content=\"https:\/\/www.facebook.com\/mateuszmrozowskisiewca\" \/>\n<meta property=\"article:modified_time\" content=\"2026-03-23T13:29:00+00:00\" \/>\n<meta property=\"og:image\" content=\"https:\/\/mateuszmrozowski.pl\/sklep\/wp-content\/uploads\/2020\/05\/Mateusz-Mrozowski-Sprzedaz-Jest-Sexy-3.png\" \/>\n\t<meta property=\"og:image:width\" content=\"1080\" \/>\n\t<meta property=\"og:image:height\" content=\"1080\" \/>\n\t<meta property=\"og:image:type\" content=\"image\/png\" \/>\n<meta name=\"twitter:card\" content=\"summary_large_image\" \/>\n<meta name=\"twitter:label1\" content=\"Szacowany czas czytania\" \/>\n\t<meta name=\"twitter:data1\" content=\"2 minuty\" \/>\n<script type=\"application\/ld+json\" class=\"yoast-schema-graph\">{\"@context\":\"https:\\\/\\\/schema.org\",\"@graph\":[{\"@type\":\"WebPage\",\"@id\":\"https:\\\/\\\/mateuszmrozowski.pl\\\/sklep\\\/produkt\\\/sprzedaz-jest-sexy-albo-nie-ma-jej-wcale-zielona-rewolucja\\\/\",\"url\":\"https:\\\/\\\/mateuszmrozowski.pl\\\/sklep\\\/produkt\\\/sprzedaz-jest-sexy-albo-nie-ma-jej-wcale-zielona-rewolucja\\\/\",\"name\":\"Ksi\u0105\u017cka Sprzeda\u017c Jest Sexy Albo Nie Ma Jej Wcale | M. Mrozowski\",\"isPartOf\":{\"@id\":\"https:\\\/\\\/mateuszmrozowski.pl\\\/sklep\\\/#website\"},\"primaryImageOfPage\":{\"@id\":\"https:\\\/\\\/mateuszmrozowski.pl\\\/sklep\\\/produkt\\\/sprzedaz-jest-sexy-albo-nie-ma-jej-wcale-zielona-rewolucja\\\/#primaryimage\"},\"image\":{\"@id\":\"https:\\\/\\\/mateuszmrozowski.pl\\\/sklep\\\/produkt\\\/sprzedaz-jest-sexy-albo-nie-ma-jej-wcale-zielona-rewolucja\\\/#primaryimage\"},\"thumbnailUrl\":\"https:\\\/\\\/mateuszmrozowski.pl\\\/sklep\\\/wp-content\\\/uploads\\\/2020\\\/05\\\/Mateusz-Mrozowski-Sprzedaz-Jest-Sexy-3.png\",\"datePublished\":\"2020-05-08T12:21:09+00:00\",\"dateModified\":\"2026-03-23T13:29:00+00:00\",\"description\":\"Ksi\u0105\u017cka Sprzeda\u017c Jest Sexy Albo Nie Ma Jej Wcale | M. Mrozowski \u2714\ufe0f Wiedza i Do\u015bwiadczenie \u2714\ufe0f Autorskie Metody \u2714\ufe0f Naukowo Potwierdzone! Kup Teraz \u00bb\",\"breadcrumb\":{\"@id\":\"https:\\\/\\\/mateuszmrozowski.pl\\\/sklep\\\/produkt\\\/sprzedaz-jest-sexy-albo-nie-ma-jej-wcale-zielona-rewolucja\\\/#breadcrumb\"},\"inLanguage\":\"pl-PL\",\"potentialAction\":[{\"@type\":\"ReadAction\",\"target\":[\"https:\\\/\\\/mateuszmrozowski.pl\\\/sklep\\\/produkt\\\/sprzedaz-jest-sexy-albo-nie-ma-jej-wcale-zielona-rewolucja\\\/\"]}]},{\"@type\":\"ImageObject\",\"inLanguage\":\"pl-PL\",\"@id\":\"https:\\\/\\\/mateuszmrozowski.pl\\\/sklep\\\/produkt\\\/sprzedaz-jest-sexy-albo-nie-ma-jej-wcale-zielona-rewolucja\\\/#primaryimage\",\"url\":\"https:\\\/\\\/mateuszmrozowski.pl\\\/sklep\\\/wp-content\\\/uploads\\\/2020\\\/05\\\/Mateusz-Mrozowski-Sprzedaz-Jest-Sexy-3.png\",\"contentUrl\":\"https:\\\/\\\/mateuszmrozowski.pl\\\/sklep\\\/wp-content\\\/uploads\\\/2020\\\/05\\\/Mateusz-Mrozowski-Sprzedaz-Jest-Sexy-3.png\",\"width\":1080,\"height\":1080},{\"@type\":\"BreadcrumbList\",\"@id\":\"https:\\\/\\\/mateuszmrozowski.pl\\\/sklep\\\/produkt\\\/sprzedaz-jest-sexy-albo-nie-ma-jej-wcale-zielona-rewolucja\\\/#breadcrumb\",\"itemListElement\":[{\"@type\":\"ListItem\",\"position\":1,\"name\":\"Strona g\u0142\u00f3wna\",\"item\":\"https:\\\/\\\/mateuszmrozowski.pl\\\/sklep\\\/\"},{\"@type\":\"ListItem\",\"position\":2,\"name\":\"Szkolenia biznesowe i kursy sprzeda\u017cowe\",\"item\":\"https:\\\/\\\/mateuszmrozowski.pl\\\/sklep\\\/\"},{\"@type\":\"ListItem\",\"position\":3,\"name\":\"Ksi\u0105\u017cki\",\"item\":\"https:\\\/\\\/mateuszmrozowski.pl\\\/sklep\\\/kategoria-produktu\\\/ksiazki-biznesowe\\\/\"},{\"@type\":\"ListItem\",\"position\":4,\"name\":\"Sprzeda\u017c jest $exy albo nie ma jej wcale\"}]},{\"@type\":\"WebSite\",\"@id\":\"https:\\\/\\\/mateuszmrozowski.pl\\\/sklep\\\/#website\",\"url\":\"https:\\\/\\\/mateuszmrozowski.pl\\\/sklep\\\/\",\"name\":\"Mateusz Mrozowski Trener biznesu\",\"description\":\"Walcz\u0119 o wynik dla firm z kt\u00f3rymi wsp\u00f3\u0142pracuj\u0119.\",\"publisher\":{\"@id\":\"https:\\\/\\\/mateuszmrozowski.pl\\\/sklep\\\/#organization\"},\"alternateName\":\"Mateusz Mrozowski\",\"potentialAction\":[{\"@type\":\"SearchAction\",\"target\":{\"@type\":\"EntryPoint\",\"urlTemplate\":\"https:\\\/\\\/mateuszmrozowski.pl\\\/sklep\\\/?s={search_term_string}\"},\"query-input\":{\"@type\":\"PropertyValueSpecification\",\"valueRequired\":true,\"valueName\":\"search_term_string\"}}],\"inLanguage\":\"pl-PL\"},{\"@type\":\"Organization\",\"@id\":\"https:\\\/\\\/mateuszmrozowski.pl\\\/sklep\\\/#organization\",\"name\":\"Mateusz Mrozowski Trener biznesu\",\"alternateName\":\"Mateusz Mrozowski\",\"url\":\"https:\\\/\\\/mateuszmrozowski.pl\\\/sklep\\\/\",\"logo\":{\"@type\":\"ImageObject\",\"inLanguage\":\"pl-PL\",\"@id\":\"https:\\\/\\\/mateuszmrozowski.pl\\\/sklep\\\/#\\\/schema\\\/logo\\\/image\\\/\",\"url\":\"https:\\\/\\\/mateuszmrozowski.pl\\\/sklep\\\/wp-content\\\/uploads\\\/2025\\\/03\\\/cropped-mateusz_mrozowski_logo.png\",\"contentUrl\":\"https:\\\/\\\/mateuszmrozowski.pl\\\/sklep\\\/wp-content\\\/uploads\\\/2025\\\/03\\\/cropped-mateusz_mrozowski_logo.png\",\"width\":236,\"height\":59,\"caption\":\"Mateusz Mrozowski Trener biznesu\"},\"image\":{\"@id\":\"https:\\\/\\\/mateuszmrozowski.pl\\\/sklep\\\/#\\\/schema\\\/logo\\\/image\\\/\"},\"sameAs\":[\"https:\\\/\\\/www.facebook.com\\\/mateuszmrozowskisiewca\",\"https:\\\/\\\/www.youtube.com\\\/channel\\\/UCI6FhECZ4GdL1TYU5oh5JDg\",\"https:\\\/\\\/www.instagram.com\\\/mrozowski.siewca\\\/\",\"https:\\\/\\\/www.linkedin.com\\\/in\\\/mateuszmrozowski\\\/\",\"https:\\\/\\\/maps.app.goo.gl\\\/Ee8wtgr6gx2CjEM68\",\"https:\\\/\\\/www.tiktok.com\\\/@mateuszmrozowskisiewca\"]}]}<\/script>\n<!-- \/ Yoast SEO plugin. -->","yoast_head_json":{"title":"Ksi\u0105\u017cka Sprzeda\u017c Jest Sexy Albo Nie Ma Jej Wcale | M. Mrozowski","description":"Ksi\u0105\u017cka Sprzeda\u017c Jest Sexy Albo Nie Ma Jej Wcale | M. Mrozowski \u2714\ufe0f Wiedza i Do\u015bwiadczenie \u2714\ufe0f Autorskie Metody \u2714\ufe0f Naukowo Potwierdzone! Kup Teraz \u00bb","robots":{"index":"index","follow":"follow","max-snippet":"max-snippet:-1","max-image-preview":"max-image-preview:large","max-video-preview":"max-video-preview:-1"},"canonical":"https:\/\/mateuszmrozowski.pl\/sklep\/produkt\/sprzedaz-jest-sexy-albo-nie-ma-jej-wcale-zielona-rewolucja\/","og_locale":"pl_PL","og_type":"article","og_title":"Ksi\u0105\u017cka Sprzeda\u017c Jest Sexy Albo Nie Ma Jej Wcale | M. Mrozowski","og_description":"Ksi\u0105\u017cka Sprzeda\u017c Jest Sexy Albo Nie Ma Jej Wcale | M. Mrozowski \u2714\ufe0f Wiedza i Do\u015bwiadczenie \u2714\ufe0f Autorskie Metody \u2714\ufe0f Naukowo Potwierdzone! Kup Teraz \u00bb","og_url":"https:\/\/mateuszmrozowski.pl\/sklep\/produkt\/sprzedaz-jest-sexy-albo-nie-ma-jej-wcale-zielona-rewolucja\/","og_site_name":"Mateusz Mrozowski Trener Biznesu","article_publisher":"https:\/\/www.facebook.com\/mateuszmrozowskisiewca","article_modified_time":"2026-03-23T13:29:00+00:00","og_image":[{"width":1080,"height":1080,"url":"https:\/\/mateuszmrozowski.pl\/sklep\/wp-content\/uploads\/2020\/05\/Mateusz-Mrozowski-Sprzedaz-Jest-Sexy-3.png","type":"image\/png"}],"twitter_card":"summary_large_image","twitter_misc":{"Szacowany czas czytania":"2 minuty"},"schema":{"@context":"https:\/\/schema.org","@graph":[{"@type":"WebPage","@id":"https:\/\/mateuszmrozowski.pl\/sklep\/produkt\/sprzedaz-jest-sexy-albo-nie-ma-jej-wcale-zielona-rewolucja\/","url":"https:\/\/mateuszmrozowski.pl\/sklep\/produkt\/sprzedaz-jest-sexy-albo-nie-ma-jej-wcale-zielona-rewolucja\/","name":"Ksi\u0105\u017cka Sprzeda\u017c Jest Sexy Albo Nie Ma Jej Wcale | M. Mrozowski","isPartOf":{"@id":"https:\/\/mateuszmrozowski.pl\/sklep\/#website"},"primaryImageOfPage":{"@id":"https:\/\/mateuszmrozowski.pl\/sklep\/produkt\/sprzedaz-jest-sexy-albo-nie-ma-jej-wcale-zielona-rewolucja\/#primaryimage"},"image":{"@id":"https:\/\/mateuszmrozowski.pl\/sklep\/produkt\/sprzedaz-jest-sexy-albo-nie-ma-jej-wcale-zielona-rewolucja\/#primaryimage"},"thumbnailUrl":"https:\/\/mateuszmrozowski.pl\/sklep\/wp-content\/uploads\/2020\/05\/Mateusz-Mrozowski-Sprzedaz-Jest-Sexy-3.png","datePublished":"2020-05-08T12:21:09+00:00","dateModified":"2026-03-23T13:29:00+00:00","description":"Ksi\u0105\u017cka Sprzeda\u017c Jest Sexy Albo Nie Ma Jej Wcale | M. Mrozowski \u2714\ufe0f Wiedza i Do\u015bwiadczenie \u2714\ufe0f Autorskie Metody \u2714\ufe0f Naukowo Potwierdzone! Kup Teraz \u00bb","breadcrumb":{"@id":"https:\/\/mateuszmrozowski.pl\/sklep\/produkt\/sprzedaz-jest-sexy-albo-nie-ma-jej-wcale-zielona-rewolucja\/#breadcrumb"},"inLanguage":"pl-PL","potentialAction":[{"@type":"ReadAction","target":["https:\/\/mateuszmrozowski.pl\/sklep\/produkt\/sprzedaz-jest-sexy-albo-nie-ma-jej-wcale-zielona-rewolucja\/"]}]},{"@type":"ImageObject","inLanguage":"pl-PL","@id":"https:\/\/mateuszmrozowski.pl\/sklep\/produkt\/sprzedaz-jest-sexy-albo-nie-ma-jej-wcale-zielona-rewolucja\/#primaryimage","url":"https:\/\/mateuszmrozowski.pl\/sklep\/wp-content\/uploads\/2020\/05\/Mateusz-Mrozowski-Sprzedaz-Jest-Sexy-3.png","contentUrl":"https:\/\/mateuszmrozowski.pl\/sklep\/wp-content\/uploads\/2020\/05\/Mateusz-Mrozowski-Sprzedaz-Jest-Sexy-3.png","width":1080,"height":1080},{"@type":"BreadcrumbList","@id":"https:\/\/mateuszmrozowski.pl\/sklep\/produkt\/sprzedaz-jest-sexy-albo-nie-ma-jej-wcale-zielona-rewolucja\/#breadcrumb","itemListElement":[{"@type":"ListItem","position":1,"name":"Strona g\u0142\u00f3wna","item":"https:\/\/mateuszmrozowski.pl\/sklep\/"},{"@type":"ListItem","position":2,"name":"Szkolenia biznesowe i kursy sprzeda\u017cowe","item":"https:\/\/mateuszmrozowski.pl\/sklep\/"},{"@type":"ListItem","position":3,"name":"Ksi\u0105\u017cki","item":"https:\/\/mateuszmrozowski.pl\/sklep\/kategoria-produktu\/ksiazki-biznesowe\/"},{"@type":"ListItem","position":4,"name":"Sprzeda\u017c jest $exy albo nie ma jej wcale"}]},{"@type":"WebSite","@id":"https:\/\/mateuszmrozowski.pl\/sklep\/#website","url":"https:\/\/mateuszmrozowski.pl\/sklep\/","name":"Mateusz Mrozowski Trener biznesu","description":"Walcz\u0119 o wynik dla firm z kt\u00f3rymi wsp\u00f3\u0142pracuj\u0119.","publisher":{"@id":"https:\/\/mateuszmrozowski.pl\/sklep\/#organization"},"alternateName":"Mateusz Mrozowski","potentialAction":[{"@type":"SearchAction","target":{"@type":"EntryPoint","urlTemplate":"https:\/\/mateuszmrozowski.pl\/sklep\/?s={search_term_string}"},"query-input":{"@type":"PropertyValueSpecification","valueRequired":true,"valueName":"search_term_string"}}],"inLanguage":"pl-PL"},{"@type":"Organization","@id":"https:\/\/mateuszmrozowski.pl\/sklep\/#organization","name":"Mateusz Mrozowski Trener biznesu","alternateName":"Mateusz Mrozowski","url":"https:\/\/mateuszmrozowski.pl\/sklep\/","logo":{"@type":"ImageObject","inLanguage":"pl-PL","@id":"https:\/\/mateuszmrozowski.pl\/sklep\/#\/schema\/logo\/image\/","url":"https:\/\/mateuszmrozowski.pl\/sklep\/wp-content\/uploads\/2025\/03\/cropped-mateusz_mrozowski_logo.png","contentUrl":"https:\/\/mateuszmrozowski.pl\/sklep\/wp-content\/uploads\/2025\/03\/cropped-mateusz_mrozowski_logo.png","width":236,"height":59,"caption":"Mateusz Mrozowski Trener biznesu"},"image":{"@id":"https:\/\/mateuszmrozowski.pl\/sklep\/#\/schema\/logo\/image\/"},"sameAs":["https:\/\/www.facebook.com\/mateuszmrozowskisiewca","https:\/\/www.youtube.com\/channel\/UCI6FhECZ4GdL1TYU5oh5JDg","https:\/\/www.instagram.com\/mrozowski.siewca\/","https:\/\/www.linkedin.com\/in\/mateuszmrozowski\/","https:\/\/maps.app.goo.gl\/Ee8wtgr6gx2CjEM68","https:\/\/www.tiktok.com\/@mateuszmrozowskisiewca"]}]}},"_links":{"self":[{"href":"https:\/\/mateuszmrozowski.pl\/sklep\/wp-json\/wp\/v2\/product\/322","targetHints":{"allow":["GET"]}}],"collection":[{"href":"https:\/\/mateuszmrozowski.pl\/sklep\/wp-json\/wp\/v2\/product"}],"about":[{"href":"https:\/\/mateuszmrozowski.pl\/sklep\/wp-json\/wp\/v2\/types\/product"}],"wp:featuredmedia":[{"embeddable":true,"href":"https:\/\/mateuszmrozowski.pl\/sklep\/wp-json\/wp\/v2\/media\/99844"}],"wp:attachment":[{"href":"https:\/\/mateuszmrozowski.pl\/sklep\/wp-json\/wp\/v2\/media?parent=322"}],"wp:term":[{"taxonomy":"product_brand","embeddable":true,"href":"https:\/\/mateuszmrozowski.pl\/sklep\/wp-json\/wp\/v2\/product_brand?post=322"},{"taxonomy":"product_cat","embeddable":true,"href":"https:\/\/mateuszmrozowski.pl\/sklep\/wp-json\/wp\/v2\/product_cat?post=322"},{"taxonomy":"product_tag","embeddable":true,"href":"https:\/\/mateuszmrozowski.pl\/sklep\/wp-json\/wp\/v2\/product_tag?post=322"}],"curies":[{"name":"wp","href":"https:\/\/api.w.org\/{rel}","templated":true}]}}