{"id":105497,"date":"2026-05-12T16:36:11","date_gmt":"2026-05-12T16:36:11","guid":{"rendered":"https:\/\/mateuszmrozowski.pl\/sklep\/?post_type=product&#038;p=105497"},"modified":"2026-05-13T15:42:35","modified_gmt":"2026-05-13T15:42:35","slug":"lider-bez-maski","status":"publish","type":"product","link":"https:\/\/mateuszmrozowski.pl\/sklep\/produkt\/lider-bez-maski\/","title":{"rendered":"Online na \u017bywo &#8211; Lider bez Maski"},"content":{"rendered":"\n\n<div class=\"kk-star-ratings kksr-auto kksr-align-left kksr-valign-top kksr-disabled\"\n    data-payload='{&quot;align&quot;:&quot;left&quot;,&quot;id&quot;:&quot;105497&quot;,&quot;readonly&quot;:&quot;1&quot;,&quot;slug&quot;:&quot;default&quot;,&quot;valign&quot;:&quot;top&quot;,&quot;ignore&quot;:&quot;&quot;,&quot;reference&quot;:&quot;auto&quot;,&quot;class&quot;:&quot;&quot;,&quot;count&quot;:&quot;21&quot;,&quot;legendonly&quot;:&quot;&quot;,&quot;score&quot;:&quot;5&quot;,&quot;starsonly&quot;:&quot;&quot;,&quot;best&quot;:&quot;5&quot;,&quot;gap&quot;:&quot;5&quot;,&quot;greet&quot;:&quot;Wystaw ocen\u0119&quot;,&quot;legend&quot;:&quot;5\\\/5 - (21 ocen)&quot;,&quot;size&quot;:&quot;16&quot;,&quot;title&quot;:&quot;Online na \u017bywo - Lider bez Maski&quot;,&quot;width&quot;:&quot;102.5&quot;,&quot;_legend&quot;:&quot;{score}\\\/{best} - ({count} ocen)&quot;,&quot;font_factor&quot;:&quot;1.25&quot;}'>\n            \n<div class=\"kksr-stars\">\n    \n<div class=\"kksr-stars-inactive\">\n            <div class=\"kksr-star\" data-star=\"1\" style=\"padding-right: 5px\">\n            \n\n<div class=\"kksr-icon\" style=\"width: 16px; height: 16px;\"><\/div>\n        <\/div>\n            <div class=\"kksr-star\" data-star=\"2\" style=\"padding-right: 5px\">\n            \n\n<div class=\"kksr-icon\" style=\"width: 16px; height: 16px;\"><\/div>\n        <\/div>\n            <div class=\"kksr-star\" data-star=\"3\" style=\"padding-right: 5px\">\n            \n\n<div class=\"kksr-icon\" style=\"width: 16px; height: 16px;\"><\/div>\n        <\/div>\n            <div class=\"kksr-star\" data-star=\"4\" style=\"padding-right: 5px\">\n            \n\n<div class=\"kksr-icon\" style=\"width: 16px; height: 16px;\"><\/div>\n        <\/div>\n            <div class=\"kksr-star\" data-star=\"5\" style=\"padding-right: 5px\">\n            \n\n<div class=\"kksr-icon\" style=\"width: 16px; height: 16px;\"><\/div>\n        <\/div>\n    <\/div>\n    \n<div class=\"kksr-stars-active\" style=\"width: 102.5px;\">\n            <div class=\"kksr-star\" style=\"padding-right: 5px\">\n            \n\n<div class=\"kksr-icon\" style=\"width: 16px; height: 16px;\"><\/div>\n        <\/div>\n            <div class=\"kksr-star\" style=\"padding-right: 5px\">\n            \n\n<div class=\"kksr-icon\" style=\"width: 16px; height: 16px;\"><\/div>\n        <\/div>\n            <div class=\"kksr-star\" style=\"padding-right: 5px\">\n            \n\n<div class=\"kksr-icon\" style=\"width: 16px; height: 16px;\"><\/div>\n        <\/div>\n            <div class=\"kksr-star\" style=\"padding-right: 5px\">\n            \n\n<div class=\"kksr-icon\" style=\"width: 16px; height: 16px;\"><\/div>\n        <\/div>\n            <div class=\"kksr-star\" style=\"padding-right: 5px\">\n            \n\n<div class=\"kksr-icon\" style=\"width: 16px; height: 16px;\"><\/div>\n        <\/div>\n    <\/div>\n<\/div>\n                \n\n<div class=\"kksr-legend\" style=\"font-size: 12.8px;\">\n            5\/5 - (21 ocen)    <\/div>\n    <\/div>\n<h2 class=\"text-text-100 mt-3 -mb-1 text-[1.125rem] font-bold\"><strong>Lider bez Maski &#8211; 6-tygodniowy cykl szkole\u0144 online z Mateuszem Mrozowskim<\/strong><\/h2>\n<p class=\"font-claude-response-body break-words whitespace-normal leading-[1.7]\">Lider bez Maski to program dla tych, kt\u00f3rzy zarz\u0105dzaj\u0105 lud\u017ami i czuj\u0105, \u017ce &#8222;motywowanie zespo\u0142u&#8221; i &#8222;budowanie wizji&#8221; to za ma\u0142o. Dla manager\u00f3w, dyrektor\u00f3w i w\u0142a\u015bcicieli firm, kt\u00f3rzy chc\u0105 zrozumie\u0107 dlaczego jedni liderzy magnetyzuj\u0105, a inni m\u00f3wi\u0105 m\u0105dre rzeczy do pustej sali &#8211; i co z tym zrobi\u0107 w poniedzia\u0142ek rano.<\/p>\n<p class=\"font-claude-response-body break-words whitespace-normal leading-[1.7]\">Przyw\u00f3dztwo nie jest cech\u0105 charakteru. To wzorzec neurologiczny &#8211; i mo\u017cna go zrozumie\u0107, prze\u0107wiczy\u0107 i wdro\u017cy\u0107. Bez udawania kogo\u015b, kim nie jeste\u015b.<\/p>\n<h3 class=\"font-claude-response-body break-words whitespace-normal leading-[1.7]\"><strong>Czego nauczysz si\u0119 w tym programie?<\/strong><\/h3>\n<ol class=\"[li_&amp;]:mb-0 [li_&amp;]:mt-1 [li_&amp;]:gap-1 [&amp;:not(:last-child)_ul]:pb-1 [&amp;:not(:last-child)_ol]:pb-1 list-decimal flex flex-col gap-1 pl-8 mb-3\">\n<li class=\"font-claude-response-body whitespace-normal break-words pl-2\">Neurologia przyw\u00f3dztwa &#8211; decyzja o tym, czy komu\u015b zaufa\u0107 i czy za kim\u015b p\u00f3j\u015b\u0107, zapada w m\u00f3zgu zanim padnie pierwsze s\u0142owo. Zrozumiesz jak to dzia\u0142a i jak \u015bwiadomie wp\u0142ywa\u0107 na ten proces.<\/li>\n<li class=\"font-claude-response-body whitespace-normal break-words pl-2\">Magnetyzm lidera &#8211; dlaczego jedni wchodz\u0105 do pokoju i ludzie milkn\u0105, a inni m\u00f3wi\u0105 godzin\u0119 i nikt nie pami\u0119ta o czym? Co odr\u00f3\u017cnia lidera, za kt\u00f3rym ludzie chc\u0105 i\u015b\u0107, od tego za kt\u00f3rym musz\u0105.<\/li>\n<li class=\"font-claude-response-body whitespace-normal break-words pl-2\">Komunikacja, kt\u00f3ra zostaje &#8211; ludzie zapami\u0119tuj\u0105 10% tego co m\u00f3wisz. Pytanie brzmi: kt\u00f3re 10%? Nauczysz si\u0119 kontrolowa\u0107 co zostaje w g\u0142owach Twojego zespo\u0142u po spotkaniu z Tob\u0105.<\/li>\n<li class=\"font-claude-response-body whitespace-normal break-words pl-2\">Zesp\u00f3\u0142 bez gaszenia po\u017car\u00f3w &#8211; jak przesta\u0107 by\u0107 stra\u017cakiem i zbudowa\u0107 ludzi, kt\u00f3rzy my\u015bl\u0105, decyduj\u0105 i dowo\u017c\u0105 bez Twojego udzia\u0142u w ka\u017cdym detalu.<\/li>\n<li class=\"font-claude-response-body whitespace-normal break-words pl-2\">Trudne decyzje, trudne rozmowy &#8211; zwalnianie, konflikty, niepopularne zmiany. Jak podejmowa\u0107 decyzje pod presj\u0105 i prowadzi\u0107 rozmowy, po kt\u00f3rych ludzie Ci\u0119 szanuj\u0105, nawet je\u015bli si\u0119 nie zgadzaj\u0105.<\/li>\n<li class=\"font-claude-response-body whitespace-normal break-words pl-2\">Samotno\u015b\u0107 lidera &#8211; nikt Ci nie powie, \u017ce zarz\u0105dzanie jest samotne, dop\u00f3ki nie zaczniesz. Jak zarz\u0105dza\u0107 swoj\u0105 energi\u0105, stawia\u0107 granice i nie straci\u0107 siebie po drodze.<\/li>\n<\/ol>\n<h3 class=\"font-claude-response-body break-words whitespace-normal leading-[1.7]\"><strong>Dla kogo jest ten program?<\/strong><\/h3>\n<p class=\"font-claude-response-body break-words whitespace-normal leading-[1.7]\">Dla manager\u00f3w, dyrektor\u00f3w, kierownik\u00f3w zespo\u0142\u00f3w, w\u0142a\u015bcicieli firm i ka\u017cdego, kto zarz\u0105dza lud\u017ami &#8211; niezale\u017cnie czy masz pod sob\u0105 3 osoby czy 300. Je\u015bli masz poczucie, \u017ce zarz\u0105dzasz na intuicji, na adrenalinie albo na nadziei \u017ce &#8222;jako\u015b to b\u0119dzie&#8221; &#8211; ten program poka\u017ce Ci jak zamieni\u0107 to na \u015bwiadomy system.<\/p>\n<h3 class=\"font-claude-response-body break-words whitespace-normal leading-[1.7]\"><strong>Co dostajesz?<\/strong><\/h3>\n<p class=\"font-claude-response-body break-words whitespace-pre-wrap leading-[1.7]\">\u2713 Udzia\u0142 w 6 spotkaniach online na \u017cywo z Mateuszem Mrozowskim (ka\u017cdy wtorek, godz. 19:00)<br \/>\n\u2713 Nagrania wszystkich sesji &#8211; dost\u0119p bezterminowy (je\u015bli nie mo\u017cesz by\u0107 na \u017cywo, wszystko nagrywamy!)<br \/>\n\u2713 Mo\u017cliwo\u015b\u0107 zadawania pyta\u0144 na \u017cywo &#8211; praca na Twoich rzeczywistych sytuacjach z zespo\u0142u<br \/>\n\u2713 Dost\u0119p do zamkni\u0119tej grupy uczestnik\u00f3w edycji na Discord<br \/>\n\u2713 Certyfikat uko\u0144czenia<\/p>\n<h3 class=\"font-claude-response-body break-words whitespace-normal leading-[1.7]\"><strong>Harmonogram spotka\u0144:<\/strong><\/h3>\n<ol class=\"[li_&amp;]:mb-0 [li_&amp;]:mt-1 [li_&amp;]:gap-1 [&amp;:not(:last-child)_ul]:pb-1 [&amp;:not(:last-child)_ol]:pb-1 list-decimal flex flex-col gap-1 pl-8 mb-3\">\n<li class=\"font-claude-response-body whitespace-normal break-words pl-2\">16 czerwca 2026, godz. 19:00 &#8211; Neurologia przyw\u00f3dztwa: jak m\u00f3zg decyduje, za kim p\u00f3j\u015b\u0107<\/li>\n<li class=\"font-claude-response-body whitespace-normal break-words pl-2\">23 czerwca 2026, godz. 19:00 &#8211; Magnetyzm lidera: dlaczego jedni przyci\u0105gaj\u0105, a inni odpychaj\u0105<\/li>\n<li class=\"font-claude-response-body whitespace-normal break-words pl-2\">30 czerwca 2026, godz. 19:00 &#8211; Komunikacja, kt\u00f3ra zostaje: kontroluj co ludzie zapami\u0119tuj\u0105<\/li>\n<li class=\"font-claude-response-body whitespace-normal break-words pl-2\">7 lipca 2026, godz. 19:00 &#8211; Zesp\u00f3\u0142 bez po\u017car\u00f3w: jak przesta\u0107 by\u0107 stra\u017cakiem<\/li>\n<li class=\"font-claude-response-body whitespace-normal break-words pl-2\">14 lipca 2026, godz. 19:00 &#8211; Trudne decyzje, trudne rozmowy: szacunek nawet w konflikcie<\/li>\n<li class=\"font-claude-response-body whitespace-normal break-words pl-2\">21 lipca 2026, godz. 19:00 &#8211; Samotno\u015b\u0107 lidera: energia, granice i Ty<\/li>\n<\/ol>\n<p class=\"font-claude-response-body break-words whitespace-normal leading-[1.7]\"><strong>Wa\u017cna informacja:<\/strong> Je\u015bli nie mo\u017cesz uczestniczy\u0107 w spotkaniach na \u017cywo &#8211; nie martw si\u0119! Wszystkie sesje s\u0105 nagrywane i b\u0119dziesz mie\u0107 dost\u0119p do pe\u0142nych nagra\u0144 bez ogranicze\u0144 czasowych. Mo\u017cesz uczestniczy\u0107 w swoim tempie i r\u00f3wnie efektywnie czerpa\u0107 wiedz\u0119 z materia\u0142\u00f3w.<\/p>\n<p class=\"font-claude-response-body break-words whitespace-normal leading-[1.7]\"><em>Zarz\u0105dzanie to nie talent. To zestaw umiej\u0119tno\u015bci, kt\u00f3re mo\u017cna rozwin\u0105\u0107 &#8211; je\u015bli zrozumiesz jak naprawd\u0119 dzia\u0142a ludzki m\u00f3zg w relacji z liderem. Ten cykl pokazuje dok\u0142adnie jak to zrobi\u0107.<\/em><\/p>\n","protected":false},"excerpt":{"rendered":"<p>Lider bez Maski to 6 spotka\u0144 online na \u017cywo z Mateuszem Mrozowskim. Bez motywacyjnych slogan\u00f3w. Bez korporacyjnych regu\u0142ek. Zamiast tego &#8211; neurologia przyw\u00f3dztwa, psychologia zaufania i zarz\u0105dzanie, kt\u00f3re dzia\u0142a w poniedzia\u0142ek rano, nie tylko na slajdzie.<\/p>\n","protected":false},"featured_media":105498,"template":"","meta":{"_acf_changed":false,"content-type":""},"product_brand":[],"product_cat":[19],"product_tag":[],"class_list":{"0":"post-105497","1":"product","2":"type-product","3":"status-publish","4":"has-post-thumbnail","6":"product_cat-szkolenia-otwarte","8":"first","9":"instock","10":"featured","11":"virtual","12":"sold-individually","13":"taxable","14":"purchasable","15":"product-type-simple"},"acf":[],"yoast_head":"<!-- This site is optimized with the Yoast SEO plugin v27.5 - https:\/\/yoast.com\/product\/yoast-seo-wordpress\/ -->\n<title>Online na \u017bywo - Lider bez Maski - Mateusz Mrozowski Trener Biznesu<\/title>\n<meta name=\"description\" content=\"Szkolenie Online na \u017bywo | Nielimitowane Nagrania | Szkolenie z Mateuszem Mrozowskim | Limit Miejsc | Zarezerwuj Miejsce Teraz &gt;&gt;\" \/>\n<meta name=\"robots\" content=\"index, follow, max-snippet:-1, max-image-preview:large, max-video-preview:-1\" \/>\n<link rel=\"canonical\" href=\"https:\/\/mateuszmrozowski.pl\/sklep\/produkt\/lider-bez-maski\/\" \/>\n<meta property=\"og:locale\" content=\"pl_PL\" \/>\n<meta property=\"og:type\" content=\"article\" \/>\n<meta property=\"og:title\" content=\"Online na \u017bywo - Lider bez Maski - Mateusz Mrozowski Trener Biznesu\" \/>\n<meta property=\"og:description\" content=\"Szkolenie Online na \u017bywo | Nielimitowane Nagrania | Szkolenie z Mateuszem Mrozowskim | Limit Miejsc | Zarezerwuj Miejsce Teraz &gt;&gt;\" \/>\n<meta property=\"og:url\" content=\"https:\/\/mateuszmrozowski.pl\/sklep\/produkt\/lider-bez-maski\/\" \/>\n<meta property=\"og:site_name\" content=\"Mateusz Mrozowski Trener Biznesu\" \/>\n<meta property=\"article:publisher\" content=\"https:\/\/www.facebook.com\/mateuszmrozowskisiewca\" \/>\n<meta property=\"article:modified_time\" content=\"2026-05-13T15:42:35+00:00\" \/>\n<meta property=\"og:image\" content=\"https:\/\/mateuszmrozowski.pl\/sklep\/wp-content\/uploads\/2026\/05\/lider-bez-maski.png\" \/>\n\t<meta property=\"og:image:width\" content=\"1080\" \/>\n\t<meta property=\"og:image:height\" content=\"1080\" \/>\n\t<meta property=\"og:image:type\" content=\"image\/png\" \/>\n<meta name=\"twitter:card\" content=\"summary_large_image\" \/>\n<meta name=\"twitter:label1\" content=\"Szacowany czas czytania\" \/>\n\t<meta name=\"twitter:data1\" content=\"4 minuty\" \/>\n<script type=\"application\/ld+json\" class=\"yoast-schema-graph\">{\"@context\":\"https:\\\/\\\/schema.org\",\"@graph\":[{\"@type\":\"WebPage\",\"@id\":\"https:\\\/\\\/mateuszmrozowski.pl\\\/sklep\\\/produkt\\\/lider-bez-maski\\\/\",\"url\":\"https:\\\/\\\/mateuszmrozowski.pl\\\/sklep\\\/produkt\\\/lider-bez-maski\\\/\",\"name\":\"Online na \u017bywo - Lider bez Maski - Mateusz Mrozowski Trener Biznesu\",\"isPartOf\":{\"@id\":\"https:\\\/\\\/mateuszmrozowski.pl\\\/sklep\\\/#website\"},\"primaryImageOfPage\":{\"@id\":\"https:\\\/\\\/mateuszmrozowski.pl\\\/sklep\\\/produkt\\\/lider-bez-maski\\\/#primaryimage\"},\"image\":{\"@id\":\"https:\\\/\\\/mateuszmrozowski.pl\\\/sklep\\\/produkt\\\/lider-bez-maski\\\/#primaryimage\"},\"thumbnailUrl\":\"https:\\\/\\\/mateuszmrozowski.pl\\\/sklep\\\/wp-content\\\/uploads\\\/2026\\\/05\\\/lider-bez-maski.png\",\"datePublished\":\"2026-05-12T16:36:11+00:00\",\"dateModified\":\"2026-05-13T15:42:35+00:00\",\"description\":\"Szkolenie Online na \u017bywo | Nielimitowane Nagrania | Szkolenie z Mateuszem Mrozowskim | Limit Miejsc | Zarezerwuj Miejsce Teraz >>\",\"breadcrumb\":{\"@id\":\"https:\\\/\\\/mateuszmrozowski.pl\\\/sklep\\\/produkt\\\/lider-bez-maski\\\/#breadcrumb\"},\"inLanguage\":\"pl-PL\",\"potentialAction\":[{\"@type\":\"ReadAction\",\"target\":[\"https:\\\/\\\/mateuszmrozowski.pl\\\/sklep\\\/produkt\\\/lider-bez-maski\\\/\"]}]},{\"@type\":\"ImageObject\",\"inLanguage\":\"pl-PL\",\"@id\":\"https:\\\/\\\/mateuszmrozowski.pl\\\/sklep\\\/produkt\\\/lider-bez-maski\\\/#primaryimage\",\"url\":\"https:\\\/\\\/mateuszmrozowski.pl\\\/sklep\\\/wp-content\\\/uploads\\\/2026\\\/05\\\/lider-bez-maski.png\",\"contentUrl\":\"https:\\\/\\\/mateuszmrozowski.pl\\\/sklep\\\/wp-content\\\/uploads\\\/2026\\\/05\\\/lider-bez-maski.png\",\"width\":1080,\"height\":1080},{\"@type\":\"BreadcrumbList\",\"@id\":\"https:\\\/\\\/mateuszmrozowski.pl\\\/sklep\\\/produkt\\\/lider-bez-maski\\\/#breadcrumb\",\"itemListElement\":[{\"@type\":\"ListItem\",\"position\":1,\"name\":\"Strona g\u0142\u00f3wna\",\"item\":\"https:\\\/\\\/mateuszmrozowski.pl\\\/sklep\\\/\"},{\"@type\":\"ListItem\",\"position\":2,\"name\":\"Szkolenia biznesowe i kursy sprzeda\u017cowe\",\"item\":\"https:\\\/\\\/mateuszmrozowski.pl\\\/sklep\\\/\"},{\"@type\":\"ListItem\",\"position\":3,\"name\":\"Szkolenia otwarte\",\"item\":\"https:\\\/\\\/mateuszmrozowski.pl\\\/sklep\\\/kategoria-produktu\\\/szkolenia-otwarte\\\/\"},{\"@type\":\"ListItem\",\"position\":4,\"name\":\"Online na \u017bywo &#8211; Lider bez Maski\"}]},{\"@type\":\"WebSite\",\"@id\":\"https:\\\/\\\/mateuszmrozowski.pl\\\/sklep\\\/#website\",\"url\":\"https:\\\/\\\/mateuszmrozowski.pl\\\/sklep\\\/\",\"name\":\"Mateusz Mrozowski Trener biznesu\",\"description\":\"Walcz\u0119 o wynik dla firm z kt\u00f3rymi wsp\u00f3\u0142pracuj\u0119.\",\"publisher\":{\"@id\":\"https:\\\/\\\/mateuszmrozowski.pl\\\/sklep\\\/#organization\"},\"alternateName\":\"Mateusz Mrozowski\",\"potentialAction\":[{\"@type\":\"SearchAction\",\"target\":{\"@type\":\"EntryPoint\",\"urlTemplate\":\"https:\\\/\\\/mateuszmrozowski.pl\\\/sklep\\\/?s={search_term_string}\"},\"query-input\":{\"@type\":\"PropertyValueSpecification\",\"valueRequired\":true,\"valueName\":\"search_term_string\"}}],\"inLanguage\":\"pl-PL\"},{\"@type\":\"Organization\",\"@id\":\"https:\\\/\\\/mateuszmrozowski.pl\\\/sklep\\\/#organization\",\"name\":\"Mateusz Mrozowski Trener biznesu\",\"alternateName\":\"Mateusz Mrozowski\",\"url\":\"https:\\\/\\\/mateuszmrozowski.pl\\\/sklep\\\/\",\"logo\":{\"@type\":\"ImageObject\",\"inLanguage\":\"pl-PL\",\"@id\":\"https:\\\/\\\/mateuszmrozowski.pl\\\/sklep\\\/#\\\/schema\\\/logo\\\/image\\\/\",\"url\":\"https:\\\/\\\/mateuszmrozowski.pl\\\/sklep\\\/wp-content\\\/uploads\\\/2025\\\/03\\\/cropped-mateusz_mrozowski_logo.png\",\"contentUrl\":\"https:\\\/\\\/mateuszmrozowski.pl\\\/sklep\\\/wp-content\\\/uploads\\\/2025\\\/03\\\/cropped-mateusz_mrozowski_logo.png\",\"width\":236,\"height\":59,\"caption\":\"Mateusz Mrozowski Trener biznesu\"},\"image\":{\"@id\":\"https:\\\/\\\/mateuszmrozowski.pl\\\/sklep\\\/#\\\/schema\\\/logo\\\/image\\\/\"},\"sameAs\":[\"https:\\\/\\\/www.facebook.com\\\/mateuszmrozowskisiewca\",\"https:\\\/\\\/www.youtube.com\\\/channel\\\/UCI6FhECZ4GdL1TYU5oh5JDg\",\"https:\\\/\\\/www.instagram.com\\\/mrozowski.siewca\\\/\",\"https:\\\/\\\/www.linkedin.com\\\/in\\\/mateuszmrozowski\\\/\",\"https:\\\/\\\/maps.app.goo.gl\\\/Ee8wtgr6gx2CjEM68\",\"https:\\\/\\\/www.tiktok.com\\\/@mateuszmrozowskisiewca\"]}]}<\/script>\n<!-- \/ Yoast SEO plugin. -->","yoast_head_json":{"title":"Online na \u017bywo - Lider bez Maski - Mateusz Mrozowski Trener Biznesu","description":"Szkolenie Online na \u017bywo | Nielimitowane Nagrania | Szkolenie z Mateuszem Mrozowskim | Limit Miejsc | Zarezerwuj Miejsce Teraz >>","robots":{"index":"index","follow":"follow","max-snippet":"max-snippet:-1","max-image-preview":"max-image-preview:large","max-video-preview":"max-video-preview:-1"},"canonical":"https:\/\/mateuszmrozowski.pl\/sklep\/produkt\/lider-bez-maski\/","og_locale":"pl_PL","og_type":"article","og_title":"Online na \u017bywo - Lider bez Maski - Mateusz Mrozowski Trener Biznesu","og_description":"Szkolenie Online na \u017bywo | Nielimitowane Nagrania | Szkolenie z Mateuszem Mrozowskim | Limit Miejsc | Zarezerwuj Miejsce Teraz >>","og_url":"https:\/\/mateuszmrozowski.pl\/sklep\/produkt\/lider-bez-maski\/","og_site_name":"Mateusz Mrozowski Trener Biznesu","article_publisher":"https:\/\/www.facebook.com\/mateuszmrozowskisiewca","article_modified_time":"2026-05-13T15:42:35+00:00","og_image":[{"width":1080,"height":1080,"url":"https:\/\/mateuszmrozowski.pl\/sklep\/wp-content\/uploads\/2026\/05\/lider-bez-maski.png","type":"image\/png"}],"twitter_card":"summary_large_image","twitter_misc":{"Szacowany czas czytania":"4 minuty"},"schema":{"@context":"https:\/\/schema.org","@graph":[{"@type":"WebPage","@id":"https:\/\/mateuszmrozowski.pl\/sklep\/produkt\/lider-bez-maski\/","url":"https:\/\/mateuszmrozowski.pl\/sklep\/produkt\/lider-bez-maski\/","name":"Online na \u017bywo - Lider bez Maski - Mateusz Mrozowski Trener Biznesu","isPartOf":{"@id":"https:\/\/mateuszmrozowski.pl\/sklep\/#website"},"primaryImageOfPage":{"@id":"https:\/\/mateuszmrozowski.pl\/sklep\/produkt\/lider-bez-maski\/#primaryimage"},"image":{"@id":"https:\/\/mateuszmrozowski.pl\/sklep\/produkt\/lider-bez-maski\/#primaryimage"},"thumbnailUrl":"https:\/\/mateuszmrozowski.pl\/sklep\/wp-content\/uploads\/2026\/05\/lider-bez-maski.png","datePublished":"2026-05-12T16:36:11+00:00","dateModified":"2026-05-13T15:42:35+00:00","description":"Szkolenie Online na \u017bywo | Nielimitowane Nagrania | Szkolenie z Mateuszem Mrozowskim | Limit Miejsc | Zarezerwuj Miejsce Teraz >>","breadcrumb":{"@id":"https:\/\/mateuszmrozowski.pl\/sklep\/produkt\/lider-bez-maski\/#breadcrumb"},"inLanguage":"pl-PL","potentialAction":[{"@type":"ReadAction","target":["https:\/\/mateuszmrozowski.pl\/sklep\/produkt\/lider-bez-maski\/"]}]},{"@type":"ImageObject","inLanguage":"pl-PL","@id":"https:\/\/mateuszmrozowski.pl\/sklep\/produkt\/lider-bez-maski\/#primaryimage","url":"https:\/\/mateuszmrozowski.pl\/sklep\/wp-content\/uploads\/2026\/05\/lider-bez-maski.png","contentUrl":"https:\/\/mateuszmrozowski.pl\/sklep\/wp-content\/uploads\/2026\/05\/lider-bez-maski.png","width":1080,"height":1080},{"@type":"BreadcrumbList","@id":"https:\/\/mateuszmrozowski.pl\/sklep\/produkt\/lider-bez-maski\/#breadcrumb","itemListElement":[{"@type":"ListItem","position":1,"name":"Strona g\u0142\u00f3wna","item":"https:\/\/mateuszmrozowski.pl\/sklep\/"},{"@type":"ListItem","position":2,"name":"Szkolenia biznesowe i kursy sprzeda\u017cowe","item":"https:\/\/mateuszmrozowski.pl\/sklep\/"},{"@type":"ListItem","position":3,"name":"Szkolenia otwarte","item":"https:\/\/mateuszmrozowski.pl\/sklep\/kategoria-produktu\/szkolenia-otwarte\/"},{"@type":"ListItem","position":4,"name":"Online na \u017bywo &#8211; Lider bez Maski"}]},{"@type":"WebSite","@id":"https:\/\/mateuszmrozowski.pl\/sklep\/#website","url":"https:\/\/mateuszmrozowski.pl\/sklep\/","name":"Mateusz Mrozowski Trener biznesu","description":"Walcz\u0119 o wynik dla firm z kt\u00f3rymi wsp\u00f3\u0142pracuj\u0119.","publisher":{"@id":"https:\/\/mateuszmrozowski.pl\/sklep\/#organization"},"alternateName":"Mateusz Mrozowski","potentialAction":[{"@type":"SearchAction","target":{"@type":"EntryPoint","urlTemplate":"https:\/\/mateuszmrozowski.pl\/sklep\/?s={search_term_string}"},"query-input":{"@type":"PropertyValueSpecification","valueRequired":true,"valueName":"search_term_string"}}],"inLanguage":"pl-PL"},{"@type":"Organization","@id":"https:\/\/mateuszmrozowski.pl\/sklep\/#organization","name":"Mateusz Mrozowski Trener biznesu","alternateName":"Mateusz Mrozowski","url":"https:\/\/mateuszmrozowski.pl\/sklep\/","logo":{"@type":"ImageObject","inLanguage":"pl-PL","@id":"https:\/\/mateuszmrozowski.pl\/sklep\/#\/schema\/logo\/image\/","url":"https:\/\/mateuszmrozowski.pl\/sklep\/wp-content\/uploads\/2025\/03\/cropped-mateusz_mrozowski_logo.png","contentUrl":"https:\/\/mateuszmrozowski.pl\/sklep\/wp-content\/uploads\/2025\/03\/cropped-mateusz_mrozowski_logo.png","width":236,"height":59,"caption":"Mateusz Mrozowski Trener biznesu"},"image":{"@id":"https:\/\/mateuszmrozowski.pl\/sklep\/#\/schema\/logo\/image\/"},"sameAs":["https:\/\/www.facebook.com\/mateuszmrozowskisiewca","https:\/\/www.youtube.com\/channel\/UCI6FhECZ4GdL1TYU5oh5JDg","https:\/\/www.instagram.com\/mrozowski.siewca\/","https:\/\/www.linkedin.com\/in\/mateuszmrozowski\/","https:\/\/maps.app.goo.gl\/Ee8wtgr6gx2CjEM68","https:\/\/www.tiktok.com\/@mateuszmrozowskisiewca"]}]}},"_links":{"self":[{"href":"https:\/\/mateuszmrozowski.pl\/sklep\/wp-json\/wp\/v2\/product\/105497","targetHints":{"allow":["GET"]}}],"collection":[{"href":"https:\/\/mateuszmrozowski.pl\/sklep\/wp-json\/wp\/v2\/product"}],"about":[{"href":"https:\/\/mateuszmrozowski.pl\/sklep\/wp-json\/wp\/v2\/types\/product"}],"wp:featuredmedia":[{"embeddable":true,"href":"https:\/\/mateuszmrozowski.pl\/sklep\/wp-json\/wp\/v2\/media\/105498"}],"wp:attachment":[{"href":"https:\/\/mateuszmrozowski.pl\/sklep\/wp-json\/wp\/v2\/media?parent=105497"}],"wp:term":[{"taxonomy":"product_brand","embeddable":true,"href":"https:\/\/mateuszmrozowski.pl\/sklep\/wp-json\/wp\/v2\/product_brand?post=105497"},{"taxonomy":"product_cat","embeddable":true,"href":"https:\/\/mateuszmrozowski.pl\/sklep\/wp-json\/wp\/v2\/product_cat?post=105497"},{"taxonomy":"product_tag","embeddable":true,"href":"https:\/\/mateuszmrozowski.pl\/sklep\/wp-json\/wp\/v2\/product_tag?post=105497"}],"curies":[{"name":"wp","href":"https:\/\/api.w.org\/{rel}","templated":true}]}}