{"id":105032,"date":"2026-04-02T08:41:11","date_gmt":"2026-04-02T08:41:11","guid":{"rendered":"https:\/\/mateuszmrozowski.pl\/sklep\/?post_type=product&#038;p=105032"},"modified":"2026-04-02T11:52:32","modified_gmt":"2026-04-02T11:52:32","slug":"sprzedaz-bez-maski","status":"publish","type":"product","link":"https:\/\/mateuszmrozowski.pl\/sklep\/produkt\/sprzedaz-bez-maski\/","title":{"rendered":"Online na \u017bywo &#8211; Sprzeda\u017c bez Maski"},"content":{"rendered":"\n\n<div class=\"kk-star-ratings kksr-auto kksr-align-left kksr-valign-top kksr-disabled\"\n    data-payload='{&quot;align&quot;:&quot;left&quot;,&quot;id&quot;:&quot;105032&quot;,&quot;readonly&quot;:&quot;1&quot;,&quot;slug&quot;:&quot;default&quot;,&quot;valign&quot;:&quot;top&quot;,&quot;ignore&quot;:&quot;&quot;,&quot;reference&quot;:&quot;auto&quot;,&quot;class&quot;:&quot;&quot;,&quot;count&quot;:&quot;0&quot;,&quot;legendonly&quot;:&quot;&quot;,&quot;score&quot;:&quot;0&quot;,&quot;starsonly&quot;:&quot;&quot;,&quot;best&quot;:&quot;5&quot;,&quot;gap&quot;:&quot;5&quot;,&quot;greet&quot;:&quot;Wystaw ocen\u0119&quot;,&quot;legend&quot;:&quot;0\\\/5 - (0 ocen)&quot;,&quot;size&quot;:&quot;16&quot;,&quot;title&quot;:&quot;Online na \u017bywo - Sprzeda\u017c bez Maski&quot;,&quot;width&quot;:&quot;0&quot;,&quot;_legend&quot;:&quot;{score}\\\/{best} - ({count} ocen)&quot;,&quot;font_factor&quot;:&quot;1.25&quot;}'>\n            \n<div class=\"kksr-stars\">\n    \n<div class=\"kksr-stars-inactive\">\n            <div class=\"kksr-star\" data-star=\"1\" style=\"padding-right: 5px\">\n            \n\n<div class=\"kksr-icon\" style=\"width: 16px; height: 16px;\"><\/div>\n        <\/div>\n            <div class=\"kksr-star\" data-star=\"2\" style=\"padding-right: 5px\">\n            \n\n<div class=\"kksr-icon\" style=\"width: 16px; height: 16px;\"><\/div>\n        <\/div>\n            <div class=\"kksr-star\" data-star=\"3\" style=\"padding-right: 5px\">\n            \n\n<div class=\"kksr-icon\" style=\"width: 16px; height: 16px;\"><\/div>\n        <\/div>\n            <div class=\"kksr-star\" data-star=\"4\" style=\"padding-right: 5px\">\n            \n\n<div class=\"kksr-icon\" style=\"width: 16px; height: 16px;\"><\/div>\n        <\/div>\n            <div class=\"kksr-star\" data-star=\"5\" style=\"padding-right: 5px\">\n            \n\n<div class=\"kksr-icon\" style=\"width: 16px; height: 16px;\"><\/div>\n        <\/div>\n    <\/div>\n    \n<div class=\"kksr-stars-active\" style=\"width: 0px;\">\n            <div class=\"kksr-star\" style=\"padding-right: 5px\">\n            \n\n<div class=\"kksr-icon\" style=\"width: 16px; height: 16px;\"><\/div>\n        <\/div>\n            <div class=\"kksr-star\" style=\"padding-right: 5px\">\n            \n\n<div class=\"kksr-icon\" style=\"width: 16px; height: 16px;\"><\/div>\n        <\/div>\n            <div class=\"kksr-star\" style=\"padding-right: 5px\">\n            \n\n<div class=\"kksr-icon\" style=\"width: 16px; height: 16px;\"><\/div>\n        <\/div>\n            <div class=\"kksr-star\" style=\"padding-right: 5px\">\n            \n\n<div class=\"kksr-icon\" style=\"width: 16px; height: 16px;\"><\/div>\n        <\/div>\n            <div class=\"kksr-star\" style=\"padding-right: 5px\">\n            \n\n<div class=\"kksr-icon\" style=\"width: 16px; height: 16px;\"><\/div>\n        <\/div>\n    <\/div>\n<\/div>\n                \n\n<div class=\"kksr-legend\" style=\"font-size: 12.8px;\">\n            <span class=\"kksr-muted\">Wystaw ocen\u0119<\/span>\n    <\/div>\n    <\/div>\n<h2><strong>Sprzeda\u017c bez Maski \u2013 Kolejny cykl szkole\u0144 online z Mateuszem Mrozowskim<\/strong><\/h2>\n<p>Sprzeda\u017c bez Maski to program dla handlowc\u00f3w, kt\u00f3rzy chc\u0105 sprzedawa\u0107 skuteczniej i bardziej \u015bwiadomie &#8211; bez gry roli, bez presji, bez udawania kogo\u015b, kim nie jeste\u015b. Uczestnicz\u0105c w cyklu 6 spotka\u0144 na \u017cywo, nauczysz si\u0119 rozumie\u0107 ludzi g\u0142\u0119biej ni\u017c konkurencja i zbudujesz autentyczn\u0105 sprzeda\u017c opart\u0105 na zaufaniu.<\/p>\n<h3><strong>Czego nauczysz si\u0119 w tym kursie sprzeda\u017cy?<\/strong><\/h3>\n<p>1. Psychologia decyzji zakupowych &#8211; dlaczego klienci kupuj\u0105 i dlaczego rezygnuj\u0105?<br \/>\n2. Budowanie autorytu i pierwszego wra\u017cenia &#8211; jak zaczyna\u0107 rozmow\u0119 handlow\u0105, \u017ceby klient chcia\u0142 s\u0142ucha\u0107?<br \/>\n3. Badanie potrzeb &#8211; jak zadawa\u0107 pytania, kt\u00f3re odkrywaj\u0105 prawdziwe motywacje klienta?<br \/>\n4. Prezentacja oferty &#8211; jak m\u00f3wi\u0107 o warto\u015bci, nie o cenie?<br \/>\n5. Neutralizacja obiekcji &#8211; jak reagowa\u0107 na \u201eza drogo&#8221;, \u201emusz\u0119 si\u0119 zastanowi\u0107&#8221;, \u201emamy ju\u017c dostawc\u0119&#8221; bez presji?<br \/>\n6. Finalizacja i budowanie lojalno\u015bci &#8211; jak zamyka\u0107 sprzeda\u017c naturalnie i jak klienci wracaj\u0105 do Ciebie?<\/p>\n<h3><strong>Dla kogo jest ten program?<\/strong><\/h3>\n<p>Szkolenia s\u0105 przeznaczone dla handlowc\u00f3w, account manager\u00f3w, w\u0142a\u015bcicieli firm sprzedaj\u0105cych osobi\u015bcie lub telefonicznie, oraz wszystkich tych, kt\u00f3rzy chc\u0105 sprzedawa\u0107 pewniej i bardziej autentycznie.<\/p>\n<h3><strong>Co dostajesz?<\/strong><\/h3>\n<p>\u2713 Udzia\u0142 w 6 spotkaniach online na \u017cywo z Mateuszem Mrozowskim (ka\u017cdy wtorek, godz. 20:00)<br \/>\n\u2713 Nagrania wszystkich sesji &#8211; dost\u0119p bezterminowy (je\u015bli nie mo\u017cesz by\u0107 na \u017cywo, wszystko nagrywamy!)<br \/>\n\u2713 Mo\u017cliwo\u015b\u0107 zadawania pyta\u0144 na \u017cywo &#8211; praca na Twoich rzeczywistych sytuacjach z terenu<br \/>\n\u2713 Dost\u0119p do zamkni\u0119tej grupy uczestnik\u00f3w edycji na Discord<br \/>\n\u2713 Certyfikat uko\u0144czenia<\/p>\n<h3><strong>Harmonogram spotka\u0144:<\/strong><\/h3>\n<ol>\n<li>5 maja 2025, godz. 20:00 &#8211; <em>Dlaczego klienci kupuj\u0105 (i dlaczego rezygnuj\u0105)<\/em><\/li>\n<li>12 maja 2025, godz. 20:00 &#8211; <em>Pierwsze wra\u017cenie i otwarcie, kt\u00f3re buduje zaufanie<\/em><\/li>\n<li>19 maja 2025, godz. 20:00 &#8211; <em>Badanie potrzeb, kt\u00f3re odkrywa prawdziwe motywacje<\/em><\/li>\n<li>26 maja 2025, godz. 20:00 &#8211; <em>Prezentacja oferty, kt\u00f3ra sprzedaje warto\u015b\u0107, nie cen\u0119<\/em><\/li>\n<li>2 czerwca 2025, godz. 20:00 &#8211; <em>Obiekcje, w\u0105tpliwo\u015bci w praktyce<\/em><\/li>\n<li>9 czerwca 2025, godz. 20:00 &#8211; <em>Finalizacja, domkni\u0119cie i klient, kt\u00f3ry wraca i poleca<\/em><\/li>\n<\/ol>\n<p>&nbsp;<\/p>\n<p><strong>Wa\u017cna informacja:\u00a0<\/strong>Je\u015bli nie mo\u017cesz uczestniczy\u0107 w spotkaniach na \u017cywo \u2014 nie martw si\u0119! Wszystkie sesje s\u0105 nagrywane i b\u0119dziesz mie\u0107 dost\u0119p do pe\u0142nych nagra\u0144 bez ogranicze\u0144 czasowych. Mo\u017cesz uczestniczy\u0107 w swoim tempie i r\u00f3wnie efektywnie czerpa\u0107 wiedz\u0119 z materia\u0142\u00f3w.<\/p>\n<p><em>Sprzeda\u017c to nie talent. To zestaw umiej\u0119tno\u015bci, kt\u00f3re mo\u017cna rozwin\u0105\u0107 \u2014 je\u015bli \u0107wiczysz je regularnie, z feedbackiem i na prawdziwych przypadkach. Ten cykl pokazuje dok\u0142adnie jak to zrobi\u0107.<\/em><\/p>\n","protected":false},"excerpt":{"rendered":"<p>Sprzeda\u017c bez Maski to cykl 6 spotka\u0144 online, w kt\u00f3rym nauczysz si\u0119 sprzedawa\u0107 autentycznie &#8211; bez gry roli, bez skrypt\u00f3w, bez presji. Wraz z Mateuszem Mrozowskim odkryjesz psychologi\u0119 kupowania i zbudujesz sprzeda\u017c opart\u0105 na zaufaniu, kt\u00f3ra b\u0119dzie dzia\u0142a\u0107 niezale\u017cnie od koniunktury.<\/p>\n","protected":false},"featured_media":105033,"template":"","meta":{"_acf_changed":false,"content-type":""},"product_brand":[],"product_cat":[19],"product_tag":[],"class_list":{"0":"post-105032","1":"product","2":"type-product","3":"status-publish","4":"has-post-thumbnail","6":"product_cat-szkolenia-otwarte","8":"first","9":"instock","10":"virtual","11":"sold-individually","12":"taxable","13":"purchasable","14":"product-type-simple"},"acf":[],"yoast_head":"<!-- This site is optimized with the Yoast SEO plugin v27.1.1 - https:\/\/yoast.com\/product\/yoast-seo-wordpress\/ -->\n<title>Online na \u017bywo - Sprzeda\u017c bez Maski - Mateusz Mrozowski Trener Biznesu<\/title>\n<meta name=\"description\" content=\"Szkolenie Online na \u017bywo | Nielimitowane Nagrania | Szkolenie z Mateuszem Mrozowskim | Limit Miejsc | Zarezerwuj Miejsce Teraz &gt;&gt;\" \/>\n<meta name=\"robots\" content=\"noindex, nofollow\" \/>\n<meta property=\"og:locale\" content=\"pl_PL\" \/>\n<meta property=\"og:type\" content=\"article\" \/>\n<meta property=\"og:title\" content=\"Online na \u017bywo - Sprzeda\u017c bez Maski - Mateusz Mrozowski Trener Biznesu\" \/>\n<meta property=\"og:description\" content=\"Szkolenie Online na \u017bywo | Nielimitowane Nagrania | Szkolenie z Mateuszem Mrozowskim | Limit Miejsc | Zarezerwuj Miejsce Teraz &gt;&gt;\" \/>\n<meta property=\"og:url\" content=\"https:\/\/mateuszmrozowski.pl\/sklep\/produkt\/sprzedaz-bez-maski\/\" \/>\n<meta property=\"og:site_name\" content=\"Mateusz Mrozowski Trener Biznesu\" \/>\n<meta property=\"article:publisher\" content=\"https:\/\/www.facebook.com\/mateuszmrozowskisiewca\" \/>\n<meta property=\"article:modified_time\" content=\"2026-04-02T11:52:32+00:00\" \/>\n<meta property=\"og:image\" content=\"https:\/\/mateuszmrozowski.pl\/sklep\/wp-content\/uploads\/2026\/04\/sprzedaz-bez-maski.png\" \/>\n\t<meta property=\"og:image:width\" content=\"1080\" \/>\n\t<meta property=\"og:image:height\" content=\"1080\" \/>\n\t<meta property=\"og:image:type\" content=\"image\/png\" \/>\n<meta name=\"twitter:card\" content=\"summary_large_image\" \/>\n<meta name=\"twitter:label1\" content=\"Szacowany czas czytania\" \/>\n\t<meta name=\"twitter:data1\" content=\"3 minuty\" \/>\n<script type=\"application\/ld+json\" class=\"yoast-schema-graph\">{\"@context\":\"https:\/\/schema.org\",\"@graph\":[{\"@type\":\"WebPage\",\"@id\":\"https:\/\/mateuszmrozowski.pl\/sklep\/produkt\/sprzedaz-bez-maski\/\",\"url\":\"https:\/\/mateuszmrozowski.pl\/sklep\/produkt\/sprzedaz-bez-maski\/\",\"name\":\"Online na \u017bywo - Sprzeda\u017c bez Maski - Mateusz Mrozowski Trener Biznesu\",\"isPartOf\":{\"@id\":\"https:\/\/mateuszmrozowski.pl\/sklep\/#website\"},\"primaryImageOfPage\":{\"@id\":\"https:\/\/mateuszmrozowski.pl\/sklep\/produkt\/sprzedaz-bez-maski\/#primaryimage\"},\"image\":{\"@id\":\"https:\/\/mateuszmrozowski.pl\/sklep\/produkt\/sprzedaz-bez-maski\/#primaryimage\"},\"thumbnailUrl\":\"https:\/\/mateuszmrozowski.pl\/sklep\/wp-content\/uploads\/2026\/04\/sprzedaz-bez-maski.png\",\"datePublished\":\"2026-04-02T08:41:11+00:00\",\"dateModified\":\"2026-04-02T11:52:32+00:00\",\"description\":\"Szkolenie Online na \u017bywo | Nielimitowane Nagrania | Szkolenie z Mateuszem Mrozowskim | Limit Miejsc | Zarezerwuj Miejsce Teraz >>\",\"breadcrumb\":{\"@id\":\"https:\/\/mateuszmrozowski.pl\/sklep\/produkt\/sprzedaz-bez-maski\/#breadcrumb\"},\"inLanguage\":\"pl-PL\",\"potentialAction\":[{\"@type\":\"ReadAction\",\"target\":[\"https:\/\/mateuszmrozowski.pl\/sklep\/produkt\/sprzedaz-bez-maski\/\"]}]},{\"@type\":\"ImageObject\",\"inLanguage\":\"pl-PL\",\"@id\":\"https:\/\/mateuszmrozowski.pl\/sklep\/produkt\/sprzedaz-bez-maski\/#primaryimage\",\"url\":\"https:\/\/mateuszmrozowski.pl\/sklep\/wp-content\/uploads\/2026\/04\/sprzedaz-bez-maski.png\",\"contentUrl\":\"https:\/\/mateuszmrozowski.pl\/sklep\/wp-content\/uploads\/2026\/04\/sprzedaz-bez-maski.png\",\"width\":1080,\"height\":1080},{\"@type\":\"BreadcrumbList\",\"@id\":\"https:\/\/mateuszmrozowski.pl\/sklep\/produkt\/sprzedaz-bez-maski\/#breadcrumb\",\"itemListElement\":[{\"@type\":\"ListItem\",\"position\":1,\"name\":\"Strona g\u0142\u00f3wna\",\"item\":\"https:\/\/mateuszmrozowski.pl\/sklep\/\"},{\"@type\":\"ListItem\",\"position\":2,\"name\":\"Szkolenia biznesowe i kursy sprzeda\u017cowe\",\"item\":\"https:\/\/mateuszmrozowski.pl\/sklep\/\"},{\"@type\":\"ListItem\",\"position\":3,\"name\":\"Szkolenia otwarte\",\"item\":\"https:\/\/mateuszmrozowski.pl\/sklep\/kategoria-produktu\/szkolenia-otwarte\/\"},{\"@type\":\"ListItem\",\"position\":4,\"name\":\"Online na \u017bywo &#8211; Sprzeda\u017c bez Maski\"}]},{\"@type\":\"WebSite\",\"@id\":\"https:\/\/mateuszmrozowski.pl\/sklep\/#website\",\"url\":\"https:\/\/mateuszmrozowski.pl\/sklep\/\",\"name\":\"Mateusz Mrozowski Trener biznesu\",\"description\":\"Walcz\u0119 o wynik dla firm z kt\u00f3rymi wsp\u00f3\u0142pracuj\u0119.\",\"publisher\":{\"@id\":\"https:\/\/mateuszmrozowski.pl\/sklep\/#organization\"},\"alternateName\":\"Mateusz Mrozowski\",\"potentialAction\":[{\"@type\":\"SearchAction\",\"target\":{\"@type\":\"EntryPoint\",\"urlTemplate\":\"https:\/\/mateuszmrozowski.pl\/sklep\/?s={search_term_string}\"},\"query-input\":{\"@type\":\"PropertyValueSpecification\",\"valueRequired\":true,\"valueName\":\"search_term_string\"}}],\"inLanguage\":\"pl-PL\"},{\"@type\":\"Organization\",\"@id\":\"https:\/\/mateuszmrozowski.pl\/sklep\/#organization\",\"name\":\"Mateusz Mrozowski Trener biznesu\",\"alternateName\":\"Mateusz Mrozowski\",\"url\":\"https:\/\/mateuszmrozowski.pl\/sklep\/\",\"logo\":{\"@type\":\"ImageObject\",\"inLanguage\":\"pl-PL\",\"@id\":\"https:\/\/mateuszmrozowski.pl\/sklep\/#\/schema\/logo\/image\/\",\"url\":\"https:\/\/mateuszmrozowski.pl\/sklep\/wp-content\/uploads\/2025\/03\/cropped-mateusz_mrozowski_logo.png\",\"contentUrl\":\"https:\/\/mateuszmrozowski.pl\/sklep\/wp-content\/uploads\/2025\/03\/cropped-mateusz_mrozowski_logo.png\",\"width\":236,\"height\":59,\"caption\":\"Mateusz Mrozowski Trener biznesu\"},\"image\":{\"@id\":\"https:\/\/mateuszmrozowski.pl\/sklep\/#\/schema\/logo\/image\/\"},\"sameAs\":[\"https:\/\/www.facebook.com\/mateuszmrozowskisiewca\",\"https:\/\/www.youtube.com\/channel\/UCI6FhECZ4GdL1TYU5oh5JDg\",\"https:\/\/www.instagram.com\/mrozowski.siewca\/\",\"https:\/\/www.linkedin.com\/in\/mateuszmrozowski\/\",\"https:\/\/maps.app.goo.gl\/Ee8wtgr6gx2CjEM68\",\"https:\/\/www.tiktok.com\/@mateuszmrozowskisiewca\"]}]}<\/script>\n<!-- \/ Yoast SEO plugin. -->","yoast_head_json":{"title":"Online na \u017bywo - Sprzeda\u017c bez Maski - Mateusz Mrozowski Trener Biznesu","description":"Szkolenie Online na \u017bywo | Nielimitowane Nagrania | Szkolenie z Mateuszem Mrozowskim | Limit Miejsc | Zarezerwuj Miejsce Teraz >>","robots":{"index":"noindex","follow":"nofollow"},"og_locale":"pl_PL","og_type":"article","og_title":"Online na \u017bywo - Sprzeda\u017c bez Maski - Mateusz Mrozowski Trener Biznesu","og_description":"Szkolenie Online na \u017bywo | Nielimitowane Nagrania | Szkolenie z Mateuszem Mrozowskim | Limit Miejsc | Zarezerwuj Miejsce Teraz >>","og_url":"https:\/\/mateuszmrozowski.pl\/sklep\/produkt\/sprzedaz-bez-maski\/","og_site_name":"Mateusz Mrozowski Trener Biznesu","article_publisher":"https:\/\/www.facebook.com\/mateuszmrozowskisiewca","article_modified_time":"2026-04-02T11:52:32+00:00","og_image":[{"width":1080,"height":1080,"url":"https:\/\/mateuszmrozowski.pl\/sklep\/wp-content\/uploads\/2026\/04\/sprzedaz-bez-maski.png","type":"image\/png"}],"twitter_card":"summary_large_image","twitter_misc":{"Szacowany czas czytania":"3 minuty"},"schema":{"@context":"https:\/\/schema.org","@graph":[{"@type":"WebPage","@id":"https:\/\/mateuszmrozowski.pl\/sklep\/produkt\/sprzedaz-bez-maski\/","url":"https:\/\/mateuszmrozowski.pl\/sklep\/produkt\/sprzedaz-bez-maski\/","name":"Online na \u017bywo - Sprzeda\u017c bez Maski - Mateusz Mrozowski Trener Biznesu","isPartOf":{"@id":"https:\/\/mateuszmrozowski.pl\/sklep\/#website"},"primaryImageOfPage":{"@id":"https:\/\/mateuszmrozowski.pl\/sklep\/produkt\/sprzedaz-bez-maski\/#primaryimage"},"image":{"@id":"https:\/\/mateuszmrozowski.pl\/sklep\/produkt\/sprzedaz-bez-maski\/#primaryimage"},"thumbnailUrl":"https:\/\/mateuszmrozowski.pl\/sklep\/wp-content\/uploads\/2026\/04\/sprzedaz-bez-maski.png","datePublished":"2026-04-02T08:41:11+00:00","dateModified":"2026-04-02T11:52:32+00:00","description":"Szkolenie Online na \u017bywo | Nielimitowane Nagrania | Szkolenie z Mateuszem Mrozowskim | Limit Miejsc | Zarezerwuj Miejsce Teraz >>","breadcrumb":{"@id":"https:\/\/mateuszmrozowski.pl\/sklep\/produkt\/sprzedaz-bez-maski\/#breadcrumb"},"inLanguage":"pl-PL","potentialAction":[{"@type":"ReadAction","target":["https:\/\/mateuszmrozowski.pl\/sklep\/produkt\/sprzedaz-bez-maski\/"]}]},{"@type":"ImageObject","inLanguage":"pl-PL","@id":"https:\/\/mateuszmrozowski.pl\/sklep\/produkt\/sprzedaz-bez-maski\/#primaryimage","url":"https:\/\/mateuszmrozowski.pl\/sklep\/wp-content\/uploads\/2026\/04\/sprzedaz-bez-maski.png","contentUrl":"https:\/\/mateuszmrozowski.pl\/sklep\/wp-content\/uploads\/2026\/04\/sprzedaz-bez-maski.png","width":1080,"height":1080},{"@type":"BreadcrumbList","@id":"https:\/\/mateuszmrozowski.pl\/sklep\/produkt\/sprzedaz-bez-maski\/#breadcrumb","itemListElement":[{"@type":"ListItem","position":1,"name":"Strona g\u0142\u00f3wna","item":"https:\/\/mateuszmrozowski.pl\/sklep\/"},{"@type":"ListItem","position":2,"name":"Szkolenia biznesowe i kursy sprzeda\u017cowe","item":"https:\/\/mateuszmrozowski.pl\/sklep\/"},{"@type":"ListItem","position":3,"name":"Szkolenia otwarte","item":"https:\/\/mateuszmrozowski.pl\/sklep\/kategoria-produktu\/szkolenia-otwarte\/"},{"@type":"ListItem","position":4,"name":"Online na \u017bywo &#8211; Sprzeda\u017c bez Maski"}]},{"@type":"WebSite","@id":"https:\/\/mateuszmrozowski.pl\/sklep\/#website","url":"https:\/\/mateuszmrozowski.pl\/sklep\/","name":"Mateusz Mrozowski Trener biznesu","description":"Walcz\u0119 o wynik dla firm z kt\u00f3rymi wsp\u00f3\u0142pracuj\u0119.","publisher":{"@id":"https:\/\/mateuszmrozowski.pl\/sklep\/#organization"},"alternateName":"Mateusz Mrozowski","potentialAction":[{"@type":"SearchAction","target":{"@type":"EntryPoint","urlTemplate":"https:\/\/mateuszmrozowski.pl\/sklep\/?s={search_term_string}"},"query-input":{"@type":"PropertyValueSpecification","valueRequired":true,"valueName":"search_term_string"}}],"inLanguage":"pl-PL"},{"@type":"Organization","@id":"https:\/\/mateuszmrozowski.pl\/sklep\/#organization","name":"Mateusz Mrozowski Trener biznesu","alternateName":"Mateusz Mrozowski","url":"https:\/\/mateuszmrozowski.pl\/sklep\/","logo":{"@type":"ImageObject","inLanguage":"pl-PL","@id":"https:\/\/mateuszmrozowski.pl\/sklep\/#\/schema\/logo\/image\/","url":"https:\/\/mateuszmrozowski.pl\/sklep\/wp-content\/uploads\/2025\/03\/cropped-mateusz_mrozowski_logo.png","contentUrl":"https:\/\/mateuszmrozowski.pl\/sklep\/wp-content\/uploads\/2025\/03\/cropped-mateusz_mrozowski_logo.png","width":236,"height":59,"caption":"Mateusz Mrozowski Trener biznesu"},"image":{"@id":"https:\/\/mateuszmrozowski.pl\/sklep\/#\/schema\/logo\/image\/"},"sameAs":["https:\/\/www.facebook.com\/mateuszmrozowskisiewca","https:\/\/www.youtube.com\/channel\/UCI6FhECZ4GdL1TYU5oh5JDg","https:\/\/www.instagram.com\/mrozowski.siewca\/","https:\/\/www.linkedin.com\/in\/mateuszmrozowski\/","https:\/\/maps.app.goo.gl\/Ee8wtgr6gx2CjEM68","https:\/\/www.tiktok.com\/@mateuszmrozowskisiewca"]}]}},"_links":{"self":[{"href":"https:\/\/mateuszmrozowski.pl\/sklep\/wp-json\/wp\/v2\/product\/105032","targetHints":{"allow":["GET"]}}],"collection":[{"href":"https:\/\/mateuszmrozowski.pl\/sklep\/wp-json\/wp\/v2\/product"}],"about":[{"href":"https:\/\/mateuszmrozowski.pl\/sklep\/wp-json\/wp\/v2\/types\/product"}],"wp:featuredmedia":[{"embeddable":true,"href":"https:\/\/mateuszmrozowski.pl\/sklep\/wp-json\/wp\/v2\/media\/105033"}],"wp:attachment":[{"href":"https:\/\/mateuszmrozowski.pl\/sklep\/wp-json\/wp\/v2\/media?parent=105032"}],"wp:term":[{"taxonomy":"product_brand","embeddable":true,"href":"https:\/\/mateuszmrozowski.pl\/sklep\/wp-json\/wp\/v2\/product_brand?post=105032"},{"taxonomy":"product_cat","embeddable":true,"href":"https:\/\/mateuszmrozowski.pl\/sklep\/wp-json\/wp\/v2\/product_cat?post=105032"},{"taxonomy":"product_tag","embeddable":true,"href":"https:\/\/mateuszmrozowski.pl\/sklep\/wp-json\/wp\/v2\/product_tag?post=105032"}],"curies":[{"name":"wp","href":"https:\/\/api.w.org\/{rel}","templated":true}]}}