{"id":103171,"date":"2025-08-01T09:36:24","date_gmt":"2025-08-01T09:36:24","guid":{"rendered":"https:\/\/mateuszmrozowski.pl\/sklep\/?post_type=product&#038;p=103171"},"modified":"2025-10-14T17:47:10","modified_gmt":"2025-10-14T17:47:10","slug":"pakiet-promocyjny-sprzedaz-telefoniczna-sprzedaz-w-praktyce","status":"publish","type":"product","link":"https:\/\/mateuszmrozowski.pl\/sklep\/produkt\/pakiet-promocyjny-sprzedaz-telefoniczna-sprzedaz-w-praktyce\/","title":{"rendered":"Pakiet Promocyjny &#8211; Sprzeda\u017c Telefoniczna + Sprzeda\u017c w Praktyce"},"content":{"rendered":"\n\n<div class=\"kk-star-ratings kksr-auto kksr-align-left kksr-valign-top kksr-disabled\"\n    data-payload='{&quot;align&quot;:&quot;left&quot;,&quot;id&quot;:&quot;103171&quot;,&quot;readonly&quot;:&quot;1&quot;,&quot;slug&quot;:&quot;default&quot;,&quot;valign&quot;:&quot;top&quot;,&quot;ignore&quot;:&quot;&quot;,&quot;reference&quot;:&quot;auto&quot;,&quot;class&quot;:&quot;&quot;,&quot;count&quot;:&quot;6&quot;,&quot;legendonly&quot;:&quot;&quot;,&quot;score&quot;:&quot;5&quot;,&quot;starsonly&quot;:&quot;&quot;,&quot;best&quot;:&quot;5&quot;,&quot;gap&quot;:&quot;5&quot;,&quot;greet&quot;:&quot;Wystaw ocen\u0119&quot;,&quot;legend&quot;:&quot;5\\\/5 - (6 ocen)&quot;,&quot;size&quot;:&quot;16&quot;,&quot;title&quot;:&quot;Pakiet Promocyjny - Sprzeda\u017c Telefoniczna + Sprzeda\u017c w Praktyce&quot;,&quot;width&quot;:&quot;102.5&quot;,&quot;_legend&quot;:&quot;{score}\\\/{best} - ({count} ocen)&quot;,&quot;font_factor&quot;:&quot;1.25&quot;}'>\n            \n<div class=\"kksr-stars\">\n    \n<div class=\"kksr-stars-inactive\">\n            <div class=\"kksr-star\" data-star=\"1\" style=\"padding-right: 5px\">\n            \n\n<div class=\"kksr-icon\" style=\"width: 16px; height: 16px;\"><\/div>\n        <\/div>\n            <div class=\"kksr-star\" data-star=\"2\" style=\"padding-right: 5px\">\n            \n\n<div class=\"kksr-icon\" style=\"width: 16px; height: 16px;\"><\/div>\n        <\/div>\n            <div class=\"kksr-star\" data-star=\"3\" style=\"padding-right: 5px\">\n            \n\n<div class=\"kksr-icon\" style=\"width: 16px; height: 16px;\"><\/div>\n        <\/div>\n            <div class=\"kksr-star\" data-star=\"4\" style=\"padding-right: 5px\">\n            \n\n<div class=\"kksr-icon\" style=\"width: 16px; height: 16px;\"><\/div>\n        <\/div>\n            <div class=\"kksr-star\" data-star=\"5\" style=\"padding-right: 5px\">\n            \n\n<div class=\"kksr-icon\" style=\"width: 16px; height: 16px;\"><\/div>\n        <\/div>\n    <\/div>\n    \n<div class=\"kksr-stars-active\" style=\"width: 102.5px;\">\n            <div class=\"kksr-star\" style=\"padding-right: 5px\">\n            \n\n<div class=\"kksr-icon\" style=\"width: 16px; height: 16px;\"><\/div>\n        <\/div>\n            <div class=\"kksr-star\" style=\"padding-right: 5px\">\n            \n\n<div class=\"kksr-icon\" style=\"width: 16px; height: 16px;\"><\/div>\n        <\/div>\n            <div class=\"kksr-star\" style=\"padding-right: 5px\">\n            \n\n<div class=\"kksr-icon\" style=\"width: 16px; height: 16px;\"><\/div>\n        <\/div>\n            <div class=\"kksr-star\" style=\"padding-right: 5px\">\n            \n\n<div class=\"kksr-icon\" style=\"width: 16px; height: 16px;\"><\/div>\n        <\/div>\n            <div class=\"kksr-star\" style=\"padding-right: 5px\">\n            \n\n<div class=\"kksr-icon\" style=\"width: 16px; height: 16px;\"><\/div>\n        <\/div>\n    <\/div>\n<\/div>\n                \n\n<div class=\"kksr-legend\" style=\"font-size: 12.8px;\">\n            5\/5 - (6 ocen)    <\/div>\n    <\/div>\n<h2><strong>PAKIET DW\u00d3CH PRODUKT\u00d3W<\/strong><\/h2>\n<h3><strong>1. Kurs online &#8222;Sprzeda\u017c Telefoniczna&#8221;<\/strong><\/h3>\n<p><strong>Ten kurs online ze sprzeda\u017cy telefonicznej nieodwracalnie odmieni Twoje podej\u015bcie do niej.<\/strong> Staniesz si\u0119 ekspertem i skutecznym sprzedawc\u0105. <strong>Kurs wideo<\/strong> oparty jest na autorskich metodach, kt\u00f3rych nie znajdziesz nigdzie indziej. Przestaniesz walczy\u0107 z klientem zbijaj\u0105c jego obiekcje. Dowiesz si\u0119 jak go zaciekawi\u0107, zbudowa\u0107 z nim sojusz i skutecznie <strong>zamkn\u0105\u0107 nawet najtrudniejsz\u0105 sprzeda\u017c.<\/strong><\/p>\n<p>Badania pokazuj\u0105, \u017ce w sprzeda\u017cy telefonicznej mamy 3 razy wi\u0119cej czasu na zrobienie pozytywnego wra\u017cenia ni\u017c w przypadku sprzeda\u017cy face-2-face. <strong>Jak zatem zwi\u0119kszy\u0107 swoje szanse i zosta\u0107 wys\u0142uchanym?<\/strong> Umiej\u0119tno\u015b\u0107 s\u0142uchania oraz komunikacji sta\u0142y si\u0119 obecnie najbardziej po\u017c\u0105dane na rynku. S\u0142uchanie rozm\u00f3wcy jest najwa\u017cniejsz\u0105 czynno\u015bci\u0105 w trakcie komunikacji. Klient musi wiedzie\u0107, \u017ce jest s\u0142uchany. Znajomo\u015b\u0107 najlepszych technik sprzeda\u017cy nie wystarczy, je\u015bli nie potrafimy odczyta\u0107 komunikatu ze strony klienta. Badanie przeprowadzone przez Walker Service i PWC Global pokazuje, \u017ce jako\u015b\u0107 obs\u0142ugi klienta ma znacznie wi\u0119ksze znaczenie ni\u017c cena czy produkt. <strong>A\u017c 86% klient\u00f3w jest sk\u0142onna do zaakceptowania wy\u017cszej ceny w przypadku wysokiej jako\u015bci obs\u0142ugi.<\/strong><\/p>\n<p><strong>Kupuj\u0105c ten kurs online otrzymujesz nielimitowany dost\u0119p do nagra\u0144 oraz materia\u0142y do pobrania i wdra\u017cania wiedzy.<\/strong><\/p>\n<p>Przekszta\u0142\u0107 swoje umiej\u0119tno\u015bci sprzeda\u017cowe i otw\u00f3rz drzwi do kariery pe\u0142nej sukces\u00f3w dzi\u0119ki naszemu kursowi online ze sprzeda\u017cy telefonicznej. Zdob\u0105d\u017a praktyczn\u0105 wiedz\u0119, kt\u00f3rej potrzebujesz do prowadzenia skutecznych i przekonuj\u0105cych rozm\u00f3w handlowych przez telefon.<\/p>\n<h4><strong>Czego nauczysz si\u0119 o sprzeda\u017cy telefonicznej z tego kursu?<\/strong><\/h4>\n<p><strong>Kurs video Online ze sprzeda\u017cy telefonicznej<\/strong> pozwoli na:<\/p>\n<ul>\n<li>Zrozumienie, jak rozpoczyna\u0107 rozmow\u0119, by nie us\u0142ysze\u0107 od razu &#8222;nie jestem zainteresowany&#8221;.<\/li>\n<li><strong>Wzrost sprzeda\u017cy przez telefon i ilo\u015bci umawianych spotka\u0144 &#8211; jeste\u015bmy o tym przekonani w 100 % !<\/strong><\/li>\n<li>Podniesienie jako\u015bci Twoich rozm\u00f3w.<\/li>\n<li>Nauczenie si\u0119 konkretnych krok\u00f3w rozmowy telefonicznej na podstawie, kt\u00f3rych stworzysz w\u0142asne skrypty sprzeda\u017cowe.<\/li>\n<li>Nawet do 2000 % wzrost\u00f3w w sprzeda\u017cy telefonicznej.<\/li>\n<li><strong>Presti\u017c w firmie i podziw<\/strong> Twoich wsp\u00f3\u0142pracownik\u00f3w oraz prze\u0142o\u017conych.<\/li>\n<li>Wewn\u0119trzne zadowolenie z wynik\u00f3w sprzeda\u017cowych i Twojego wynagrodzenia.<\/li>\n<\/ul>\n<h4><strong>Kurs zawiera m.in:<\/strong><\/h4>\n<ul>\n<li>27 zasad rozmowy telefonicznej ( dzi\u0119ki kt\u00f3rym dowiesz si\u0119 jakie b\u0142\u0119dy pope\u0142nia 95% handlowc\u00f3w sprzedaj\u0105c przez telefon)<\/li>\n<li>Wz\u00f3r rozmowy telefonicznej<\/li>\n<li>Matryca zadawania pyta\u0144\u00a0 (kt\u00f3ra totalnie odmieni Twoje podej\u015bcie do sprzeda\u017cy telefonicznej)<\/li>\n<li><strong>Neutralizacja obiekcji<\/strong> metoda 4 U<\/li>\n<li>matryca zadawania pyta\u0144,<\/li>\n<li>badanie potrzeb<\/li>\n<li>j\u0119zyk korzy\u015bci<\/li>\n<li>typy klient\u00f3w<\/li>\n<li>sprzeda\u017c telefoniczna &#8211; model DSA.<\/li>\n<\/ul>\n<p>Nasz kurs sprzeda\u017cy telefonicznej jest idealny dla os\u00f3b na ka\u017cdym etapie kariery. Zar\u00f3wno dla tych, kt\u00f3rzy dopiero rozpoczynaj\u0105 swoj\u0105 przygod\u0119 ze sprzeda\u017c\u0105, jak i dla do\u015bwiadczonych sprzedawc\u00f3w, kt\u00f3rzy chc\u0105 doskonali\u0107 swoje umiej\u0119tno\u015bci sprzeda\u017cy przez telefon.<\/p>\n<h2 data-start=\"124\" data-end=\"204\"><strong>2.\u00a0<\/strong><strong>6 szkole\u0144 online\u00a0<\/strong><strong>&#8222;Sprzeda\u017c w Praktyce&#8221;\u00a0<\/strong><\/h2>\n<p data-start=\"276\" data-end=\"520\">Sprzeda\u017c w Praktyce to program dla handlowc\u00f3w, kt\u00f3rzy chc\u0105 sprzedawa\u0107 skuteczniej i bardziej \u015bwiadomie. Uczestnicz\u0105c w cyklu <strong>6 spotka\u0144 na \u017cywo<\/strong>, nauczysz si\u0119 prostych, praktycznych technik, kt\u00f3re od razu wdro\u017cysz w codzienne rozmowy z klientami. Kurs ten przeznaczony jest dla handlowc\u00f3w, manager\u00f3w i os\u00f3b prowadz\u0105cych rozmowy sprzeda\u017cowe telefonicznie lub osobi\u015bcie.<\/p>\n<h4 data-start=\"522\" data-end=\"550\"><strong data-start=\"522\" data-end=\"550\">Co zawiera cykl szkole\u0144?<\/strong><\/h4>\n<ul>\n<li data-start=\"553\" data-end=\"615\">6 spotka\u0144 na \u017cywo z Mateuszem Mrozowskim (ka\u017cde trwa 45 minut)<\/li>\n<li data-start=\"553\" data-end=\"615\"><strong>Nielimitowany dost\u0119p do nagra\u0144 wszystkich zaj\u0119\u0107 \u2013 mo\u017cesz wraca\u0107, kiedy chcesz<\/strong><\/li>\n<li data-start=\"698\" data-end=\"743\">Materia\u0142y PDF do pobrania po ka\u017cdym szkoleniu<\/li>\n<li data-start=\"746\" data-end=\"804\">Sesja pyta\u0144 i odpowiedzi na \u017cywo podczas ka\u017cdego spotkania<\/li>\n<li data-start=\"807\" data-end=\"836\"><strong>Limit miejsc<\/strong>: 100 uczestnik\u00f3w<\/li>\n<\/ul>\n<p data-start=\"838\" data-end=\"942\"><strong data-start=\"838\" data-end=\"861\">Harmonogram spotka\u0144 od wrze\u015bnia<\/strong><br \/>\nSzkolenia odbywaj\u0105 si\u0119 w poniedzia\u0142ki o godzinie 21:00 (czas trwania: 45 minut). Mo\u017cesz do\u0142\u0105czy\u0107 na \u017cywo lub odtwarza\u0107 nagrania &#8211; kompletna elastyczno\u015b\u0107!<\/p>\n<h4 data-start=\"944\" data-end=\"972\"><strong data-start=\"944\" data-end=\"972\">Terminy i tematy szkole\u0144<\/strong><\/h4>\n<ol>\n<li data-start=\"976\" data-end=\"1033\">3 s\u0142owa, kt\u00f3re zjadaj\u0105 Twoj\u0105 sprzeda\u017c \u2013 i jak je zamieni\u0107 [08.09.2025]<\/li>\n<li data-start=\"1037\" data-end=\"1101\">Jak otworzy\u0107 rozmow\u0119 handlow\u0105, \u017ceby nie zabrzmie\u0107 jak sprzedawca [15.09.2025]<\/li>\n<li data-start=\"1105\" data-end=\"1171\">Zamykanie sprzeda\u017cy bez presji \u2013 technika \u2018tak czy tak\u2019 w praktyce [22.09.2025]<\/li>\n<li data-start=\"1175\" data-end=\"1227\">Dlaczego Twoje pytania nie dzia\u0142aj\u0105? Bo s\u0105 za d\u0142ugie [29.09.2025]<\/li>\n<li data-start=\"1231\" data-end=\"1278\">Cena to nie problem. Brak warto\u015bci \u2013 to problem [06.10.2025]<\/li>\n<li data-start=\"1282\" data-end=\"1355\">Sprzedajesz dobrze, ale nie do ko\u0144ca wiesz dlaczego? Czas to uporz\u0105dkowa\u0107 [13.10.2025]<\/li>\n<\/ol>\n<p data-start=\"1357\" data-end=\"1515\"><strong data-start=\"1357\" data-end=\"1387\">Do\u0142\u0105cz w dowolnym momencie! <\/strong>Je\u015bli zapiszesz si\u0119 w trakcie trwania cyklu, natychmiast otrzymasz dost\u0119p do wszystkich nagra\u0144 i materia\u0142\u00f3w z odbytych spotka\u0144.<\/p>\n<p data-start=\"1517\" data-end=\"1676\">\n","protected":false},"excerpt":{"rendered":"<p>PAKIET DW\u00d3CH PRODUKT\u00d3W 1. Kurs online &#8222;Sprzeda\u017c Telefoniczna&#8221; Ten kurs online ze sprzeda\u017cy telefonicznej nieodwracalnie odmieni Twoje podej\u015bcie do niej. Staniesz si\u0119 ekspertem i skutecznym sprzedawc\u0105. Kurs wideo oparty jest na autorskich metodach, kt\u00f3rych nie znajdziesz nigdzie indziej. Przestaniesz walczy\u0107 z klientem zbijaj\u0105c jego obiekcje. Dowiesz si\u0119 jak go zaciekawi\u0107, zbudowa\u0107 z nim sojusz i [&hellip;]<\/p>\n","protected":false},"featured_media":103232,"template":"","meta":{"_acf_changed":false,"content-type":""},"product_brand":[],"product_cat":[31],"product_tag":[],"class_list":{"0":"post-103171","1":"product","2":"type-product","3":"status-publish","4":"has-post-thumbnail","6":"product_cat-promocje","8":"first","9":"instock","10":"sale","11":"virtual","12":"sold-individually","13":"taxable","14":"purchasable","15":"product-type-simple"},"acf":[],"yoast_head":"<!-- This site is optimized with the Yoast SEO plugin v27.1.1 - https:\/\/yoast.com\/product\/yoast-seo-wordpress\/ -->\n<title>Pakiet Promocyjny - Sprzeda\u017c Telefoniczna + Sprzeda\u017c w Praktyce - Mateusz Mrozowski Trener Biznesu<\/title>\n<meta name=\"robots\" content=\"noindex, nofollow\" \/>\n<meta property=\"og:locale\" content=\"pl_PL\" \/>\n<meta property=\"og:type\" content=\"article\" \/>\n<meta property=\"og:title\" content=\"Pakiet Promocyjny - Sprzeda\u017c Telefoniczna + Sprzeda\u017c w Praktyce - Mateusz Mrozowski Trener Biznesu\" \/>\n<meta property=\"og:description\" content=\"PAKIET DW\u00d3CH PRODUKT\u00d3W 1. Kurs online &#8222;Sprzeda\u017c Telefoniczna&#8221; Ten kurs online ze sprzeda\u017cy telefonicznej nieodwracalnie odmieni Twoje podej\u015bcie do niej. Staniesz si\u0119 ekspertem i skutecznym sprzedawc\u0105. Kurs wideo oparty jest na autorskich metodach, kt\u00f3rych nie znajdziesz nigdzie indziej. Przestaniesz walczy\u0107 z klientem zbijaj\u0105c jego obiekcje. Dowiesz si\u0119 jak go zaciekawi\u0107, zbudowa\u0107 z nim sojusz i [&hellip;]\" \/>\n<meta property=\"og:url\" content=\"https:\/\/mateuszmrozowski.pl\/sklep\/produkt\/pakiet-promocyjny-sprzedaz-telefoniczna-sprzedaz-w-praktyce\/\" \/>\n<meta property=\"og:site_name\" content=\"Mateusz Mrozowski Trener Biznesu\" \/>\n<meta property=\"article:publisher\" content=\"https:\/\/www.facebook.com\/mateuszmrozowskisiewca\" \/>\n<meta property=\"article:modified_time\" content=\"2025-10-14T17:47:10+00:00\" \/>\n<meta property=\"og:image\" content=\"https:\/\/mateuszmrozowski.pl\/sklep\/wp-content\/uploads\/2025\/08\/pakiet-promo-telefoniczna-bonus.png\" \/>\n\t<meta property=\"og:image:width\" content=\"1080\" \/>\n\t<meta property=\"og:image:height\" content=\"1080\" \/>\n\t<meta property=\"og:image:type\" content=\"image\/png\" \/>\n<meta name=\"twitter:card\" content=\"summary_large_image\" \/>\n<meta name=\"twitter:label1\" content=\"Szacowany czas czytania\" \/>\n\t<meta name=\"twitter:data1\" content=\"4 minuty\" \/>\n<script type=\"application\/ld+json\" class=\"yoast-schema-graph\">{\"@context\":\"https:\/\/schema.org\",\"@graph\":[{\"@type\":\"WebPage\",\"@id\":\"https:\/\/mateuszmrozowski.pl\/sklep\/produkt\/pakiet-promocyjny-sprzedaz-telefoniczna-sprzedaz-w-praktyce\/\",\"url\":\"https:\/\/mateuszmrozowski.pl\/sklep\/produkt\/pakiet-promocyjny-sprzedaz-telefoniczna-sprzedaz-w-praktyce\/\",\"name\":\"Pakiet Promocyjny - Sprzeda\u017c Telefoniczna + Sprzeda\u017c w Praktyce - Mateusz Mrozowski Trener Biznesu\",\"isPartOf\":{\"@id\":\"https:\/\/mateuszmrozowski.pl\/sklep\/#website\"},\"primaryImageOfPage\":{\"@id\":\"https:\/\/mateuszmrozowski.pl\/sklep\/produkt\/pakiet-promocyjny-sprzedaz-telefoniczna-sprzedaz-w-praktyce\/#primaryimage\"},\"image\":{\"@id\":\"https:\/\/mateuszmrozowski.pl\/sklep\/produkt\/pakiet-promocyjny-sprzedaz-telefoniczna-sprzedaz-w-praktyce\/#primaryimage\"},\"thumbnailUrl\":\"https:\/\/mateuszmrozowski.pl\/sklep\/wp-content\/uploads\/2025\/08\/pakiet-promo-telefoniczna-bonus.png\",\"datePublished\":\"2025-08-01T09:36:24+00:00\",\"dateModified\":\"2025-10-14T17:47:10+00:00\",\"breadcrumb\":{\"@id\":\"https:\/\/mateuszmrozowski.pl\/sklep\/produkt\/pakiet-promocyjny-sprzedaz-telefoniczna-sprzedaz-w-praktyce\/#breadcrumb\"},\"inLanguage\":\"pl-PL\",\"potentialAction\":[{\"@type\":\"ReadAction\",\"target\":[\"https:\/\/mateuszmrozowski.pl\/sklep\/produkt\/pakiet-promocyjny-sprzedaz-telefoniczna-sprzedaz-w-praktyce\/\"]}]},{\"@type\":\"ImageObject\",\"inLanguage\":\"pl-PL\",\"@id\":\"https:\/\/mateuszmrozowski.pl\/sklep\/produkt\/pakiet-promocyjny-sprzedaz-telefoniczna-sprzedaz-w-praktyce\/#primaryimage\",\"url\":\"https:\/\/mateuszmrozowski.pl\/sklep\/wp-content\/uploads\/2025\/08\/pakiet-promo-telefoniczna-bonus.png\",\"contentUrl\":\"https:\/\/mateuszmrozowski.pl\/sklep\/wp-content\/uploads\/2025\/08\/pakiet-promo-telefoniczna-bonus.png\",\"width\":1080,\"height\":1080},{\"@type\":\"BreadcrumbList\",\"@id\":\"https:\/\/mateuszmrozowski.pl\/sklep\/produkt\/pakiet-promocyjny-sprzedaz-telefoniczna-sprzedaz-w-praktyce\/#breadcrumb\",\"itemListElement\":[{\"@type\":\"ListItem\",\"position\":1,\"name\":\"Strona g\u0142\u00f3wna\",\"item\":\"https:\/\/mateuszmrozowski.pl\/sklep\/\"},{\"@type\":\"ListItem\",\"position\":2,\"name\":\"Szkolenia biznesowe i kursy sprzeda\u017cowe\",\"item\":\"https:\/\/mateuszmrozowski.pl\/sklep\/\"},{\"@type\":\"ListItem\",\"position\":3,\"name\":\"Promocje\",\"item\":\"https:\/\/mateuszmrozowski.pl\/sklep\/kategoria-produktu\/promocje\/\"},{\"@type\":\"ListItem\",\"position\":4,\"name\":\"Pakiet Promocyjny &#8211; Sprzeda\u017c Telefoniczna + Sprzeda\u017c w Praktyce\"}]},{\"@type\":\"WebSite\",\"@id\":\"https:\/\/mateuszmrozowski.pl\/sklep\/#website\",\"url\":\"https:\/\/mateuszmrozowski.pl\/sklep\/\",\"name\":\"Mateusz Mrozowski Trener biznesu\",\"description\":\"Walcz\u0119 o wynik dla firm z kt\u00f3rymi wsp\u00f3\u0142pracuj\u0119.\",\"publisher\":{\"@id\":\"https:\/\/mateuszmrozowski.pl\/sklep\/#organization\"},\"alternateName\":\"Mateusz Mrozowski\",\"potentialAction\":[{\"@type\":\"SearchAction\",\"target\":{\"@type\":\"EntryPoint\",\"urlTemplate\":\"https:\/\/mateuszmrozowski.pl\/sklep\/?s={search_term_string}\"},\"query-input\":{\"@type\":\"PropertyValueSpecification\",\"valueRequired\":true,\"valueName\":\"search_term_string\"}}],\"inLanguage\":\"pl-PL\"},{\"@type\":\"Organization\",\"@id\":\"https:\/\/mateuszmrozowski.pl\/sklep\/#organization\",\"name\":\"Mateusz Mrozowski Trener biznesu\",\"alternateName\":\"Mateusz Mrozowski\",\"url\":\"https:\/\/mateuszmrozowski.pl\/sklep\/\",\"logo\":{\"@type\":\"ImageObject\",\"inLanguage\":\"pl-PL\",\"@id\":\"https:\/\/mateuszmrozowski.pl\/sklep\/#\/schema\/logo\/image\/\",\"url\":\"https:\/\/mateuszmrozowski.pl\/sklep\/wp-content\/uploads\/2025\/03\/cropped-mateusz_mrozowski_logo.png\",\"contentUrl\":\"https:\/\/mateuszmrozowski.pl\/sklep\/wp-content\/uploads\/2025\/03\/cropped-mateusz_mrozowski_logo.png\",\"width\":236,\"height\":59,\"caption\":\"Mateusz Mrozowski Trener biznesu\"},\"image\":{\"@id\":\"https:\/\/mateuszmrozowski.pl\/sklep\/#\/schema\/logo\/image\/\"},\"sameAs\":[\"https:\/\/www.facebook.com\/mateuszmrozowskisiewca\",\"https:\/\/www.youtube.com\/channel\/UCI6FhECZ4GdL1TYU5oh5JDg\",\"https:\/\/www.instagram.com\/mrozowski.siewca\/\",\"https:\/\/www.linkedin.com\/in\/mateuszmrozowski\/\",\"https:\/\/maps.app.goo.gl\/Ee8wtgr6gx2CjEM68\",\"https:\/\/www.tiktok.com\/@mateuszmrozowskisiewca\"]}]}<\/script>\n<!-- \/ Yoast SEO plugin. -->","yoast_head_json":{"title":"Pakiet Promocyjny - Sprzeda\u017c Telefoniczna + Sprzeda\u017c w Praktyce - Mateusz Mrozowski Trener Biznesu","robots":{"index":"noindex","follow":"nofollow"},"og_locale":"pl_PL","og_type":"article","og_title":"Pakiet Promocyjny - Sprzeda\u017c Telefoniczna + Sprzeda\u017c w Praktyce - Mateusz Mrozowski Trener Biznesu","og_description":"PAKIET DW\u00d3CH PRODUKT\u00d3W 1. Kurs online &#8222;Sprzeda\u017c Telefoniczna&#8221; Ten kurs online ze sprzeda\u017cy telefonicznej nieodwracalnie odmieni Twoje podej\u015bcie do niej. Staniesz si\u0119 ekspertem i skutecznym sprzedawc\u0105. Kurs wideo oparty jest na autorskich metodach, kt\u00f3rych nie znajdziesz nigdzie indziej. Przestaniesz walczy\u0107 z klientem zbijaj\u0105c jego obiekcje. Dowiesz si\u0119 jak go zaciekawi\u0107, zbudowa\u0107 z nim sojusz i [&hellip;]","og_url":"https:\/\/mateuszmrozowski.pl\/sklep\/produkt\/pakiet-promocyjny-sprzedaz-telefoniczna-sprzedaz-w-praktyce\/","og_site_name":"Mateusz Mrozowski Trener Biznesu","article_publisher":"https:\/\/www.facebook.com\/mateuszmrozowskisiewca","article_modified_time":"2025-10-14T17:47:10+00:00","og_image":[{"width":1080,"height":1080,"url":"https:\/\/mateuszmrozowski.pl\/sklep\/wp-content\/uploads\/2025\/08\/pakiet-promo-telefoniczna-bonus.png","type":"image\/png"}],"twitter_card":"summary_large_image","twitter_misc":{"Szacowany czas czytania":"4 minuty"},"schema":{"@context":"https:\/\/schema.org","@graph":[{"@type":"WebPage","@id":"https:\/\/mateuszmrozowski.pl\/sklep\/produkt\/pakiet-promocyjny-sprzedaz-telefoniczna-sprzedaz-w-praktyce\/","url":"https:\/\/mateuszmrozowski.pl\/sklep\/produkt\/pakiet-promocyjny-sprzedaz-telefoniczna-sprzedaz-w-praktyce\/","name":"Pakiet Promocyjny - Sprzeda\u017c Telefoniczna + Sprzeda\u017c w Praktyce - Mateusz Mrozowski Trener Biznesu","isPartOf":{"@id":"https:\/\/mateuszmrozowski.pl\/sklep\/#website"},"primaryImageOfPage":{"@id":"https:\/\/mateuszmrozowski.pl\/sklep\/produkt\/pakiet-promocyjny-sprzedaz-telefoniczna-sprzedaz-w-praktyce\/#primaryimage"},"image":{"@id":"https:\/\/mateuszmrozowski.pl\/sklep\/produkt\/pakiet-promocyjny-sprzedaz-telefoniczna-sprzedaz-w-praktyce\/#primaryimage"},"thumbnailUrl":"https:\/\/mateuszmrozowski.pl\/sklep\/wp-content\/uploads\/2025\/08\/pakiet-promo-telefoniczna-bonus.png","datePublished":"2025-08-01T09:36:24+00:00","dateModified":"2025-10-14T17:47:10+00:00","breadcrumb":{"@id":"https:\/\/mateuszmrozowski.pl\/sklep\/produkt\/pakiet-promocyjny-sprzedaz-telefoniczna-sprzedaz-w-praktyce\/#breadcrumb"},"inLanguage":"pl-PL","potentialAction":[{"@type":"ReadAction","target":["https:\/\/mateuszmrozowski.pl\/sklep\/produkt\/pakiet-promocyjny-sprzedaz-telefoniczna-sprzedaz-w-praktyce\/"]}]},{"@type":"ImageObject","inLanguage":"pl-PL","@id":"https:\/\/mateuszmrozowski.pl\/sklep\/produkt\/pakiet-promocyjny-sprzedaz-telefoniczna-sprzedaz-w-praktyce\/#primaryimage","url":"https:\/\/mateuszmrozowski.pl\/sklep\/wp-content\/uploads\/2025\/08\/pakiet-promo-telefoniczna-bonus.png","contentUrl":"https:\/\/mateuszmrozowski.pl\/sklep\/wp-content\/uploads\/2025\/08\/pakiet-promo-telefoniczna-bonus.png","width":1080,"height":1080},{"@type":"BreadcrumbList","@id":"https:\/\/mateuszmrozowski.pl\/sklep\/produkt\/pakiet-promocyjny-sprzedaz-telefoniczna-sprzedaz-w-praktyce\/#breadcrumb","itemListElement":[{"@type":"ListItem","position":1,"name":"Strona g\u0142\u00f3wna","item":"https:\/\/mateuszmrozowski.pl\/sklep\/"},{"@type":"ListItem","position":2,"name":"Szkolenia biznesowe i kursy sprzeda\u017cowe","item":"https:\/\/mateuszmrozowski.pl\/sklep\/"},{"@type":"ListItem","position":3,"name":"Promocje","item":"https:\/\/mateuszmrozowski.pl\/sklep\/kategoria-produktu\/promocje\/"},{"@type":"ListItem","position":4,"name":"Pakiet Promocyjny &#8211; Sprzeda\u017c Telefoniczna + Sprzeda\u017c w Praktyce"}]},{"@type":"WebSite","@id":"https:\/\/mateuszmrozowski.pl\/sklep\/#website","url":"https:\/\/mateuszmrozowski.pl\/sklep\/","name":"Mateusz Mrozowski Trener biznesu","description":"Walcz\u0119 o wynik dla firm z kt\u00f3rymi wsp\u00f3\u0142pracuj\u0119.","publisher":{"@id":"https:\/\/mateuszmrozowski.pl\/sklep\/#organization"},"alternateName":"Mateusz Mrozowski","potentialAction":[{"@type":"SearchAction","target":{"@type":"EntryPoint","urlTemplate":"https:\/\/mateuszmrozowski.pl\/sklep\/?s={search_term_string}"},"query-input":{"@type":"PropertyValueSpecification","valueRequired":true,"valueName":"search_term_string"}}],"inLanguage":"pl-PL"},{"@type":"Organization","@id":"https:\/\/mateuszmrozowski.pl\/sklep\/#organization","name":"Mateusz Mrozowski Trener biznesu","alternateName":"Mateusz Mrozowski","url":"https:\/\/mateuszmrozowski.pl\/sklep\/","logo":{"@type":"ImageObject","inLanguage":"pl-PL","@id":"https:\/\/mateuszmrozowski.pl\/sklep\/#\/schema\/logo\/image\/","url":"https:\/\/mateuszmrozowski.pl\/sklep\/wp-content\/uploads\/2025\/03\/cropped-mateusz_mrozowski_logo.png","contentUrl":"https:\/\/mateuszmrozowski.pl\/sklep\/wp-content\/uploads\/2025\/03\/cropped-mateusz_mrozowski_logo.png","width":236,"height":59,"caption":"Mateusz Mrozowski Trener biznesu"},"image":{"@id":"https:\/\/mateuszmrozowski.pl\/sklep\/#\/schema\/logo\/image\/"},"sameAs":["https:\/\/www.facebook.com\/mateuszmrozowskisiewca","https:\/\/www.youtube.com\/channel\/UCI6FhECZ4GdL1TYU5oh5JDg","https:\/\/www.instagram.com\/mrozowski.siewca\/","https:\/\/www.linkedin.com\/in\/mateuszmrozowski\/","https:\/\/maps.app.goo.gl\/Ee8wtgr6gx2CjEM68","https:\/\/www.tiktok.com\/@mateuszmrozowskisiewca"]}]}},"_links":{"self":[{"href":"https:\/\/mateuszmrozowski.pl\/sklep\/wp-json\/wp\/v2\/product\/103171","targetHints":{"allow":["GET"]}}],"collection":[{"href":"https:\/\/mateuszmrozowski.pl\/sklep\/wp-json\/wp\/v2\/product"}],"about":[{"href":"https:\/\/mateuszmrozowski.pl\/sklep\/wp-json\/wp\/v2\/types\/product"}],"wp:featuredmedia":[{"embeddable":true,"href":"https:\/\/mateuszmrozowski.pl\/sklep\/wp-json\/wp\/v2\/media\/103232"}],"wp:attachment":[{"href":"https:\/\/mateuszmrozowski.pl\/sklep\/wp-json\/wp\/v2\/media?parent=103171"}],"wp:term":[{"taxonomy":"product_brand","embeddable":true,"href":"https:\/\/mateuszmrozowski.pl\/sklep\/wp-json\/wp\/v2\/product_brand?post=103171"},{"taxonomy":"product_cat","embeddable":true,"href":"https:\/\/mateuszmrozowski.pl\/sklep\/wp-json\/wp\/v2\/product_cat?post=103171"},{"taxonomy":"product_tag","embeddable":true,"href":"https:\/\/mateuszmrozowski.pl\/sklep\/wp-json\/wp\/v2\/product_tag?post=103171"}],"curies":[{"name":"wp","href":"https:\/\/api.w.org\/{rel}","templated":true}]}}