{"id":102869,"date":"2025-07-22T12:05:12","date_gmt":"2025-07-22T12:05:12","guid":{"rendered":"https:\/\/mateuszmrozowski.pl\/sklep\/?post_type=product&#038;p=102869"},"modified":"2025-10-06T13:50:14","modified_gmt":"2025-10-06T13:50:14","slug":"konferencja-neuroprzywodca-pakiet-promocyjny","status":"publish","type":"product","link":"https:\/\/mateuszmrozowski.pl\/sklep\/produkt\/konferencja-neuroprzywodca-pakiet-promocyjny\/","title":{"rendered":"Konferencja &#8222;NeuroPrzyw\u00f3dca&#8221; &#8211; Pakiet Promocyjny"},"content":{"rendered":"\n\n<div class=\"kk-star-ratings kksr-auto kksr-align-left kksr-valign-top kksr-disabled\"\n    data-payload='{&quot;align&quot;:&quot;left&quot;,&quot;id&quot;:&quot;102869&quot;,&quot;readonly&quot;:&quot;1&quot;,&quot;slug&quot;:&quot;default&quot;,&quot;valign&quot;:&quot;top&quot;,&quot;ignore&quot;:&quot;&quot;,&quot;reference&quot;:&quot;auto&quot;,&quot;class&quot;:&quot;&quot;,&quot;count&quot;:&quot;1&quot;,&quot;legendonly&quot;:&quot;&quot;,&quot;score&quot;:&quot;5&quot;,&quot;starsonly&quot;:&quot;&quot;,&quot;best&quot;:&quot;5&quot;,&quot;gap&quot;:&quot;5&quot;,&quot;greet&quot;:&quot;Wystaw ocen\u0119&quot;,&quot;legend&quot;:&quot;5\\\/5 - (1 ocen)&quot;,&quot;size&quot;:&quot;16&quot;,&quot;title&quot;:&quot;Konferencja \\u0026quot;NeuroPrzyw\u00f3dca\\u0026quot; - Pakiet Promocyjny&quot;,&quot;width&quot;:&quot;102.5&quot;,&quot;_legend&quot;:&quot;{score}\\\/{best} - ({count} ocen)&quot;,&quot;font_factor&quot;:&quot;1.25&quot;}'>\n            \n<div class=\"kksr-stars\">\n    \n<div class=\"kksr-stars-inactive\">\n            <div class=\"kksr-star\" data-star=\"1\" style=\"padding-right: 5px\">\n            \n\n<div class=\"kksr-icon\" style=\"width: 16px; height: 16px;\"><\/div>\n        <\/div>\n            <div class=\"kksr-star\" data-star=\"2\" style=\"padding-right: 5px\">\n            \n\n<div class=\"kksr-icon\" style=\"width: 16px; height: 16px;\"><\/div>\n        <\/div>\n            <div class=\"kksr-star\" data-star=\"3\" style=\"padding-right: 5px\">\n            \n\n<div class=\"kksr-icon\" style=\"width: 16px; height: 16px;\"><\/div>\n        <\/div>\n            <div class=\"kksr-star\" data-star=\"4\" style=\"padding-right: 5px\">\n            \n\n<div class=\"kksr-icon\" style=\"width: 16px; height: 16px;\"><\/div>\n        <\/div>\n            <div class=\"kksr-star\" data-star=\"5\" style=\"padding-right: 5px\">\n            \n\n<div class=\"kksr-icon\" style=\"width: 16px; height: 16px;\"><\/div>\n        <\/div>\n    <\/div>\n    \n<div class=\"kksr-stars-active\" style=\"width: 102.5px;\">\n            <div class=\"kksr-star\" style=\"padding-right: 5px\">\n            \n\n<div class=\"kksr-icon\" style=\"width: 16px; height: 16px;\"><\/div>\n        <\/div>\n            <div class=\"kksr-star\" style=\"padding-right: 5px\">\n            \n\n<div class=\"kksr-icon\" style=\"width: 16px; height: 16px;\"><\/div>\n        <\/div>\n            <div class=\"kksr-star\" style=\"padding-right: 5px\">\n            \n\n<div class=\"kksr-icon\" style=\"width: 16px; height: 16px;\"><\/div>\n        <\/div>\n            <div class=\"kksr-star\" style=\"padding-right: 5px\">\n            \n\n<div class=\"kksr-icon\" style=\"width: 16px; height: 16px;\"><\/div>\n        <\/div>\n            <div class=\"kksr-star\" style=\"padding-right: 5px\">\n            \n\n<div class=\"kksr-icon\" style=\"width: 16px; height: 16px;\"><\/div>\n        <\/div>\n    <\/div>\n<\/div>\n                \n\n<div class=\"kksr-legend\" style=\"font-size: 12.8px;\">\n            5\/5 - (1 ocen)    <\/div>\n    <\/div>\n<h2><strong>Konferencja &#8222;NeuroPrzyw\u00f3dca &#8211; Jak Rozwija\u0107 Siebie i Innych z Moc\u0105 NeuroPrzyw\u00f3dztwa&#8221; z Mateuszem Mrozowskim<\/strong><\/h2>\n<h3><strong>Pakiet: Bilet na konferencj\u0119 &#8222;NeuroPrzyw\u00f3dca&#8221; + nagranie konferencji &#8222;NeuroM\u00f3zg&#8221;\u00a0<\/strong><\/h3>\n<h4><em><strong>Przyw\u00f3dztwo osobiste to dzi\u015b nie wyb\u00f3r, a konieczno\u015b\u0107 \u2014 bo w \u015bwiecie chaosu i zmienno\u015bci\u00a0ludzie nie szukaj\u0105 ju\u017c lider\u00f3w z tytu\u0142em, ale tych, kt\u00f3rzy potrafi\u0105 najpierw prowadzi\u0107 samych siebie.<\/strong><\/em><\/h4>\n<p>W przeci\u0105gu ostatniej dekady mieli\u015bmy do czynienia z wyp\u0142ywem niezliczonych, nowych koncepcji przyw\u00f3dztwa, zarz\u0105dzania. Ka\u017cda z nich w starciu z trudno\u015bciami, prawd\u0105 i liczbami (jako niezaprzeczalnymi\u00a0 dowodami skuteczno\u015bci) nie wytrzyma\u0142a pr\u00f3by czasu. Zachwyt tymi koncepcjami rozlewa\u0142 si\u0119 po naszym kraju, jak i ca\u0142ym \u015bwiecie, w spos\u00f3b niewyobra\u017calny. &#8222;Przedstawiciele&#8221; szeroko rozumianej bran\u017cy edukacyjnej, zw\u0119szyli szans\u0119 na nowe otwarcie i zaciekawienie swoich potencjalnych klient\u00f3w.<\/p>\n<p>Nasta\u0142a Nowa Era, rozcie\u0144czenia przyw\u00f3dztwa i degradacja \u017celaznych regu\u0142,\u00a0 kt\u00f3rych przestrzeganie by\u0142o gwarantem rozwoju nowych talent\u00f3w i tworzenia skutecznych zespo\u0142\u00f3w.<\/p>\n<p><strong>Konferencja NeuroPrzyw\u00f3dca<\/strong> to odpowied\u017a dla tych, kt\u00f3rzy wzorem najwi\u0119kszych korporacji i firm tego \u015bwiata jak i heroicznych (w dobrym tego s\u0142owa znaczeniu) lider\u00f3w na miar\u0119 zwariowanych i trudnych czas\u00f3w, pragn\u0105 pozna\u0107 regu\u0142y gry w uj\u0119ciu perfekcji psychologicznej, spo\u0142ecznej i biznesowej.<\/p>\n<p>To odpowied\u017a na pytania:<\/p>\n<ul>\n<li>\u00a0W jaki spos\u00f3b rozwija si\u0119 zesp\u00f3\u0142 i jakie dysfunkcje odbieraj\u0105 mu sprawczo\u015b\u0107?<\/li>\n<li>\u00a0Jak dobiera\u0107 odpowiednie osoby pod potencja\u0142 organizacji?<\/li>\n<li>Jak rozwija\u0107 siebie i swoje osobiste przyw\u00f3dztwo?<\/li>\n<li>\u00a0Jak tworzy\u0107 samodzielne jednostki, gotowe walczy\u0107 o dba\u0142o\u015b\u0107 o wynik i odpowiedzialno\u015b\u0107 osobist\u0105?<\/li>\n<li>Jak motywowa\u0107, aby odrzuci\u0107 najwi\u0119ksze zwiedzenie jakim jest &#8222;pompa motywacyjna&#8221;?<\/li>\n<\/ul>\n<p>Lecz zaskoczy Ci\u0119 jeszcze jedna rzecz. Na sali, obok Ciebie, b\u0119dzie kilkadziesi\u0105t innych manager\u00f3w i handlowc\u00f3w z wielu bran\u017c, kilkaset r\u00f3\u017cnych historii i tysi\u0105ce przemy\u015ble\u0144 (tych sprawdzonych i podlegaj\u0105cych pod ci\u0105g\u0142\u0105 weryfikacj\u0119).<\/p>\n<p>To b\u0119dzie \u015bwi\u0119to przyw\u00f3dztwa!\u00a0Czekamy na Ciebie.<\/p>\n<h3>Harmonogram:<\/h3>\n<h3><strong>Sobota, 27.09.2025 Konferencja prowadzona przez Mateusza Mrozowskiego:<\/strong><\/h3>\n<p><strong>9:00 &#8211; 10:00 przybycie i rejestracja uczestnik\u00f3w<\/strong><\/p>\n<p><strong>10:00 &#8211; 11:30 MODU\u0141 I<\/strong> <strong>&#8211; Heroiczne Przyw\u00f3dztwo<\/strong><br \/>\nZasada Loyoli, za\u0142o\u017cyciela najbardziej wp\u0142ywowej , najstarszej i najbardziej trwa\u0142ej (w swoim kodeksie) organizacji znan\u0105 pod nazw\u0105 &#8211; zakon Jezuit\u00f3w &#8211; w uj\u0119ciu bada\u0144 M. Webera.<br \/>\nCzyli: o mi\u0142o\u015bci do tworzenia zespo\u0142\u00f3w opartych na zaufaniu, pasji i wzajemnej odpowiedzialno\u015bci za siebie w uj\u0119ciu lojalno\u015bci.<br \/>\nTipy: poznasz gotowe wzorce,\u00a0 wykorzystywane (obecnie) przez najwi\u0119ksze korporacje \u015bwiata jak i wsp\u00f3\u0142czesnych i poprzednich lider\u00f3w.<\/p>\n<p><strong>11:30- 11:45 przerwa kawowa<\/strong><\/p>\n<p><strong>11:45 &#8211; 13:30 MODU\u0141 II &#8211;\u00a0 Sytuacyjny Model Zarz\u0105dzania &#8211; 4 fazy wzrostu w ludzkich kompetencjach<\/strong><br \/>\nO mechanizmach prowadzenia cz\u0142owieka do samodzielno\u015bci biznesowej w kt\u00f3rej manager (lider) staje si\u0119 i instruktorem, i trenerem, i coachem, i mentorem. Wszystko w ramach jednej idee &#8211; zwi\u0119kszenia potencja\u0142u jednostki.<br \/>\nTipy: ka\u017cda z czterech faz zawiera w sobie unikatowe podej\u015bcie a zatem i unikatowe strategie i techniki prowadzenia. Ka\u017cda z nich zostanie indywidualnie om\u00f3wiona i pokazana na realnych przyk\u0142adach z \u017cycia firmy \u2043\u00a0 w uj\u0119ciu bada\u0144 prof. Lencioniego i K. Blancharda.<\/p>\n<p><strong>13:30 &#8211; 15:00 przerwa obiadowa<\/strong><\/p>\n<p><strong>15:00 &#8211; 16:45 MODU\u0141 III &#8211; Motywacja Ujawniona<\/strong><br \/>\nCzyli o sztuce motywowania w uj\u0119ciu bada\u0144 empirycznych &#8211; na podstawie docieka\u0144 Prof. Reissa, J. Ledoux i Pink,\u00a0o 4 fazach motywacji i zasad rozpoznawania czynnik\u00f3w ich wyst\u0119powania i umiej\u0119tno\u015bci przechodzenia do motywacji w\u0142a\u015bciwej. Zrozumienie 16 pragnie\u0144 i analiza ich znaczenia w prowadzeniu zespo\u0142\u00f3w biznesowych.<br \/>\nTipy: poznasz konkretne techniki i strategi\u0119 prowadzenia motywacyjnego dedykowanego pod jednostk\u0119 jak i ca\u0142y zesp\u00f3\u0142. Zrozumiesz wp\u0142yw neuronauki na umiej\u0119tno\u015bci przywracania gorliwo\u015bci we w\u0142asnym zespole.<\/p>\n<p><strong>16:45- 17:00 zako\u0144czenie\u00a0<\/strong><\/p>\n<p><strong>19:00 &#8211; 20:30 uroczysta kolacja VIP*<em><br \/>\n<\/em><\/strong>Pytania i dyskusje nad modelami, strategiami i technikami biznesowymi.<\/p>\n<p><strong>20:30 &#8211; 24:00 integracja i kuluary*<\/strong><\/p>\n<h4><strong>*VIP + Niedziela, 28.09.2025 szkolenie VIP prowadzone przez Mateusza Mrozowskiego:<\/strong><\/h4>\n<p>Szkolenie 4-godzinne dla uczestnik\u00f3w VIP SILVER I GOLD z zakresu, jak wdro\u017cy\u0107 poznane wcze\u015bniej techniki i metodologi\u0119 w \u017cycie codzienne naszego biznesu. Szkolenie dla mniejszej grupy os\u00f3b pozwoli na przeanalizowanie ka\u017cdego przypadku indywidualnie, a r\u00f3wnie\u017c na wymian\u0119 do\u015bwiadczeniami.<\/p>\n<p><strong>10:00 &#8211; 12:00 MODU\u0141 1<br \/>\n<\/strong>Podsumowanie i om\u00f3wienie szczeg\u00f3\u0142owe zagadnie\u0144 z konferencji &#8222;NeuroPrzyw\u00f3dca&#8221;<\/p>\n<p><strong>12:00 &#8211; 12:15 przerwa kawowa<\/strong><\/p>\n<p><strong>12:15 &#8211; 14:00 MODU\u0141 2<br \/>\n<\/strong>Analiza poszczeg\u00f3lnych element\u00f3w w oparciu o przyk\u0142ady z \u017cycia uczestnik\u00f3w.<\/p>\n<h3>Bilety<\/h3>\n<p><strong>BASIC 499 z\u0142 \/ 649 z\u0142 od 01.08.2025<\/strong><br \/>\nCena obejmuje:<br \/>\nUdzia\u0142 w konferencji \/ Prezent powitalny \/ Obiad \/ Certyfikat imienny \/ Nielimitowane nagranie konferencji<\/p>\n<p><strong>VIP SILVER 1490 z\u0142 \/ 1970 z\u0142 od 01.08.2025<br \/>\nograniczona liczba miejsc<\/strong><br \/>\nCena obejmuje:<br \/>\nUdzia\u0142 w konferencji \/ Prezent powitalny \/ Obiad \/ Certyfikat imienny \/ Nielimitowane nagranie konferencji \/ Kolacj\u0119 VIP \/ Szkolenie 4godzinne nast\u0119pnego dnia \/ <strong>Miejsce noclegowe w pokoju 2-osobowym<\/strong> \/ Prezent VIP<\/p>\n<p><strong>VIP GOLD 1970 z\u0142\u00a0 \/ 2490 z\u0142 od 01.08.2025<br \/>\nograniczona liczba miejsc<\/strong><br \/>\nCena obejmuje:<br \/>\nUdzia\u0142 w konferencji \/ Prezent powitalny \/ Obiad \/ Certyfikat imienny \/ Nielimitowane nagranie konferencji \/ Kolacj\u0119 VIP \/ Szkolenie 4godzinne nast\u0119pnego dnia \/ <strong>Nocleg w pokoju 1-osobowym<\/strong>\u00a0\/ Prezent VIP \/ Kursy online do wyboru o warto\u015bci 1000 z\u0142<\/p>\n<p><em>*Wszystkie ceny uwzgl\u0119dniaj\u0105 podatek VAT<\/em><\/p>\n<h3>Miejsce<\/h3>\n<h3><a href=\"https:\/\/maps.app.goo.gl\/tU3FsHccsSZTHJth6\"><span style=\"text-decoration: underline;\">Hotel AGAT * * * ul. Wojska Polskiego 118, 97 &#8211; 300 Piotrk\u00f3w Trybunalski<\/span><\/a><\/h3>\n<h4><\/h4>\n<h4><strong>Interesuje Ci\u0119 pakiet grupowy? Zadzwo\u0144 <a href=\"tel:793771002\">793 771 002<\/a><\/strong><\/h4>\n","protected":false},"excerpt":{"rendered":"<p>Konferencja &#8222;NeuroPrzyw\u00f3dca &#8211; Jak Rozwija\u0107 Siebie i Innych z Moc\u0105 NeuroPrzyw\u00f3dztwa&#8221; z Mateuszem Mrozowskim Pakiet: Bilet na konferencj\u0119 &#8222;NeuroPrzyw\u00f3dca&#8221; + nagranie konferencji &#8222;NeuroM\u00f3zg&#8221;\u00a0 Przyw\u00f3dztwo osobiste to dzi\u015b nie wyb\u00f3r, a konieczno\u015b\u0107 \u2014 bo w \u015bwiecie chaosu i zmienno\u015bci\u00a0ludzie nie szukaj\u0105 ju\u017c lider\u00f3w z tytu\u0142em, ale tych, kt\u00f3rzy potrafi\u0105 najpierw prowadzi\u0107 samych siebie. W przeci\u0105gu ostatniej [&hellip;]<\/p>\n","protected":false},"featured_media":104192,"template":"","meta":{"_acf_changed":false,"content-type":""},"product_brand":[],"product_cat":[31,19],"product_tag":[],"class_list":{"0":"post-102869","1":"product","2":"type-product","3":"status-publish","4":"has-post-thumbnail","6":"product_cat-promocje","7":"product_cat-szkolenia-otwarte","9":"first","10":"outofstock","11":"sale","12":"virtual","13":"sold-individually","14":"taxable","15":"purchasable","16":"product-type-simple"},"acf":[],"yoast_head":"<!-- This site is optimized with the Yoast SEO plugin v27.1.1 - https:\/\/yoast.com\/product\/yoast-seo-wordpress\/ -->\n<title>[Konferencja] NeuroPrzyw\u00f3dca z Mateuszem Mrozowskim<\/title>\n<meta name=\"description\" content=\"Konferencja na \u017cywo | Piotrk\u00f3w Trybunalski | Mateusz Mrozowski | Dla Ciebie i Twojego Zespo\u0142u | Zarezerwuj teraz &gt;&gt;\" \/>\n<meta name=\"robots\" content=\"noindex, nofollow\" \/>\n<meta property=\"og:locale\" content=\"pl_PL\" \/>\n<meta property=\"og:type\" content=\"article\" \/>\n<meta property=\"og:title\" content=\"[Konferencja] NeuroPrzyw\u00f3dca z Mateuszem Mrozowskim\" \/>\n<meta property=\"og:description\" content=\"Konferencja na \u017cywo | Piotrk\u00f3w Trybunalski | Mateusz Mrozowski | Dla Ciebie i Twojego Zespo\u0142u | Zarezerwuj teraz &gt;&gt;\" \/>\n<meta property=\"og:url\" content=\"https:\/\/mateuszmrozowski.pl\/sklep\/produkt\/konferencja-neuroprzywodca-pakiet-promocyjny\/\" \/>\n<meta property=\"og:site_name\" content=\"Mateusz Mrozowski Trener Biznesu\" \/>\n<meta property=\"article:publisher\" content=\"https:\/\/www.facebook.com\/mateuszmrozowskisiewca\" \/>\n<meta property=\"article:modified_time\" content=\"2025-10-06T13:50:14+00:00\" \/>\n<meta property=\"og:image\" content=\"https:\/\/mateuszmrozowski.pl\/sklep\/wp-content\/uploads\/2025\/07\/PAKIET-PROMO.png\" \/>\n\t<meta property=\"og:image:width\" content=\"2000\" \/>\n\t<meta property=\"og:image:height\" content=\"2000\" \/>\n\t<meta property=\"og:image:type\" content=\"image\/png\" \/>\n<meta name=\"twitter:card\" content=\"summary_large_image\" \/>\n<meta name=\"twitter:label1\" content=\"Szacowany czas czytania\" \/>\n\t<meta name=\"twitter:data1\" content=\"5 minut\" \/>\n<script type=\"application\/ld+json\" class=\"yoast-schema-graph\">{\"@context\":\"https:\/\/schema.org\",\"@graph\":[{\"@type\":\"WebPage\",\"@id\":\"https:\/\/mateuszmrozowski.pl\/sklep\/produkt\/konferencja-neuroprzywodca-pakiet-promocyjny\/\",\"url\":\"https:\/\/mateuszmrozowski.pl\/sklep\/produkt\/konferencja-neuroprzywodca-pakiet-promocyjny\/\",\"name\":\"[Konferencja] NeuroPrzyw\u00f3dca z Mateuszem Mrozowskim\",\"isPartOf\":{\"@id\":\"https:\/\/mateuszmrozowski.pl\/sklep\/#website\"},\"primaryImageOfPage\":{\"@id\":\"https:\/\/mateuszmrozowski.pl\/sklep\/produkt\/konferencja-neuroprzywodca-pakiet-promocyjny\/#primaryimage\"},\"image\":{\"@id\":\"https:\/\/mateuszmrozowski.pl\/sklep\/produkt\/konferencja-neuroprzywodca-pakiet-promocyjny\/#primaryimage\"},\"thumbnailUrl\":\"https:\/\/mateuszmrozowski.pl\/sklep\/wp-content\/uploads\/2025\/05\/nagranie-neuroprzywodca.png\",\"datePublished\":\"2025-07-22T12:05:12+00:00\",\"dateModified\":\"2025-10-06T13:50:14+00:00\",\"description\":\"Konferencja na \u017cywo | Piotrk\u00f3w Trybunalski | Mateusz Mrozowski | Dla Ciebie i Twojego Zespo\u0142u | Zarezerwuj teraz >>\",\"breadcrumb\":{\"@id\":\"https:\/\/mateuszmrozowski.pl\/sklep\/produkt\/konferencja-neuroprzywodca-pakiet-promocyjny\/#breadcrumb\"},\"inLanguage\":\"pl-PL\",\"potentialAction\":[{\"@type\":\"ReadAction\",\"target\":[\"https:\/\/mateuszmrozowski.pl\/sklep\/produkt\/konferencja-neuroprzywodca-pakiet-promocyjny\/\"]}]},{\"@type\":\"ImageObject\",\"inLanguage\":\"pl-PL\",\"@id\":\"https:\/\/mateuszmrozowski.pl\/sklep\/produkt\/konferencja-neuroprzywodca-pakiet-promocyjny\/#primaryimage\",\"url\":\"https:\/\/mateuszmrozowski.pl\/sklep\/wp-content\/uploads\/2025\/05\/nagranie-neuroprzywodca.png\",\"contentUrl\":\"https:\/\/mateuszmrozowski.pl\/sklep\/wp-content\/uploads\/2025\/05\/nagranie-neuroprzywodca.png\",\"width\":1080,\"height\":1080},{\"@type\":\"BreadcrumbList\",\"@id\":\"https:\/\/mateuszmrozowski.pl\/sklep\/produkt\/konferencja-neuroprzywodca-pakiet-promocyjny\/#breadcrumb\",\"itemListElement\":[{\"@type\":\"ListItem\",\"position\":1,\"name\":\"Strona g\u0142\u00f3wna\",\"item\":\"https:\/\/mateuszmrozowski.pl\/sklep\/\"},{\"@type\":\"ListItem\",\"position\":2,\"name\":\"Szkolenia biznesowe i kursy sprzeda\u017cowe\",\"item\":\"https:\/\/mateuszmrozowski.pl\/sklep\/\"},{\"@type\":\"ListItem\",\"position\":3,\"name\":\"Szkolenia otwarte\",\"item\":\"https:\/\/mateuszmrozowski.pl\/sklep\/kategoria-produktu\/szkolenia-otwarte\/\"},{\"@type\":\"ListItem\",\"position\":4,\"name\":\"Konferencja &#8222;NeuroPrzyw\u00f3dca&#8221; &#8211; Pakiet Promocyjny\"}]},{\"@type\":\"WebSite\",\"@id\":\"https:\/\/mateuszmrozowski.pl\/sklep\/#website\",\"url\":\"https:\/\/mateuszmrozowski.pl\/sklep\/\",\"name\":\"Mateusz Mrozowski Trener biznesu\",\"description\":\"Walcz\u0119 o wynik dla firm z kt\u00f3rymi wsp\u00f3\u0142pracuj\u0119.\",\"publisher\":{\"@id\":\"https:\/\/mateuszmrozowski.pl\/sklep\/#organization\"},\"alternateName\":\"Mateusz Mrozowski\",\"potentialAction\":[{\"@type\":\"SearchAction\",\"target\":{\"@type\":\"EntryPoint\",\"urlTemplate\":\"https:\/\/mateuszmrozowski.pl\/sklep\/?s={search_term_string}\"},\"query-input\":{\"@type\":\"PropertyValueSpecification\",\"valueRequired\":true,\"valueName\":\"search_term_string\"}}],\"inLanguage\":\"pl-PL\"},{\"@type\":\"Organization\",\"@id\":\"https:\/\/mateuszmrozowski.pl\/sklep\/#organization\",\"name\":\"Mateusz Mrozowski Trener biznesu\",\"alternateName\":\"Mateusz Mrozowski\",\"url\":\"https:\/\/mateuszmrozowski.pl\/sklep\/\",\"logo\":{\"@type\":\"ImageObject\",\"inLanguage\":\"pl-PL\",\"@id\":\"https:\/\/mateuszmrozowski.pl\/sklep\/#\/schema\/logo\/image\/\",\"url\":\"https:\/\/mateuszmrozowski.pl\/sklep\/wp-content\/uploads\/2025\/03\/cropped-mateusz_mrozowski_logo.png\",\"contentUrl\":\"https:\/\/mateuszmrozowski.pl\/sklep\/wp-content\/uploads\/2025\/03\/cropped-mateusz_mrozowski_logo.png\",\"width\":236,\"height\":59,\"caption\":\"Mateusz Mrozowski Trener biznesu\"},\"image\":{\"@id\":\"https:\/\/mateuszmrozowski.pl\/sklep\/#\/schema\/logo\/image\/\"},\"sameAs\":[\"https:\/\/www.facebook.com\/mateuszmrozowskisiewca\",\"https:\/\/www.youtube.com\/channel\/UCI6FhECZ4GdL1TYU5oh5JDg\",\"https:\/\/www.instagram.com\/mrozowski.siewca\/\",\"https:\/\/www.linkedin.com\/in\/mateuszmrozowski\/\",\"https:\/\/maps.app.goo.gl\/Ee8wtgr6gx2CjEM68\",\"https:\/\/www.tiktok.com\/@mateuszmrozowskisiewca\"]}]}<\/script>\n<!-- \/ Yoast SEO plugin. -->","yoast_head_json":{"title":"[Konferencja] NeuroPrzyw\u00f3dca z Mateuszem Mrozowskim","description":"Konferencja na \u017cywo | Piotrk\u00f3w Trybunalski | Mateusz Mrozowski | Dla Ciebie i Twojego Zespo\u0142u | Zarezerwuj teraz >>","robots":{"index":"noindex","follow":"nofollow"},"og_locale":"pl_PL","og_type":"article","og_title":"[Konferencja] NeuroPrzyw\u00f3dca z Mateuszem Mrozowskim","og_description":"Konferencja na \u017cywo | Piotrk\u00f3w Trybunalski | Mateusz Mrozowski | Dla Ciebie i Twojego Zespo\u0142u | Zarezerwuj teraz >>","og_url":"https:\/\/mateuszmrozowski.pl\/sklep\/produkt\/konferencja-neuroprzywodca-pakiet-promocyjny\/","og_site_name":"Mateusz Mrozowski Trener Biznesu","article_publisher":"https:\/\/www.facebook.com\/mateuszmrozowskisiewca","article_modified_time":"2025-10-06T13:50:14+00:00","og_image":[{"width":2000,"height":2000,"url":"https:\/\/mateuszmrozowski.pl\/sklep\/wp-content\/uploads\/2025\/07\/PAKIET-PROMO.png","type":"image\/png"}],"twitter_card":"summary_large_image","twitter_misc":{"Szacowany czas czytania":"5 minut"},"schema":{"@context":"https:\/\/schema.org","@graph":[{"@type":"WebPage","@id":"https:\/\/mateuszmrozowski.pl\/sklep\/produkt\/konferencja-neuroprzywodca-pakiet-promocyjny\/","url":"https:\/\/mateuszmrozowski.pl\/sklep\/produkt\/konferencja-neuroprzywodca-pakiet-promocyjny\/","name":"[Konferencja] NeuroPrzyw\u00f3dca z Mateuszem Mrozowskim","isPartOf":{"@id":"https:\/\/mateuszmrozowski.pl\/sklep\/#website"},"primaryImageOfPage":{"@id":"https:\/\/mateuszmrozowski.pl\/sklep\/produkt\/konferencja-neuroprzywodca-pakiet-promocyjny\/#primaryimage"},"image":{"@id":"https:\/\/mateuszmrozowski.pl\/sklep\/produkt\/konferencja-neuroprzywodca-pakiet-promocyjny\/#primaryimage"},"thumbnailUrl":"https:\/\/mateuszmrozowski.pl\/sklep\/wp-content\/uploads\/2025\/05\/nagranie-neuroprzywodca.png","datePublished":"2025-07-22T12:05:12+00:00","dateModified":"2025-10-06T13:50:14+00:00","description":"Konferencja na \u017cywo | Piotrk\u00f3w Trybunalski | Mateusz Mrozowski | Dla Ciebie i Twojego Zespo\u0142u | Zarezerwuj teraz >>","breadcrumb":{"@id":"https:\/\/mateuszmrozowski.pl\/sklep\/produkt\/konferencja-neuroprzywodca-pakiet-promocyjny\/#breadcrumb"},"inLanguage":"pl-PL","potentialAction":[{"@type":"ReadAction","target":["https:\/\/mateuszmrozowski.pl\/sklep\/produkt\/konferencja-neuroprzywodca-pakiet-promocyjny\/"]}]},{"@type":"ImageObject","inLanguage":"pl-PL","@id":"https:\/\/mateuszmrozowski.pl\/sklep\/produkt\/konferencja-neuroprzywodca-pakiet-promocyjny\/#primaryimage","url":"https:\/\/mateuszmrozowski.pl\/sklep\/wp-content\/uploads\/2025\/05\/nagranie-neuroprzywodca.png","contentUrl":"https:\/\/mateuszmrozowski.pl\/sklep\/wp-content\/uploads\/2025\/05\/nagranie-neuroprzywodca.png","width":1080,"height":1080},{"@type":"BreadcrumbList","@id":"https:\/\/mateuszmrozowski.pl\/sklep\/produkt\/konferencja-neuroprzywodca-pakiet-promocyjny\/#breadcrumb","itemListElement":[{"@type":"ListItem","position":1,"name":"Strona g\u0142\u00f3wna","item":"https:\/\/mateuszmrozowski.pl\/sklep\/"},{"@type":"ListItem","position":2,"name":"Szkolenia biznesowe i kursy sprzeda\u017cowe","item":"https:\/\/mateuszmrozowski.pl\/sklep\/"},{"@type":"ListItem","position":3,"name":"Szkolenia otwarte","item":"https:\/\/mateuszmrozowski.pl\/sklep\/kategoria-produktu\/szkolenia-otwarte\/"},{"@type":"ListItem","position":4,"name":"Konferencja &#8222;NeuroPrzyw\u00f3dca&#8221; &#8211; Pakiet Promocyjny"}]},{"@type":"WebSite","@id":"https:\/\/mateuszmrozowski.pl\/sklep\/#website","url":"https:\/\/mateuszmrozowski.pl\/sklep\/","name":"Mateusz Mrozowski Trener biznesu","description":"Walcz\u0119 o wynik dla firm z kt\u00f3rymi wsp\u00f3\u0142pracuj\u0119.","publisher":{"@id":"https:\/\/mateuszmrozowski.pl\/sklep\/#organization"},"alternateName":"Mateusz Mrozowski","potentialAction":[{"@type":"SearchAction","target":{"@type":"EntryPoint","urlTemplate":"https:\/\/mateuszmrozowski.pl\/sklep\/?s={search_term_string}"},"query-input":{"@type":"PropertyValueSpecification","valueRequired":true,"valueName":"search_term_string"}}],"inLanguage":"pl-PL"},{"@type":"Organization","@id":"https:\/\/mateuszmrozowski.pl\/sklep\/#organization","name":"Mateusz Mrozowski Trener biznesu","alternateName":"Mateusz Mrozowski","url":"https:\/\/mateuszmrozowski.pl\/sklep\/","logo":{"@type":"ImageObject","inLanguage":"pl-PL","@id":"https:\/\/mateuszmrozowski.pl\/sklep\/#\/schema\/logo\/image\/","url":"https:\/\/mateuszmrozowski.pl\/sklep\/wp-content\/uploads\/2025\/03\/cropped-mateusz_mrozowski_logo.png","contentUrl":"https:\/\/mateuszmrozowski.pl\/sklep\/wp-content\/uploads\/2025\/03\/cropped-mateusz_mrozowski_logo.png","width":236,"height":59,"caption":"Mateusz Mrozowski Trener biznesu"},"image":{"@id":"https:\/\/mateuszmrozowski.pl\/sklep\/#\/schema\/logo\/image\/"},"sameAs":["https:\/\/www.facebook.com\/mateuszmrozowskisiewca","https:\/\/www.youtube.com\/channel\/UCI6FhECZ4GdL1TYU5oh5JDg","https:\/\/www.instagram.com\/mrozowski.siewca\/","https:\/\/www.linkedin.com\/in\/mateuszmrozowski\/","https:\/\/maps.app.goo.gl\/Ee8wtgr6gx2CjEM68","https:\/\/www.tiktok.com\/@mateuszmrozowskisiewca"]}]}},"_links":{"self":[{"href":"https:\/\/mateuszmrozowski.pl\/sklep\/wp-json\/wp\/v2\/product\/102869","targetHints":{"allow":["GET"]}}],"collection":[{"href":"https:\/\/mateuszmrozowski.pl\/sklep\/wp-json\/wp\/v2\/product"}],"about":[{"href":"https:\/\/mateuszmrozowski.pl\/sklep\/wp-json\/wp\/v2\/types\/product"}],"wp:featuredmedia":[{"embeddable":true,"href":"https:\/\/mateuszmrozowski.pl\/sklep\/wp-json\/wp\/v2\/media\/104192"}],"wp:attachment":[{"href":"https:\/\/mateuszmrozowski.pl\/sklep\/wp-json\/wp\/v2\/media?parent=102869"}],"wp:term":[{"taxonomy":"product_brand","embeddable":true,"href":"https:\/\/mateuszmrozowski.pl\/sklep\/wp-json\/wp\/v2\/product_brand?post=102869"},{"taxonomy":"product_cat","embeddable":true,"href":"https:\/\/mateuszmrozowski.pl\/sklep\/wp-json\/wp\/v2\/product_cat?post=102869"},{"taxonomy":"product_tag","embeddable":true,"href":"https:\/\/mateuszmrozowski.pl\/sklep\/wp-json\/wp\/v2\/product_tag?post=102869"}],"curies":[{"name":"wp","href":"https:\/\/api.w.org\/{rel}","templated":true}]}}