{"id":102413,"date":"2025-06-27T10:05:55","date_gmt":"2025-06-27T10:05:55","guid":{"rendered":"https:\/\/mateuszmrozowski.pl\/sklep\/produkt\/glow-and-grow-academy-manager-nowej-generacji-miesiac-1\/"},"modified":"2025-09-08T19:06:54","modified_gmt":"2025-09-08T19:06:54","slug":"glow-and-grow-academy-manager-nowej-generacji-miesiac-1","status":"publish","type":"product","link":"https:\/\/mateuszmrozowski.pl\/sklep\/produkt\/glow-and-grow-academy-manager-nowej-generacji-miesiac-1\/","title":{"rendered":"Glow and Grow Academy [Manager Nowej Generacji] &#8211; miesi\u0105c 1"},"content":{"rendered":"\n\n<div class=\"kk-star-ratings kksr-auto kksr-align-left kksr-valign-top kksr-disabled\"\n    data-payload='{&quot;align&quot;:&quot;left&quot;,&quot;id&quot;:&quot;102413&quot;,&quot;readonly&quot;:&quot;1&quot;,&quot;slug&quot;:&quot;default&quot;,&quot;valign&quot;:&quot;top&quot;,&quot;ignore&quot;:&quot;&quot;,&quot;reference&quot;:&quot;auto&quot;,&quot;class&quot;:&quot;&quot;,&quot;count&quot;:&quot;0&quot;,&quot;legendonly&quot;:&quot;&quot;,&quot;score&quot;:&quot;0&quot;,&quot;starsonly&quot;:&quot;&quot;,&quot;best&quot;:&quot;5&quot;,&quot;gap&quot;:&quot;5&quot;,&quot;greet&quot;:&quot;Wystaw ocen\u0119&quot;,&quot;legend&quot;:&quot;0\\\/5 - (0 ocen)&quot;,&quot;size&quot;:&quot;16&quot;,&quot;title&quot;:&quot;Glow and Grow Academy [Manager Nowej Generacji] - miesi\u0105c 1&quot;,&quot;width&quot;:&quot;0&quot;,&quot;_legend&quot;:&quot;{score}\\\/{best} - ({count} ocen)&quot;,&quot;font_factor&quot;:&quot;1.25&quot;}'>\n            \n<div class=\"kksr-stars\">\n    \n<div class=\"kksr-stars-inactive\">\n            <div class=\"kksr-star\" data-star=\"1\" style=\"padding-right: 5px\">\n            \n\n<div class=\"kksr-icon\" style=\"width: 16px; height: 16px;\"><\/div>\n        <\/div>\n            <div class=\"kksr-star\" data-star=\"2\" style=\"padding-right: 5px\">\n            \n\n<div class=\"kksr-icon\" style=\"width: 16px; height: 16px;\"><\/div>\n        <\/div>\n            <div class=\"kksr-star\" data-star=\"3\" style=\"padding-right: 5px\">\n            \n\n<div class=\"kksr-icon\" style=\"width: 16px; height: 16px;\"><\/div>\n        <\/div>\n            <div class=\"kksr-star\" data-star=\"4\" style=\"padding-right: 5px\">\n            \n\n<div class=\"kksr-icon\" style=\"width: 16px; height: 16px;\"><\/div>\n        <\/div>\n            <div class=\"kksr-star\" data-star=\"5\" style=\"padding-right: 5px\">\n            \n\n<div class=\"kksr-icon\" style=\"width: 16px; height: 16px;\"><\/div>\n        <\/div>\n    <\/div>\n    \n<div class=\"kksr-stars-active\" style=\"width: 0px;\">\n            <div class=\"kksr-star\" style=\"padding-right: 5px\">\n            \n\n<div class=\"kksr-icon\" style=\"width: 16px; height: 16px;\"><\/div>\n        <\/div>\n            <div class=\"kksr-star\" style=\"padding-right: 5px\">\n            \n\n<div class=\"kksr-icon\" style=\"width: 16px; height: 16px;\"><\/div>\n        <\/div>\n            <div class=\"kksr-star\" style=\"padding-right: 5px\">\n            \n\n<div class=\"kksr-icon\" style=\"width: 16px; height: 16px;\"><\/div>\n        <\/div>\n            <div class=\"kksr-star\" style=\"padding-right: 5px\">\n            \n\n<div class=\"kksr-icon\" style=\"width: 16px; height: 16px;\"><\/div>\n        <\/div>\n            <div class=\"kksr-star\" style=\"padding-right: 5px\">\n            \n\n<div class=\"kksr-icon\" style=\"width: 16px; height: 16px;\"><\/div>\n        <\/div>\n    <\/div>\n<\/div>\n                \n\n<div class=\"kksr-legend\" style=\"font-size: 12.8px;\">\n            <span class=\"kksr-muted\">Wystaw ocen\u0119<\/span>\n    <\/div>\n    <\/div>\n<p data-start=\"96\" data-end=\"174\"><strong data-start=\"96\" data-end=\"172\">Akademia Managera Nowej Generacji \u2013 4-Miesi\u0119czny Program Rozwoju Lider\u00f3w<\/strong><\/p>\n<p data-start=\"176\" data-end=\"483\">Wejd\u017a na poziom zarz\u0105dzania, o jakim marzysz \u2013 profesjonalnie, \u015bwiadomie, nowocze\u015bnie. <strong data-start=\"263\" data-end=\"300\">Akademia Managera Nowej Generacji<\/strong> to kompleksowy, czteromiesi\u0119czny program online stworzony z my\u015bl\u0105 o ambitnych liderach, kt\u00f3rzy chc\u0105 nie tylko budowa\u0107 skuteczne zespo\u0142y, lecz tak\u017ce inspirowa\u0107 i przewodzi\u0107 z pasj\u0105.<\/p>\n<p data-start=\"485\" data-end=\"745\">Ten unikalny kurs wideo zosta\u0142 zaprojektowany przez <strong data-start=\"537\" data-end=\"562\">Mateusza Mrozowskiego<\/strong> \u2013 praktyka, trenera biznesu i stratega sprzeda\u017cy, kt\u00f3ry na bazie wieloletnich do\u015bwiadcze\u0144 przygotowa\u0142 przyst\u0119pne, krok po kroku om\u00f3wione metody i narz\u0119dzia skutecznego przyw\u00f3dztwa.<\/p>\n<p data-start=\"747\" data-end=\"785\">Podczas Akademii nauczysz si\u0119 m.in.:<\/p>\n<p data-start=\"787\" data-end=\"1014\">\u2705 <strong data-start=\"789\" data-end=\"852\">Jak \u0142\u0105czy\u0107 klasyczne i wsp\u00f3\u0142czesne podej\u015bcia do przyw\u00f3dztwa<\/strong> \u2013 poznasz model Maxa Webera, dzi\u0119ki kt\u00f3remu zrozumiesz fundamenty skutecznej organizacji, oraz dowiesz si\u0119, jak wykorzysta\u0107 je w realiach nowoczesnego biznesu.<\/p>\n<p data-start=\"1016\" data-end=\"1211\">\u2705 <strong data-start=\"1018\" data-end=\"1079\">Jak dzia\u0142a psychologia t\u0142umu i jak j\u0105 stosowa\u0107 w praktyce<\/strong> \u2013 na podstawie teorii Gustave\u2019a Le Bona nauczysz si\u0119, w jaki spos\u00f3b emocje grupy wp\u0142ywaj\u0105 na decyzje zespo\u0142u i jak nimi kierowa\u0107.<\/p>\n<p data-start=\"1213\" data-end=\"1392\">\u2705 <strong data-start=\"1215\" data-end=\"1268\">Technologia zarz\u0105dzania organizacj\u0105 (cz\u0119\u015b\u0107 1 i 2)<\/strong> \u2013 poznasz sprawdzone metody budowania struktury, optymalizowania proces\u00f3w i delegowania zada\u0144 w spos\u00f3b jasny i mierzalny.<\/p>\n<p data-start=\"1394\" data-end=\"1574\">\u2705 <strong data-start=\"1396\" data-end=\"1444\">Indywidualna diagnoza potencja\u0142u pracownik\u00f3w<\/strong> \u2013 dowiesz si\u0119, jak odkrywa\u0107 mocne strony ludzi w Twoim zespole i przydziela\u0107 im role zgodnie z ich naturalnymi predyspozycjami.<\/p>\n<p data-start=\"1576\" data-end=\"1768\">\u2705 <strong data-start=\"1578\" data-end=\"1621\">Kontraktowanie cel\u00f3w i ich egzekwowanie<\/strong> \u2013 nauczysz si\u0119 formu\u0142owa\u0107 cele, kt\u00f3re inspiruj\u0105 i jednocze\u015bnie wymagaj\u0105 odpowiedzialno\u015bci, a tak\u017ce jak konsekwentnie monitorowa\u0107 ich realizacj\u0119.<\/p>\n<p data-start=\"1770\" data-end=\"1929\">\u2705 <strong data-start=\"1772\" data-end=\"1795\">Motywowanie zespo\u0142u<\/strong> \u2013 od teorii do praktyki \u2013 przejdziesz przez narz\u0119dzia, kt\u00f3re pozwol\u0105 Ci rozbudza\u0107 zaanga\u017cowanie i minimalizowa\u0107 wypalenie zawodowe.<\/p>\n<p data-start=\"1931\" data-end=\"2081\">\u2705 <strong data-start=\"1933\" data-end=\"1969\">Rozpoznawanie pragnie\u0144 w zespole<\/strong> \u2013 dowiesz si\u0119, jak identyfikowa\u0107 g\u0142\u0119bokie potrzeby wsp\u00f3\u0142pracownik\u00f3w i wykorzysta\u0107 je jako motor do dzia\u0142ania.<\/p>\n<p data-start=\"2083\" data-end=\"2226\">\u2705 <strong data-start=\"2085\" data-end=\"2129\">Dysfunkcje zespo\u0142owe i eliminacja barier<\/strong> \u2013 poznasz strategie diagnozowania i przezwyci\u0119\u017cania problem\u00f3w, kt\u00f3re hamuj\u0105 efektywno\u015b\u0107 grupy.<\/p>\n<p data-start=\"2228\" data-end=\"2375\">\u2705 <strong data-start=\"2230\" data-end=\"2278\">Budowanie zaufania i zarz\u0105dzanie konfliktami<\/strong> \u2013 nauczysz si\u0119, jak budowa\u0107 kultur\u0119 otwartej komunikacji i jak reagowa\u0107 w trudnych sytuacjach.<\/p>\n<p data-start=\"2377\" data-end=\"2518\">\u2705 <strong data-start=\"2379\" data-end=\"2420\">Analiza zespo\u0142u jako klucz do sukcesu<\/strong> \u2013 zrozumiesz, jak \u015bwiadomie rozwija\u0107 potencja\u0142 ludzi i jak przek\u0142ada\u0107 to na wyniki organizacji.<\/p>\n<p data-start=\"2520\" data-end=\"2627\">\u2705 <strong data-start=\"2522\" data-end=\"2555\">Odkrywanie talent\u00f3w w zespole<\/strong> \u2013 dowiesz si\u0119, jak wy\u0142awia\u0107 przysz\u0142ych lider\u00f3w i wspiera\u0107 ich rozw\u00f3j.<\/p>\n<p data-start=\"2629\" data-end=\"3081\">\u2705 <strong data-start=\"2631\" data-end=\"2682\">Sytuacyjne przyw\u00f3dztwo wg Blancharda (4 modu\u0142y)<\/strong> \u2013 poznasz i prze\u0107wiczysz cztery filary skutecznego kierowania zespo\u0142em w zale\u017cno\u015bci od poziomu dojrza\u0142o\u015bci wsp\u00f3\u0142pracownik\u00f3w:<\/p>\n<p data-start=\"3083\" data-end=\"3394\">\ud83c\udf93 <strong data-start=\"3086\" data-end=\"3112\">Dodatkowo w programie:<\/strong><br data-start=\"3112\" data-end=\"3115\" \/>\u2022 Dost\u0119p do nagranych lekcji wideo \u2013 mo\u017cesz wraca\u0107 do materia\u0142\u00f3w w dowolnym czasie.<br data-start=\"3198\" data-end=\"3201\" \/>\u2022 Praktyczne materia\u0142y do pobrania.<\/p>\n<hr data-start=\"3396\" data-end=\"3399\" \/>\n<p data-start=\"3401\" data-end=\"3633\"><strong data-start=\"3401\" data-end=\"3431\">Dla kogo jest ta Akademia?<\/strong><br data-start=\"3431\" data-end=\"3434\" \/>Dla obecnych i przysz\u0142ych manager\u00f3w, lider\u00f3w zespo\u0142\u00f3w sprzeda\u017cowych, w\u0142a\u015bcicieli firm oraz wszystkich, kt\u00f3rzy chc\u0105 \u015bwiadomie budowa\u0107 nowoczesne przyw\u00f3dztwo oparte na wiedzy, empatii i skuteczno\u015bci.<\/p>\n<hr data-start=\"3635\" data-end=\"3638\" \/>\n<p data-start=\"3640\" data-end=\"3946\"><strong data-start=\"3640\" data-end=\"3655\">Co zyskasz?<\/strong><br data-start=\"3655\" data-end=\"3658\" \/>\u2714 Kompleksow\u0105 wiedz\u0119 z zakresu zarz\u0105dzania i przyw\u00f3dztwa.<br data-start=\"3715\" data-end=\"3718\" \/>\u2714 Narz\u0119dzia do budowania i prowadzenia zespo\u0142u w dowolnej bran\u017cy.<br data-start=\"3783\" data-end=\"3786\" \/>\u2714 Umiej\u0119tno\u015b\u0107 diagnozowania potencja\u0142u i motywacji pracownik\u00f3w.<br data-start=\"3849\" data-end=\"3852\" \/>\u2714 Gotowe scenariusze reagowania na konflikty i dysfunkcje.<br data-start=\"3910\" data-end=\"3913\" \/>\u2714 Pewno\u015b\u0107 siebie w roli lidera.<\/p>\n<hr data-start=\"3948\" data-end=\"3951\" \/>\n<p data-start=\"3953\" data-end=\"4099\"><strong data-start=\"3953\" data-end=\"4025\">Zainwestuj w swoje kompetencje i sta\u0144 si\u0119 Managerem Nowej Generacji!<\/strong><br data-start=\"4025\" data-end=\"4028\" \/>Kliknij <em data-start=\"4036\" data-end=\"4054\">Dodaj do koszyka<\/em> i rozpocznij swoj\u0105 transformacj\u0119 ju\u017c dzi\u015b.<\/p>\n","protected":false},"excerpt":{"rendered":"<p>Akademia Managera Nowej Generacji \u2013 4-Miesi\u0119czny Program Rozwoju Lider\u00f3w Wejd\u017a na poziom zarz\u0105dzania, o jakim marzysz \u2013 profesjonalnie, \u015bwiadomie, nowocze\u015bnie. Akademia Managera Nowej Generacji to kompleksowy, czteromiesi\u0119czny program online stworzony z my\u015bl\u0105 o ambitnych liderach, kt\u00f3rzy chc\u0105 nie tylko budowa\u0107 skuteczne zespo\u0142y, lecz tak\u017ce inspirowa\u0107 i przewodzi\u0107 z pasj\u0105. Ten unikalny kurs wideo zosta\u0142 zaprojektowany [&hellip;]<\/p>\n","protected":false},"featured_media":102410,"template":"","meta":{"_acf_changed":false,"content-type":""},"product_brand":[],"product_cat":[130],"product_tag":[121,122],"class_list":{"0":"post-102413","1":"product","2":"type-product","3":"status-publish","4":"has-post-thumbnail","6":"product_cat-akademie-firmowe","7":"product_tag-glowandgrow","8":"product_tag-managerski","10":"first","11":"outofstock","12":"virtual","13":"sold-individually","14":"taxable","15":"purchasable","16":"product-type-simple"},"acf":[],"yoast_head":"<!-- This site is optimized with the Yoast SEO plugin v27.1.1 - https:\/\/yoast.com\/product\/yoast-seo-wordpress\/ -->\n<title>Glow and Grow Academy [Manager Nowej Generacji] - miesi\u0105c 1 - Mateusz Mrozowski Trener Biznesu<\/title>\n<meta name=\"robots\" content=\"noindex, nofollow\" \/>\n<meta property=\"og:locale\" content=\"pl_PL\" \/>\n<meta property=\"og:type\" content=\"article\" \/>\n<meta property=\"og:title\" content=\"Glow and Grow Academy [Manager Nowej Generacji] - miesi\u0105c 1 - Mateusz Mrozowski Trener Biznesu\" \/>\n<meta property=\"og:description\" content=\"Akademia Managera Nowej Generacji \u2013 4-Miesi\u0119czny Program Rozwoju Lider\u00f3w Wejd\u017a na poziom zarz\u0105dzania, o jakim marzysz \u2013 profesjonalnie, \u015bwiadomie, nowocze\u015bnie. Akademia Managera Nowej Generacji to kompleksowy, czteromiesi\u0119czny program online stworzony z my\u015bl\u0105 o ambitnych liderach, kt\u00f3rzy chc\u0105 nie tylko budowa\u0107 skuteczne zespo\u0142y, lecz tak\u017ce inspirowa\u0107 i przewodzi\u0107 z pasj\u0105. Ten unikalny kurs wideo zosta\u0142 zaprojektowany [&hellip;]\" \/>\n<meta property=\"og:url\" content=\"https:\/\/mateuszmrozowski.pl\/sklep\/produkt\/glow-and-grow-academy-manager-nowej-generacji-miesiac-1\/\" \/>\n<meta property=\"og:site_name\" content=\"Mateusz Mrozowski Trener Biznesu\" \/>\n<meta property=\"article:publisher\" content=\"https:\/\/www.facebook.com\/mateuszmrozowskisiewca\" \/>\n<meta property=\"article:modified_time\" content=\"2025-09-08T19:06:54+00:00\" \/>\n<meta property=\"og:image\" content=\"https:\/\/mateuszmrozowski.pl\/sklep\/wp-content\/uploads\/2025\/06\/manager-glowgrow.png\" \/>\n\t<meta property=\"og:image:width\" content=\"1080\" \/>\n\t<meta property=\"og:image:height\" content=\"1080\" \/>\n\t<meta property=\"og:image:type\" content=\"image\/png\" \/>\n<meta name=\"twitter:card\" content=\"summary_large_image\" \/>\n<meta name=\"twitter:label1\" content=\"Szacowany czas czytania\" \/>\n\t<meta name=\"twitter:data1\" content=\"3 minuty\" \/>\n<script type=\"application\/ld+json\" class=\"yoast-schema-graph\">{\"@context\":\"https:\/\/schema.org\",\"@graph\":[{\"@type\":\"WebPage\",\"@id\":\"https:\/\/mateuszmrozowski.pl\/sklep\/produkt\/glow-and-grow-academy-manager-nowej-generacji-miesiac-1\/\",\"url\":\"https:\/\/mateuszmrozowski.pl\/sklep\/produkt\/glow-and-grow-academy-manager-nowej-generacji-miesiac-1\/\",\"name\":\"Glow and Grow Academy [Manager Nowej Generacji] - miesi\u0105c 1 - Mateusz Mrozowski Trener Biznesu\",\"isPartOf\":{\"@id\":\"https:\/\/mateuszmrozowski.pl\/sklep\/#website\"},\"primaryImageOfPage\":{\"@id\":\"https:\/\/mateuszmrozowski.pl\/sklep\/produkt\/glow-and-grow-academy-manager-nowej-generacji-miesiac-1\/#primaryimage\"},\"image\":{\"@id\":\"https:\/\/mateuszmrozowski.pl\/sklep\/produkt\/glow-and-grow-academy-manager-nowej-generacji-miesiac-1\/#primaryimage\"},\"thumbnailUrl\":\"https:\/\/mateuszmrozowski.pl\/sklep\/wp-content\/uploads\/2025\/06\/manager-glowgrow.png\",\"datePublished\":\"2025-06-27T10:05:55+00:00\",\"dateModified\":\"2025-09-08T19:06:54+00:00\",\"breadcrumb\":{\"@id\":\"https:\/\/mateuszmrozowski.pl\/sklep\/produkt\/glow-and-grow-academy-manager-nowej-generacji-miesiac-1\/#breadcrumb\"},\"inLanguage\":\"pl-PL\",\"potentialAction\":[{\"@type\":\"ReadAction\",\"target\":[\"https:\/\/mateuszmrozowski.pl\/sklep\/produkt\/glow-and-grow-academy-manager-nowej-generacji-miesiac-1\/\"]}]},{\"@type\":\"ImageObject\",\"inLanguage\":\"pl-PL\",\"@id\":\"https:\/\/mateuszmrozowski.pl\/sklep\/produkt\/glow-and-grow-academy-manager-nowej-generacji-miesiac-1\/#primaryimage\",\"url\":\"https:\/\/mateuszmrozowski.pl\/sklep\/wp-content\/uploads\/2025\/06\/manager-glowgrow.png\",\"contentUrl\":\"https:\/\/mateuszmrozowski.pl\/sklep\/wp-content\/uploads\/2025\/06\/manager-glowgrow.png\",\"width\":1080,\"height\":1080},{\"@type\":\"BreadcrumbList\",\"@id\":\"https:\/\/mateuszmrozowski.pl\/sklep\/produkt\/glow-and-grow-academy-manager-nowej-generacji-miesiac-1\/#breadcrumb\",\"itemListElement\":[{\"@type\":\"ListItem\",\"position\":1,\"name\":\"Strona g\u0142\u00f3wna\",\"item\":\"https:\/\/mateuszmrozowski.pl\/sklep\/\"},{\"@type\":\"ListItem\",\"position\":2,\"name\":\"Szkolenia biznesowe i kursy sprzeda\u017cowe\",\"item\":\"https:\/\/mateuszmrozowski.pl\/sklep\/\"},{\"@type\":\"ListItem\",\"position\":3,\"name\":\"Akademie\",\"item\":\"https:\/\/mateuszmrozowski.pl\/sklep\/kategoria-produktu\/akademie\/\"},{\"@type\":\"ListItem\",\"position\":4,\"name\":\"Glow and Grow Academy [Manager Nowej Generacji] &#8211; miesi\u0105c 1\"}]},{\"@type\":\"WebSite\",\"@id\":\"https:\/\/mateuszmrozowski.pl\/sklep\/#website\",\"url\":\"https:\/\/mateuszmrozowski.pl\/sklep\/\",\"name\":\"Mateusz Mrozowski Trener biznesu\",\"description\":\"Walcz\u0119 o wynik dla firm z kt\u00f3rymi wsp\u00f3\u0142pracuj\u0119.\",\"publisher\":{\"@id\":\"https:\/\/mateuszmrozowski.pl\/sklep\/#organization\"},\"alternateName\":\"Mateusz Mrozowski\",\"potentialAction\":[{\"@type\":\"SearchAction\",\"target\":{\"@type\":\"EntryPoint\",\"urlTemplate\":\"https:\/\/mateuszmrozowski.pl\/sklep\/?s={search_term_string}\"},\"query-input\":{\"@type\":\"PropertyValueSpecification\",\"valueRequired\":true,\"valueName\":\"search_term_string\"}}],\"inLanguage\":\"pl-PL\"},{\"@type\":\"Organization\",\"@id\":\"https:\/\/mateuszmrozowski.pl\/sklep\/#organization\",\"name\":\"Mateusz Mrozowski Trener biznesu\",\"alternateName\":\"Mateusz Mrozowski\",\"url\":\"https:\/\/mateuszmrozowski.pl\/sklep\/\",\"logo\":{\"@type\":\"ImageObject\",\"inLanguage\":\"pl-PL\",\"@id\":\"https:\/\/mateuszmrozowski.pl\/sklep\/#\/schema\/logo\/image\/\",\"url\":\"https:\/\/mateuszmrozowski.pl\/sklep\/wp-content\/uploads\/2025\/03\/cropped-mateusz_mrozowski_logo.png\",\"contentUrl\":\"https:\/\/mateuszmrozowski.pl\/sklep\/wp-content\/uploads\/2025\/03\/cropped-mateusz_mrozowski_logo.png\",\"width\":236,\"height\":59,\"caption\":\"Mateusz Mrozowski Trener biznesu\"},\"image\":{\"@id\":\"https:\/\/mateuszmrozowski.pl\/sklep\/#\/schema\/logo\/image\/\"},\"sameAs\":[\"https:\/\/www.facebook.com\/mateuszmrozowskisiewca\",\"https:\/\/www.youtube.com\/channel\/UCI6FhECZ4GdL1TYU5oh5JDg\",\"https:\/\/www.instagram.com\/mrozowski.siewca\/\",\"https:\/\/www.linkedin.com\/in\/mateuszmrozowski\/\",\"https:\/\/maps.app.goo.gl\/Ee8wtgr6gx2CjEM68\",\"https:\/\/www.tiktok.com\/@mateuszmrozowskisiewca\"]}]}<\/script>\n<!-- \/ Yoast SEO plugin. -->","yoast_head_json":{"title":"Glow and Grow Academy [Manager Nowej Generacji] - miesi\u0105c 1 - Mateusz Mrozowski Trener Biznesu","robots":{"index":"noindex","follow":"nofollow"},"og_locale":"pl_PL","og_type":"article","og_title":"Glow and Grow Academy [Manager Nowej Generacji] - miesi\u0105c 1 - Mateusz Mrozowski Trener Biznesu","og_description":"Akademia Managera Nowej Generacji \u2013 4-Miesi\u0119czny Program Rozwoju Lider\u00f3w Wejd\u017a na poziom zarz\u0105dzania, o jakim marzysz \u2013 profesjonalnie, \u015bwiadomie, nowocze\u015bnie. Akademia Managera Nowej Generacji to kompleksowy, czteromiesi\u0119czny program online stworzony z my\u015bl\u0105 o ambitnych liderach, kt\u00f3rzy chc\u0105 nie tylko budowa\u0107 skuteczne zespo\u0142y, lecz tak\u017ce inspirowa\u0107 i przewodzi\u0107 z pasj\u0105. Ten unikalny kurs wideo zosta\u0142 zaprojektowany [&hellip;]","og_url":"https:\/\/mateuszmrozowski.pl\/sklep\/produkt\/glow-and-grow-academy-manager-nowej-generacji-miesiac-1\/","og_site_name":"Mateusz Mrozowski Trener Biznesu","article_publisher":"https:\/\/www.facebook.com\/mateuszmrozowskisiewca","article_modified_time":"2025-09-08T19:06:54+00:00","og_image":[{"width":1080,"height":1080,"url":"https:\/\/mateuszmrozowski.pl\/sklep\/wp-content\/uploads\/2025\/06\/manager-glowgrow.png","type":"image\/png"}],"twitter_card":"summary_large_image","twitter_misc":{"Szacowany czas czytania":"3 minuty"},"schema":{"@context":"https:\/\/schema.org","@graph":[{"@type":"WebPage","@id":"https:\/\/mateuszmrozowski.pl\/sklep\/produkt\/glow-and-grow-academy-manager-nowej-generacji-miesiac-1\/","url":"https:\/\/mateuszmrozowski.pl\/sklep\/produkt\/glow-and-grow-academy-manager-nowej-generacji-miesiac-1\/","name":"Glow and Grow Academy [Manager Nowej Generacji] - miesi\u0105c 1 - Mateusz Mrozowski Trener Biznesu","isPartOf":{"@id":"https:\/\/mateuszmrozowski.pl\/sklep\/#website"},"primaryImageOfPage":{"@id":"https:\/\/mateuszmrozowski.pl\/sklep\/produkt\/glow-and-grow-academy-manager-nowej-generacji-miesiac-1\/#primaryimage"},"image":{"@id":"https:\/\/mateuszmrozowski.pl\/sklep\/produkt\/glow-and-grow-academy-manager-nowej-generacji-miesiac-1\/#primaryimage"},"thumbnailUrl":"https:\/\/mateuszmrozowski.pl\/sklep\/wp-content\/uploads\/2025\/06\/manager-glowgrow.png","datePublished":"2025-06-27T10:05:55+00:00","dateModified":"2025-09-08T19:06:54+00:00","breadcrumb":{"@id":"https:\/\/mateuszmrozowski.pl\/sklep\/produkt\/glow-and-grow-academy-manager-nowej-generacji-miesiac-1\/#breadcrumb"},"inLanguage":"pl-PL","potentialAction":[{"@type":"ReadAction","target":["https:\/\/mateuszmrozowski.pl\/sklep\/produkt\/glow-and-grow-academy-manager-nowej-generacji-miesiac-1\/"]}]},{"@type":"ImageObject","inLanguage":"pl-PL","@id":"https:\/\/mateuszmrozowski.pl\/sklep\/produkt\/glow-and-grow-academy-manager-nowej-generacji-miesiac-1\/#primaryimage","url":"https:\/\/mateuszmrozowski.pl\/sklep\/wp-content\/uploads\/2025\/06\/manager-glowgrow.png","contentUrl":"https:\/\/mateuszmrozowski.pl\/sklep\/wp-content\/uploads\/2025\/06\/manager-glowgrow.png","width":1080,"height":1080},{"@type":"BreadcrumbList","@id":"https:\/\/mateuszmrozowski.pl\/sklep\/produkt\/glow-and-grow-academy-manager-nowej-generacji-miesiac-1\/#breadcrumb","itemListElement":[{"@type":"ListItem","position":1,"name":"Strona g\u0142\u00f3wna","item":"https:\/\/mateuszmrozowski.pl\/sklep\/"},{"@type":"ListItem","position":2,"name":"Szkolenia biznesowe i kursy sprzeda\u017cowe","item":"https:\/\/mateuszmrozowski.pl\/sklep\/"},{"@type":"ListItem","position":3,"name":"Akademie","item":"https:\/\/mateuszmrozowski.pl\/sklep\/kategoria-produktu\/akademie\/"},{"@type":"ListItem","position":4,"name":"Glow and Grow Academy [Manager Nowej Generacji] &#8211; miesi\u0105c 1"}]},{"@type":"WebSite","@id":"https:\/\/mateuszmrozowski.pl\/sklep\/#website","url":"https:\/\/mateuszmrozowski.pl\/sklep\/","name":"Mateusz Mrozowski Trener biznesu","description":"Walcz\u0119 o wynik dla firm z kt\u00f3rymi wsp\u00f3\u0142pracuj\u0119.","publisher":{"@id":"https:\/\/mateuszmrozowski.pl\/sklep\/#organization"},"alternateName":"Mateusz Mrozowski","potentialAction":[{"@type":"SearchAction","target":{"@type":"EntryPoint","urlTemplate":"https:\/\/mateuszmrozowski.pl\/sklep\/?s={search_term_string}"},"query-input":{"@type":"PropertyValueSpecification","valueRequired":true,"valueName":"search_term_string"}}],"inLanguage":"pl-PL"},{"@type":"Organization","@id":"https:\/\/mateuszmrozowski.pl\/sklep\/#organization","name":"Mateusz Mrozowski Trener biznesu","alternateName":"Mateusz Mrozowski","url":"https:\/\/mateuszmrozowski.pl\/sklep\/","logo":{"@type":"ImageObject","inLanguage":"pl-PL","@id":"https:\/\/mateuszmrozowski.pl\/sklep\/#\/schema\/logo\/image\/","url":"https:\/\/mateuszmrozowski.pl\/sklep\/wp-content\/uploads\/2025\/03\/cropped-mateusz_mrozowski_logo.png","contentUrl":"https:\/\/mateuszmrozowski.pl\/sklep\/wp-content\/uploads\/2025\/03\/cropped-mateusz_mrozowski_logo.png","width":236,"height":59,"caption":"Mateusz Mrozowski Trener biznesu"},"image":{"@id":"https:\/\/mateuszmrozowski.pl\/sklep\/#\/schema\/logo\/image\/"},"sameAs":["https:\/\/www.facebook.com\/mateuszmrozowskisiewca","https:\/\/www.youtube.com\/channel\/UCI6FhECZ4GdL1TYU5oh5JDg","https:\/\/www.instagram.com\/mrozowski.siewca\/","https:\/\/www.linkedin.com\/in\/mateuszmrozowski\/","https:\/\/maps.app.goo.gl\/Ee8wtgr6gx2CjEM68","https:\/\/www.tiktok.com\/@mateuszmrozowskisiewca"]}]}},"_links":{"self":[{"href":"https:\/\/mateuszmrozowski.pl\/sklep\/wp-json\/wp\/v2\/product\/102413","targetHints":{"allow":["GET"]}}],"collection":[{"href":"https:\/\/mateuszmrozowski.pl\/sklep\/wp-json\/wp\/v2\/product"}],"about":[{"href":"https:\/\/mateuszmrozowski.pl\/sklep\/wp-json\/wp\/v2\/types\/product"}],"wp:featuredmedia":[{"embeddable":true,"href":"https:\/\/mateuszmrozowski.pl\/sklep\/wp-json\/wp\/v2\/media\/102410"}],"wp:attachment":[{"href":"https:\/\/mateuszmrozowski.pl\/sklep\/wp-json\/wp\/v2\/media?parent=102413"}],"wp:term":[{"taxonomy":"product_brand","embeddable":true,"href":"https:\/\/mateuszmrozowski.pl\/sklep\/wp-json\/wp\/v2\/product_brand?post=102413"},{"taxonomy":"product_cat","embeddable":true,"href":"https:\/\/mateuszmrozowski.pl\/sklep\/wp-json\/wp\/v2\/product_cat?post=102413"},{"taxonomy":"product_tag","embeddable":true,"href":"https:\/\/mateuszmrozowski.pl\/sklep\/wp-json\/wp\/v2\/product_tag?post=102413"}],"curies":[{"name":"wp","href":"https:\/\/api.w.org\/{rel}","templated":true}]}}